{"id":4325,"date":"2025-09-29T10:31:24","date_gmt":"2025-09-29T08:31:24","guid":{"rendered":"https:\/\/www.teatregoya.cat\/ex\/trenant-veus\/"},"modified":"2025-10-24T11:43:10","modified_gmt":"2025-10-24T09:43:10","slug":"trenant-veus","status":"publish","type":"ex","link":"https:\/\/www.teatregoya.cat\/es\/ex\/trenant-veus\/","title":{"rendered":"TRENANT VEUS"},"content":{"rendered":"","protected":false},"excerpt":{"rendered":"","protected":false},"author":2,"featured_media":0,"comment_status":"closed","ping_status":"closed","template":"","class_list":["post-4325","ex","type-ex","status-publish","hentry","season-2025-26"],"acf":{"txt_synopsis":"<p><strong>Una propuesta art\u00edstica \u00fanica inspirada en la obra La Trena, dirigida por Clara Segura y Vero Cendoya, con una lectura dramatizada de fragmentos realizada por las actrices de la obra.<\/strong> <\/p>\r\n<p>Una aproximaci\u00f3n al espect\u00e1culo de La Trena en forma de lectura dramatizada, con danza y m\u00fasica cl\u00e1sica india interpretada en vivo por la Dra. Rajnandini y danza contempor\u00e1nea dirigida por Vero Cendoya.<br \/><\/p>","main_buy_link":"https:\/\/tickets.oneboxtds.com\/teatregoya\/events\/48698?hl=es-ES","main_buy_links":"[\"https:\/\/tickets.oneboxtds.com\/teatregoya\/events\/48698?hl=es-ES\"]","group_buy_link":"","show_language":"Espect\u00e1culo en catal\u00e1n","show_duration":"80","show_start_date":"20251117000000","show_end_date":"20251117000000","show_sort_date":"20251117000000","txt_custom_show_dates":"el 17 de noviembre de 2025 ","show_disciplines":"11","show_ultimes_funcions":false,"hide_tarifes_especials":true,"show_properament":false,"txt_additional_info":"Recomendado a partir de 12 a\u00f1os","txt_present":"","show_season":[104],"txt_season":"[\"2025\/26\"]","txt_cycle":"","txt_claim":"<p><strong>Una propuesta art\u00edstica \u00fanica inspirada en la obra La Trena, dirigida por Clara Segura, con una lectura dramatizada de fragmentos realizada por las actrices de la obra.<\/strong> <\/p>\r\n<p>Una aproximaci\u00f3n al espect\u00e1culo de La Trena en forma de lectura dramatizada, con danza y m\u00fasica cl\u00e1sica india interpretada en vivo por la Dra. Rajnandini y danza contempor\u00e1nea dirigida por Vero Cendoya..<\/p>","txt_cast_excerpt":"","txt_cast":"T\u00edtulo original: <strong>La Trena (La Tresse)<\/strong><br \/>Autor\u00eda: <strong>Laetitia Colombani<\/strong><br \/>Traducci\u00f3n y dramaturgia: <strong>Cristina Genebat y Marta Marco<br \/><\/strong>Direcci\u00f3n: <strong>Vero Cendoya<br \/><\/strong><br \/>Int\u00e9rpretes: <strong>Marta Marco, Cristina Genebat, Aida Oset y Clara Segura<br \/><br \/><\/strong>Bailarina: <strong>Maria Aran Vazquez i Casanovas<\/strong><br \/>Cantante: <strong>Dra. Rajnandini<\/strong><br \/>M\u00fasicos: <strong>Mistry Rohitbhai Gulabbhai y Guillermo Rizzotto Volkart<\/strong><strong><br \/><br \/><\/strong>Direcci\u00f3n de producci\u00f3n: <strong>Andreu Gusi<\/strong><br \/><br \/>Jefe t\u00e9cnico del teatro: <strong>Roger Mu\u00f1oz<br \/><\/strong><br \/>Marketing y comunicaci\u00f3n: <strong>Focus<br \/><\/strong>Dise\u00f1o de imagen: <strong>Lena<\/strong><br \/>Dise\u00f1o gr\u00e1fico: <strong>Lena<\/strong><br \/><br \/>Colaboradores:<strong> Es un evento solidario liderado por ADA Mon Adivassi con la colaboraci\u00f3n de La Perla y Focus<br \/><br \/><\/strong>Agradecimientos: <strong>Teatre Goya, Focus, La Perla, Vero Cendoya y Doctora Rajnandini<br \/><\/strong><br \/>Es una coproducci\u00f3n del <strong>Teatre Goya con La Perla y la Fundaci\u00f3 ADA Mon Adivassi<br \/><\/strong>","txt_reviews":"","hashtag":"TrenantVeus","have_promo":"","slogan":"","id_exhibicio":2343,"id_versio":1832,"id_local":35,"txt_seo_desc":"","data_images":"[{\"localizer\":\"V4PORTADA\",\"url\":\"media\/ver\/port\/v4\/3170D\/01_090_00059309\/2-Portada_1_760x760hermafrodite.jpg\",\"thumb_url\":\"\",\"title\":\"Trenant veus - Teatre Goya\",\"description\":\"trenant veus al teatre goya\",\"copyright\":\"\",\"order\":4},{\"localizer\":\"V4PORTADAWIDE\",\"url\":\"media\/ver\/port\/wide\/v4\/3170D\/01_091_00059318\/1-Portada_0_2880x1260hermafrodite.jpg\",\"thumb_url\":\"\",\"title\":\"Trenant veus - Teatre Goya\",\"description\":\"trenant veus al teatre goya\",\"copyright\":\"\",\"order\":6},{\"localizer\":\"V4PORTADAWIDEMOBILE\",\"url\":\"media\/ver\/port\/wide\/mobile\/v4\/3170D\/01_092_00059319\/3-Portada_Mobile_828x1800hermafrodite.jpg\",\"thumb_url\":\"\",\"title\":\"Trenant veus - Teatre Goya\",\"description\":\"trenant veus al teatre goya\",\"copyright\":\"\",\"order\":7},{\"localizer\":\"V4CARTELL\",\"url\":\"media\/ver\/cartell\/v4\/3170E\/01_089_00059337\/4-Cartell_web_720x1100hermafrodite.jpg\",\"thumb_url\":\"\",\"title\":\"Trenant veus - Teatre Goya\",\"description\":\"trenant veus al teatre goya\",\"copyright\":\"\",\"order\":8},{\"localizer\":\"V3CARTELL\",\"url\":\"media\/ver\/cartell\/v3\/3170E\/01_085_00059338\/5-Cartell_web_Focus_722x1030hermafrodite.jpg\",\"thumb_url\":\"media\/ver\/cartell\/v3\/3170E\/01_085_00059338\/5-Cartell_web_Focus_722x1030hermafrodite_thumb.jpg\",\"title\":\"Trenant veus - Teatre Goya\",\"description\":\"trenant veus al teatre goya\",\"copyright\":\"\",\"order\":9}]","material__texto_intro":"","data_material":null,"data_gallery":"","data_discounts":"[]","contract_is_open":false,"in_tour":false},"yoast_head":"<!-- This site is optimized with the Yoast SEO plugin v27.4 - https:\/\/yoast.com\/product\/yoast-seo-wordpress\/ -->\n<title>TRENANT VEUS - Teatre Goya<\/title>\n<meta name=\"robots\" content=\"index, follow, max-snippet:-1, max-image-preview:large, max-video-preview:-1\" \/>\n<link rel=\"canonical\" href=\"https:\/\/www.teatregoya.cat\/es\/ex\/trenant-veus\/\" \/>\n<script type=\"application\/ld+json\" class=\"yoast-schema-graph\">{\"@context\":\"https:\\\/\\\/schema.org\",\"@graph\":[{\"@type\":\"WebPage\",\"@id\":\"https:\\\/\\\/www.teatregoya.cat\\\/es\\\/ex\\\/trenant-veus\\\/\",\"url\":\"https:\\\/\\\/www.teatregoya.cat\\\/es\\\/ex\\\/trenant-veus\\\/\",\"name\":\"TRENANT VEUS - Teatre Goya\",\"isPartOf\":{\"@id\":\"https:\\\/\\\/www.teatregoya.cat\\\/es\\\/#website\"},\"datePublished\":\"2025-09-29T08:31:24+00:00\",\"dateModified\":\"2025-10-24T09:43:10+00:00\",\"breadcrumb\":{\"@id\":\"https:\\\/\\\/www.teatregoya.cat\\\/es\\\/ex\\\/trenant-veus\\\/#breadcrumb\"},\"inLanguage\":\"es\",\"potentialAction\":[{\"@type\":\"ReadAction\",\"target\":[\"https:\\\/\\\/www.teatregoya.cat\\\/es\\\/ex\\\/trenant-veus\\\/\"]}]},{\"@type\":\"BreadcrumbList\",\"@id\":\"https:\\\/\\\/www.teatregoya.cat\\\/es\\\/ex\\\/trenant-veus\\\/#breadcrumb\",\"itemListElement\":[{\"@type\":\"ListItem\",\"position\":1,\"name\":\"Home\",\"item\":\"https:\\\/\\\/www.teatregoya.cat\\\/es\\\/\"},{\"@type\":\"ListItem\",\"position\":2,\"name\":\"Espectacles\",\"item\":\"https:\\\/\\\/www.teatregoya.cat\\\/es\\\/ex\\\/\"},{\"@type\":\"ListItem\",\"position\":3,\"name\":\"TRENANT VEUS\"}]},{\"@type\":\"WebSite\",\"@id\":\"https:\\\/\\\/www.teatregoya.cat\\\/es\\\/#website\",\"url\":\"https:\\\/\\\/www.teatregoya.cat\\\/es\\\/\",\"name\":\"Teatre Goya\",\"description\":\"\",\"publisher\":{\"@id\":\"https:\\\/\\\/www.teatregoya.cat\\\/es\\\/#organization\"},\"potentialAction\":[{\"@type\":\"SearchAction\",\"target\":{\"@type\":\"EntryPoint\",\"urlTemplate\":\"https:\\\/\\\/www.teatregoya.cat\\\/es\\\/?s={search_term_string}\"},\"query-input\":{\"@type\":\"PropertyValueSpecification\",\"valueRequired\":true,\"valueName\":\"search_term_string\"}}],\"inLanguage\":\"es\"},{\"@type\":\"Organization\",\"@id\":\"https:\\\/\\\/www.teatregoya.cat\\\/es\\\/#organization\",\"name\":\"Teatre Goya\",\"url\":\"https:\\\/\\\/www.teatregoya.cat\\\/es\\\/\",\"logo\":{\"@type\":\"ImageObject\",\"inLanguage\":\"es\",\"@id\":\"https:\\\/\\\/www.teatregoya.cat\\\/es\\\/#\\\/schema\\\/logo\\\/image\\\/\",\"url\":\"https:\\\/\\\/www.teatregoya.cat\\\/wp-content\\\/uploads\\\/sites\\\/4\\\/2017\\\/09\\\/teatre-goya-logo.svg\",\"contentUrl\":\"https:\\\/\\\/www.teatregoya.cat\\\/wp-content\\\/uploads\\\/sites\\\/4\\\/2017\\\/09\\\/teatre-goya-logo.svg\",\"width\":1,\"height\":1,\"caption\":\"Teatre Goya\"},\"image\":{\"@id\":\"https:\\\/\\\/www.teatregoya.cat\\\/es\\\/#\\\/schema\\\/logo\\\/image\\\/\"},\"sameAs\":[\"http:\\\/\\\/www.facebook.com\\\/TeatreGoya\",\"https:\\\/\\\/x.com\\\/Teatre_Goya\",\"http:\\\/\\\/instagram.com\\\/teatre_goya\",\"http:\\\/\\\/www.youtube.com\\\/user\\\/TeatreGoya\"]}]}<\/script>\n<!-- \/ Yoast SEO plugin. -->","yoast_head_json":{"title":"TRENANT VEUS - Teatre Goya","robots":{"index":"index","follow":"follow","max-snippet":"max-snippet:-1","max-image-preview":"max-image-preview:large","max-video-preview":"max-video-preview:-1"},"canonical":"https:\/\/www.teatregoya.cat\/es\/ex\/trenant-veus\/","schema":{"@context":"https:\/\/schema.org","@graph":[{"@type":"WebPage","@id":"https:\/\/www.teatregoya.cat\/es\/ex\/trenant-veus\/","url":"https:\/\/www.teatregoya.cat\/es\/ex\/trenant-veus\/","name":"TRENANT VEUS - Teatre Goya","isPartOf":{"@id":"https:\/\/www.teatregoya.cat\/es\/#website"},"datePublished":"2025-09-29T08:31:24+00:00","dateModified":"2025-10-24T09:43:10+00:00","breadcrumb":{"@id":"https:\/\/www.teatregoya.cat\/es\/ex\/trenant-veus\/#breadcrumb"},"inLanguage":"es","potentialAction":[{"@type":"ReadAction","target":["https:\/\/www.teatregoya.cat\/es\/ex\/trenant-veus\/"]}]},{"@type":"BreadcrumbList","@id":"https:\/\/www.teatregoya.cat\/es\/ex\/trenant-veus\/#breadcrumb","itemListElement":[{"@type":"ListItem","position":1,"name":"Home","item":"https:\/\/www.teatregoya.cat\/es\/"},{"@type":"ListItem","position":2,"name":"Espectacles","item":"https:\/\/www.teatregoya.cat\/es\/ex\/"},{"@type":"ListItem","position":3,"name":"TRENANT VEUS"}]},{"@type":"WebSite","@id":"https:\/\/www.teatregoya.cat\/es\/#website","url":"https:\/\/www.teatregoya.cat\/es\/","name":"Teatre Goya","description":"","publisher":{"@id":"https:\/\/www.teatregoya.cat\/es\/#organization"},"potentialAction":[{"@type":"SearchAction","target":{"@type":"EntryPoint","urlTemplate":"https:\/\/www.teatregoya.cat\/es\/?s={search_term_string}"},"query-input":{"@type":"PropertyValueSpecification","valueRequired":true,"valueName":"search_term_string"}}],"inLanguage":"es"},{"@type":"Organization","@id":"https:\/\/www.teatregoya.cat\/es\/#organization","name":"Teatre Goya","url":"https:\/\/www.teatregoya.cat\/es\/","logo":{"@type":"ImageObject","inLanguage":"es","@id":"https:\/\/www.teatregoya.cat\/es\/#\/schema\/logo\/image\/","url":"https:\/\/www.teatregoya.cat\/wp-content\/uploads\/sites\/4\/2017\/09\/teatre-goya-logo.svg","contentUrl":"https:\/\/www.teatregoya.cat\/wp-content\/uploads\/sites\/4\/2017\/09\/teatre-goya-logo.svg","width":1,"height":1,"caption":"Teatre Goya"},"image":{"@id":"https:\/\/www.teatregoya.cat\/es\/#\/schema\/logo\/image\/"},"sameAs":["http:\/\/www.facebook.com\/TeatreGoya","https:\/\/x.com\/Teatre_Goya","http:\/\/instagram.com\/teatre_goya","http:\/\/www.youtube.com\/user\/TeatreGoya"]}]}},"translations":[{"id":4324,"locale":"ca"},{"id":4325,"locale":"es"}],"_links":{"self":[{"href":"https:\/\/www.teatregoya.cat\/es\/wp-json\/wp\/v2\/ex\/4325","targetHints":{"allow":["GET"]}}],"collection":[{"href":"https:\/\/www.teatregoya.cat\/es\/wp-json\/wp\/v2\/ex"}],"about":[{"href":"https:\/\/www.teatregoya.cat\/es\/wp-json\/wp\/v2\/types\/ex"}],"author":[{"embeddable":true,"href":"https:\/\/www.teatregoya.cat\/es\/wp-json\/wp\/v2\/users\/2"}],"replies":[{"embeddable":true,"href":"https:\/\/www.teatregoya.cat\/es\/wp-json\/wp\/v2\/comments?post=4325"}],"acf:term":[{"embeddable":true,"taxonomy":"season","href":"https:\/\/www.teatregoya.cat\/es\/wp-json\/wp\/v2\/season\/104"}],"wp:attachment":[{"href":"https:\/\/www.teatregoya.cat\/es\/wp-json\/wp\/v2\/media?parent=4325"}],"curies":[{"name":"wp","href":"https:\/\/api.w.org\/{rel}","templated":true}]}}

<p><strong>Una propuesta artística única inspirada en la obra La Trena, dirigida por Clara Segura y Vero Cendoya, con una lectura dramatizada de fragmentos realizada por las actrices de la obra.</strong> </p>
<p>Una aproximación al espectáculo de La Trena en forma de lectura dramatizada, con danza y música clásica india interpretada en vivo por la Dra. Rajnandini y danza contemporánea dirigida por Vero Cendoya.<br /></p>

Espectáculo en catalán

Recomendado a partir de 12 años

<p><strong>Una propuesta artística única inspirada en la obra La Trena, dirigida por Clara Segura, con una lectura dramatizada de fragmentos realizada por las actrices de la obra.</strong> </p>
<p>Una aproximación al espectáculo de La Trena en forma de lectura dramatizada, con danza y música clásica india interpretada en vivo por la Dra. Rajnandini y danza contemporánea dirigida por Vero Cendoya..</p>

Título original: <strong>La Trena (La Tresse)</strong><br />Autoría: <strong>Laetitia Colombani</strong><br />Traducción y dramaturgia: <strong>Cristina Genebat y Marta Marco<br /></strong>Dirección: <strong>Vero Cendoya<br /></strong><br />Intérpretes: <strong>Marta Marco, Cristina Genebat, Aida Oset y Clara Segura<br /><br /></strong>Bailarina: <strong>Maria Aran Vazquez i Casanovas</strong><br />Cantante: <strong>Dra. Rajnandini</strong><br />Músicos: <strong>Mistry Rohitbhai Gulabbhai y Guillermo Rizzotto Volkart</strong><strong><br /><br /></strong>Dirección de producción: <strong>Andreu Gusi</strong><br /><br />Jefe técnico del teatro: <strong>Roger Muñoz<br /></strong><br />Marketing y comunicación: <strong>Focus<br /></strong>Diseño de imagen: <strong>Lena</strong><br />Diseño gráfico: <strong>Lena</strong><br /><br />Colaboradores:<strong> Es un evento solidario liderado por ADA Mon Adivassi con la colaboración de La Perla y Focus<br /><br /></strong>Agradecimientos: <strong>Teatre Goya, Focus, La Perla, Vero Cendoya y Doctora Rajnandini<br /></strong><br />Es una coproducción del <strong>Teatre Goya con La Perla y la Fundació ADA Mon Adivassi<br /></strong>
