{"id":4154,"date":"2025-06-13T12:12:13","date_gmt":"2025-06-13T10:12:13","guid":{"rendered":"https:\/\/www.teatregoya.cat\/ex\/le-voci-di-dante\/"},"modified":"2025-09-25T17:04:42","modified_gmt":"2025-09-25T15:04:42","slug":"le-voci-di-dante","status":"publish","type":"ex","link":"https:\/\/www.teatregoya.cat\/es\/ex\/le-voci-di-dante\/","title":{"rendered":"Le voci di Dante"},"content":{"rendered":"","protected":false},"excerpt":{"rendered":"","protected":false},"author":2,"featured_media":0,"comment_status":"closed","ping_status":"closed","template":"","class_list":["post-4154","ex","type-ex","status-publish","hentry","season-2025-26"],"acf":{"txt_synopsis":"<p><strong>Toni Servillo vuelve para recitar un cl\u00e1sico universal de la literatura italiana<\/strong><br \/><br \/><em>Le voci di Dante<\/em> es una inmersi\u00f3n esc\u00e9nica en el legado vivo de la <em>Comedia<\/em> de Dante Alighieri, filtrada a trav\u00e9s de la sensibilidad contempor\u00e1nea de Toni Servillo y la visi\u00f3n de Giuseppe Montesano. El espect\u00e1culo propone un viaje interior que actualiza la voz del poeta florentino, liber\u00e1ndola de la rigidez del canon para proyectarla sobre las inquietudes del presente. En este gran mosaico de almas \u2014Francesca, Ugolino, Ulises, el mismo Dante\u2014 se despliegan emociones atemporales: el amor, la p\u00e9rdida, el deseo, el miedo, el ansia de luz. Cada figura emerge como un espejo que refleja la condici\u00f3n humana, ahora y aqu\u00ed. <em>La Comedia<\/em> acontece as\u00ed una novela infinita, viva, un instrumento para mirarnos adentro y comprender el mundo. M\u00e1s que una lectura,<em> Le voci di Dante<\/em> es una traves\u00eda vital: un encuentro con las palabras que, siglos despu\u00e9s, todav\u00eda laten con plenitud.<br \/><\/p>","main_buy_link":"https:\/\/temporada-alta.koobin.com\/?action=PU_evento&Ev_id=6379&idioma=ES","main_buy_links":"[\"https:\/\/temporada-alta.koobin.com\/?action=PU_evento&Ev_id=6379&idioma=ES\"]","group_buy_link":"","show_language":"Espect\u00e1culo en italiano","show_duration":"75","show_start_date":"20251021000000","show_end_date":"20251021000000","show_sort_date":"20251021000000","txt_custom_show_dates":"el 21 de octubre de 2025 ","show_disciplines":"11","show_ultimes_funcions":false,"hide_tarifes_especials":false,"show_properament":false,"txt_additional_info":"<ul>\r\n<li>Recomendado a partir de 13 anys. <\/li><\/ul>\r\n<p>*El Regala Teatre no es v\u00e1lido para este espect\u00e1culo<\/p>","txt_present":"","show_season":[104],"txt_season":"[\"2025\/26\"]","txt_cycle":"","txt_claim":"El Shakespeare m\u00e1s divertido en versi\u00f3n del mejor clown argentino","txt_cast_excerpt":"","txt_cast":"<p>Autor\u00eda: <strong>Giuseppe Montesano<\/strong><\/p>\r\n<p>Int\u00e9rprete: <strong>Toni Servillo<\/strong><\/p>\r\n<p>Jefe t\u00e9cnico del teatro: <strong>Roger Mu\u00f1oz<\/strong>&nbsp;&nbsp; <br \/>M\u00e1rquetin y comunicaci\u00f3n: <strong>Focus<\/strong><\/p>\r\n<p>Agradecimientos: <strong>Agenzia Teatri<\/strong><br \/>&nbsp; <br \/>Es una producci\u00f3n de <strong>Piccolo Teatro di Milano \u2013 Teatro d\u2019Europa<\/strong><\/p>","txt_reviews":"","hashtag":"LeVocidiDante","have_promo":"","slogan":"","id_exhibicio":2273,"id_versio":1791,"id_local":35,"txt_seo_desc":"Le voci di Dante al Teatre Goya","data_images":"[{\"localizer\":\"V4CARTELL\",\"url\":\"media\/ver\/cartell\/v4\/3170A\/01_089_00058956\/CARTELL_WEB_levocididan.jpg\",\"thumb_url\":\"\",\"title\":\"Le voci di dante - Teatre Goya\",\"description\":\"le voci di dante al teate goya\",\"copyright\":\"\",\"order\":3},{\"localizer\":\"V4PORTADAWIDE\",\"url\":\"media\/ver\/port\/wide\/v4\/3170D\/01_091_00059293\/VILLARROEL-Portada_0_2880x1260_2.jpg\",\"thumb_url\":\"\",\"title\":\"Le voci di dante - Teatre Goya\",\"description\":\"le voci di dante al teatre goya\",\"copyright\":\"\",\"order\":8},{\"localizer\":\"V4PORTADA\",\"url\":\"media\/ver\/port\/v4\/3170D\/01_090_00059294\/VILLARROEL-Portada_1_1.jpg\",\"thumb_url\":\"\",\"title\":\"Le voci di dante - Teatre Goya\",\"description\":\"le voci di dante al teatre goya\",\"copyright\":\"\",\"order\":9},{\"localizer\":\"V4PORTADAWIDEMOBILE\",\"url\":\"media\/ver\/port\/wide\/mobile\/v4\/3170D\/01_092_00059295\/VILLARROEL-Portada_Mobile_828x1800_2.jpg\",\"thumb_url\":\"\",\"title\":\"Le voci di dante - Teatre Goya\",\"description\":\"le voci di dante al teatre goya\",\"copyright\":\"\",\"order\":10}]","material__texto_intro":"","data_material":null,"data_gallery":"","data_discounts":"[]","contract_is_open":false,"in_tour":false},"yoast_head":"<!-- This site is optimized with the Yoast SEO plugin v27.5 - https:\/\/yoast.com\/product\/yoast-seo-wordpress\/ -->\n<title>Le voci di Dante - Teatre Goya<\/title>\n<meta name=\"robots\" content=\"index, follow, max-snippet:-1, max-image-preview:large, max-video-preview:-1\" \/>\n<link rel=\"canonical\" href=\"https:\/\/www.teatregoya.cat\/es\/ex\/le-voci-di-dante\/\" \/>\n<script type=\"application\/ld+json\" class=\"yoast-schema-graph\">{\"@context\":\"https:\\\/\\\/schema.org\",\"@graph\":[{\"@type\":\"WebPage\",\"@id\":\"https:\\\/\\\/www.teatregoya.cat\\\/es\\\/ex\\\/le-voci-di-dante\\\/\",\"url\":\"https:\\\/\\\/www.teatregoya.cat\\\/es\\\/ex\\\/le-voci-di-dante\\\/\",\"name\":\"Le voci di Dante - Teatre Goya\",\"isPartOf\":{\"@id\":\"https:\\\/\\\/www.teatregoya.cat\\\/es\\\/#website\"},\"datePublished\":\"2025-06-13T10:12:13+00:00\",\"dateModified\":\"2025-09-25T15:04:42+00:00\",\"breadcrumb\":{\"@id\":\"https:\\\/\\\/www.teatregoya.cat\\\/es\\\/ex\\\/le-voci-di-dante\\\/#breadcrumb\"},\"inLanguage\":\"es\",\"potentialAction\":[{\"@type\":\"ReadAction\",\"target\":[\"https:\\\/\\\/www.teatregoya.cat\\\/es\\\/ex\\\/le-voci-di-dante\\\/\"]}]},{\"@type\":\"BreadcrumbList\",\"@id\":\"https:\\\/\\\/www.teatregoya.cat\\\/es\\\/ex\\\/le-voci-di-dante\\\/#breadcrumb\",\"itemListElement\":[{\"@type\":\"ListItem\",\"position\":1,\"name\":\"Home\",\"item\":\"https:\\\/\\\/www.teatregoya.cat\\\/es\\\/\"},{\"@type\":\"ListItem\",\"position\":2,\"name\":\"Espectacles\",\"item\":\"https:\\\/\\\/www.teatregoya.cat\\\/es\\\/ex\\\/\"},{\"@type\":\"ListItem\",\"position\":3,\"name\":\"Le voci di Dante\"}]},{\"@type\":\"WebSite\",\"@id\":\"https:\\\/\\\/www.teatregoya.cat\\\/es\\\/#website\",\"url\":\"https:\\\/\\\/www.teatregoya.cat\\\/es\\\/\",\"name\":\"Teatre Goya\",\"description\":\"\",\"publisher\":{\"@id\":\"https:\\\/\\\/www.teatregoya.cat\\\/es\\\/#organization\"},\"potentialAction\":[{\"@type\":\"SearchAction\",\"target\":{\"@type\":\"EntryPoint\",\"urlTemplate\":\"https:\\\/\\\/www.teatregoya.cat\\\/es\\\/?s={search_term_string}\"},\"query-input\":{\"@type\":\"PropertyValueSpecification\",\"valueRequired\":true,\"valueName\":\"search_term_string\"}}],\"inLanguage\":\"es\"},{\"@type\":\"Organization\",\"@id\":\"https:\\\/\\\/www.teatregoya.cat\\\/es\\\/#organization\",\"name\":\"Teatre Goya\",\"url\":\"https:\\\/\\\/www.teatregoya.cat\\\/es\\\/\",\"logo\":{\"@type\":\"ImageObject\",\"inLanguage\":\"es\",\"@id\":\"https:\\\/\\\/www.teatregoya.cat\\\/es\\\/#\\\/schema\\\/logo\\\/image\\\/\",\"url\":\"https:\\\/\\\/www.teatregoya.cat\\\/wp-content\\\/uploads\\\/sites\\\/4\\\/2017\\\/09\\\/teatre-goya-logo.svg\",\"contentUrl\":\"https:\\\/\\\/www.teatregoya.cat\\\/wp-content\\\/uploads\\\/sites\\\/4\\\/2017\\\/09\\\/teatre-goya-logo.svg\",\"width\":1,\"height\":1,\"caption\":\"Teatre Goya\"},\"image\":{\"@id\":\"https:\\\/\\\/www.teatregoya.cat\\\/es\\\/#\\\/schema\\\/logo\\\/image\\\/\"},\"sameAs\":[\"http:\\\/\\\/www.facebook.com\\\/TeatreGoya\",\"https:\\\/\\\/x.com\\\/Teatre_Goya\",\"http:\\\/\\\/instagram.com\\\/teatre_goya\",\"http:\\\/\\\/www.youtube.com\\\/user\\\/TeatreGoya\"]}]}<\/script>\n<!-- \/ Yoast SEO plugin. -->","yoast_head_json":{"title":"Le voci di Dante - Teatre Goya","robots":{"index":"index","follow":"follow","max-snippet":"max-snippet:-1","max-image-preview":"max-image-preview:large","max-video-preview":"max-video-preview:-1"},"canonical":"https:\/\/www.teatregoya.cat\/es\/ex\/le-voci-di-dante\/","schema":{"@context":"https:\/\/schema.org","@graph":[{"@type":"WebPage","@id":"https:\/\/www.teatregoya.cat\/es\/ex\/le-voci-di-dante\/","url":"https:\/\/www.teatregoya.cat\/es\/ex\/le-voci-di-dante\/","name":"Le voci di Dante - Teatre Goya","isPartOf":{"@id":"https:\/\/www.teatregoya.cat\/es\/#website"},"datePublished":"2025-06-13T10:12:13+00:00","dateModified":"2025-09-25T15:04:42+00:00","breadcrumb":{"@id":"https:\/\/www.teatregoya.cat\/es\/ex\/le-voci-di-dante\/#breadcrumb"},"inLanguage":"es","potentialAction":[{"@type":"ReadAction","target":["https:\/\/www.teatregoya.cat\/es\/ex\/le-voci-di-dante\/"]}]},{"@type":"BreadcrumbList","@id":"https:\/\/www.teatregoya.cat\/es\/ex\/le-voci-di-dante\/#breadcrumb","itemListElement":[{"@type":"ListItem","position":1,"name":"Home","item":"https:\/\/www.teatregoya.cat\/es\/"},{"@type":"ListItem","position":2,"name":"Espectacles","item":"https:\/\/www.teatregoya.cat\/es\/ex\/"},{"@type":"ListItem","position":3,"name":"Le voci di Dante"}]},{"@type":"WebSite","@id":"https:\/\/www.teatregoya.cat\/es\/#website","url":"https:\/\/www.teatregoya.cat\/es\/","name":"Teatre Goya","description":"","publisher":{"@id":"https:\/\/www.teatregoya.cat\/es\/#organization"},"potentialAction":[{"@type":"SearchAction","target":{"@type":"EntryPoint","urlTemplate":"https:\/\/www.teatregoya.cat\/es\/?s={search_term_string}"},"query-input":{"@type":"PropertyValueSpecification","valueRequired":true,"valueName":"search_term_string"}}],"inLanguage":"es"},{"@type":"Organization","@id":"https:\/\/www.teatregoya.cat\/es\/#organization","name":"Teatre Goya","url":"https:\/\/www.teatregoya.cat\/es\/","logo":{"@type":"ImageObject","inLanguage":"es","@id":"https:\/\/www.teatregoya.cat\/es\/#\/schema\/logo\/image\/","url":"https:\/\/www.teatregoya.cat\/wp-content\/uploads\/sites\/4\/2017\/09\/teatre-goya-logo.svg","contentUrl":"https:\/\/www.teatregoya.cat\/wp-content\/uploads\/sites\/4\/2017\/09\/teatre-goya-logo.svg","width":1,"height":1,"caption":"Teatre Goya"},"image":{"@id":"https:\/\/www.teatregoya.cat\/es\/#\/schema\/logo\/image\/"},"sameAs":["http:\/\/www.facebook.com\/TeatreGoya","https:\/\/x.com\/Teatre_Goya","http:\/\/instagram.com\/teatre_goya","http:\/\/www.youtube.com\/user\/TeatreGoya"]}]}},"translations":[{"id":4153,"locale":"ca"},{"id":4154,"locale":"es"}],"_links":{"self":[{"href":"https:\/\/www.teatregoya.cat\/es\/wp-json\/wp\/v2\/ex\/4154","targetHints":{"allow":["GET"]}}],"collection":[{"href":"https:\/\/www.teatregoya.cat\/es\/wp-json\/wp\/v2\/ex"}],"about":[{"href":"https:\/\/www.teatregoya.cat\/es\/wp-json\/wp\/v2\/types\/ex"}],"author":[{"embeddable":true,"href":"https:\/\/www.teatregoya.cat\/es\/wp-json\/wp\/v2\/users\/2"}],"replies":[{"embeddable":true,"href":"https:\/\/www.teatregoya.cat\/es\/wp-json\/wp\/v2\/comments?post=4154"}],"acf:term":[{"embeddable":true,"taxonomy":"season","href":"https:\/\/www.teatregoya.cat\/es\/wp-json\/wp\/v2\/season\/104"}],"wp:attachment":[{"href":"https:\/\/www.teatregoya.cat\/es\/wp-json\/wp\/v2\/media?parent=4154"}],"curies":[{"name":"wp","href":"https:\/\/api.w.org\/{rel}","templated":true}]}}

<p><strong>Toni Servillo vuelve para recitar un clásico universal de la literatura italiana</strong><br /><br /><em>Le voci di Dante</em> es una inmersión escénica en el legado vivo de la <em>Comedia</em> de Dante Alighieri, filtrada a través de la sensibilidad contemporánea de Toni Servillo y la visión de Giuseppe Montesano. El espectáculo propone un viaje interior que actualiza la voz del poeta florentino, liberándola de la rigidez del canon para proyectarla sobre las inquietudes del presente. En este gran mosaico de almas —Francesca, Ugolino, Ulises, el mismo Dante— se despliegan emociones atemporales: el amor, la pérdida, el deseo, el miedo, el ansia de luz. Cada figura emerge como un espejo que refleja la condición humana, ahora y aquí. <em>La Comedia</em> acontece así una novela infinita, viva, un instrumento para mirarnos adentro y comprender el mundo. Más que una lectura,<em> Le voci di Dante</em> es una travesía vital: un encuentro con las palabras que, siglos después, todavía laten con plenitud.<br /></p>

Espectáculo en italiano

<ul>
<li>Recomendado a partir de 13 anys. </li></ul>
<p>*El Regala Teatre no es válido para este espectáculo</p>

El Shakespeare más divertido en versión del mejor clown argentino

<p>Autoría: <strong>Giuseppe Montesano</strong></p>
<p>Intérprete: <strong>Toni Servillo</strong></p>
<p>Jefe técnico del teatro: <strong>Roger Muñoz</strong>&nbsp;&nbsp; <br />Márquetin y comunicación: <strong>Focus</strong></p>
<p>Agradecimientos: <strong>Agenzia Teatri</strong><br />&nbsp; <br />Es una producción de <strong>Piccolo Teatro di Milano – Teatro d’Europa</strong></p>
