{"id":3990,"date":"2024-11-18T15:51:57","date_gmt":"2024-11-18T14:51:57","guid":{"rendered":"https:\/\/www.teatregoya.cat\/?post_type=ex&#038;p=3990"},"modified":"2025-01-14T09:44:10","modified_gmt":"2025-01-14T08:44:10","slug":"festa-inaugural-romea-i-goya-en-familia","status":"publish","type":"ex","link":"https:\/\/www.teatregoya.cat\/es\/ex\/festa-inaugural-romea-i-goya-en-familia\/","title":{"rendered":"Festa inaugural Romea i Goya en fam\u00edlia"},"content":{"rendered":"","protected":false},"excerpt":{"rendered":"","protected":false},"author":2,"featured_media":0,"comment_status":"closed","ping_status":"closed","template":"","class_list":["post-3990","ex","type-ex","status-publish","hentry","season-2024-25"],"acf":{"txt_synopsis":"<p><strong>\u00a1Iniciad los primeros vuelos teatrales con nosotros!<\/strong><\/p>\r\n<p>El pr\u00f3ximo 15 de diciembre, la Pla\u00e7a de la Gardunya de Barcelona se transformar\u00e1 en un gran escenario de diversi\u00f3n y cultura con la fiesta de inauguraci\u00f3n de la programaci\u00f3n teatral \"Romea i Goya en Fam\u00edlia\". Esta iniciativa os propone una ma\u00f1ana llena de actividades y espect\u00e1culos gratuitos para los m\u00e1s peque\u00f1os de casa y sus familias. <br \/><br \/>A partir de las 11h de la ma\u00f1ana, la plaza se llenar\u00e1 de m\u00fasica, talleres, juegos interactivos, espect\u00e1culos y otras sorpresas que os har\u00e1n vivir a grandes y peque\u00f1os la magia del teatro. Y una oportunidad perfecta para descubrir de la mano de la fantasma Xirgu todas las propuestas teatrales que os proponemos esta temporada para disfrutar en familia en el Teatre Goya y en el Teatre Romea de Barcelona. <br \/><br \/>En caso de que quer\u00e1is complementar la ma\u00f1ana yendo al teatro, en el Teatre Goya encontrar\u00e9is El fil invisible, el musical, y en el Teatre Romea os espera Tortell Poltrona con su espect\u00e1culo Post-cl\u00e0ssic, una recopilaci\u00f3n de sus mejores n\u00fameros. <br \/><br \/>\u00a1Venid a celebrar con nosotros la inauguraci\u00f3n de \"Romea i Goya en fam\u00edlia\"! Os esperamos el 15 de diciembre en la Pla\u00e7a de la Gardunya en una ma\u00f1ana llena de aventuras, risas y creatividad, donde os iniciaremos en los primeros vuelos teatrales para introducir a los m\u00e1s peque\u00f1os en el fascinante mundo de las artes esc\u00e9nicas a trav\u00e9s de espect\u00e1culos y actividades gratuitas. \u00a1No falt\u00e9is!<\/p>\r\n<p><strong>PROGRAMA para todos los p\u00fablicos<\/strong><\/p>\r\n<ul>\r\n<li>Espect\u00e1culo itinerante PIGS de la C\u00eda. Campi qui pugui \r\n<\/li><li>Espect\u00e1culo itinerante LA GRAN FAM\u00cdLIA de la C\u00eda. Fadunito \r\n<\/li><li>Taller de circo de la C\u00eda. El Negro y el Flaco \r\n<\/li><li>Lola Van DJ \r\n<\/li><li>Juegos gigantes: Fes-te gran \r\n<\/li><li>\u00a1... y muchas sorpresas m\u00e1s!<\/li><\/ul>","main_buy_link":"","main_buy_links":"","group_buy_link":"","show_language":"Espect\u00e1culo en catalan y castellano","show_duration":"","show_start_date":"20241215000000","show_end_date":"20241215000000","show_sort_date":"20241215000000","txt_custom_show_dates":"el 15 de diciembre de 2024 ","show_disciplines":"4","show_ultimes_funcions":false,"hide_tarifes_especials":true,"show_properament":false,"txt_additional_info":"Domingo 15 de diciembre de 11h a 14h","txt_present":"","show_season":[102],"txt_season":"[\"2024\/25\"]","txt_cycle":"","txt_claim":"<p><strong>\u00a1Iniciad los primeros vuelos teatrales con nosotros!<\/strong> <\/p>\r\n<p>&nbsp;<\/p>","txt_cast_excerpt":"","txt_cast":"","txt_reviews":"","hashtag":"FestaInauguralRomeaiGoyaenFamilia","have_promo":"","slogan":"","id_exhibicio":2221,"id_versio":1756,"id_local":35,"txt_seo_desc":"Fiesta inaugural Romea y Goya en la Plaza de la Gardunya","data_images":"[{\"localizer\":\"V4PORTADAWIDE\",\"url\":\"media\/ver\/port\/wide\/v4\/316AB\/01_091_00058520\/Portada_0_2880x1260.jpg\",\"thumb_url\":\"\",\"title\":\"Festa inaugural Romea i Goya en fam\u00edlia\",\"description\":\"festa inaugural romea i goya en fam\u00edlia\",\"copyright\":\"\",\"order\":1},{\"localizer\":\"V4PORTADAWIDEMOBILE\",\"url\":\"media\/ver\/port\/wide\/mobile\/v4\/316AB\/01_092_00058521\/Portada_Mobile_828x1800.jpg\",\"thumb_url\":\"\",\"title\":\"Fiesta inaugural Romea y Goya en familia\",\"description\":\"fiesta inaugural romea y goya en familia\",\"copyright\":\"\",\"order\":2},{\"localizer\":\"V4PORTADA\",\"url\":\"media\/ver\/port\/v4\/316AB\/01_090_00058522\/Portada_1_760x760.jpg\",\"thumb_url\":\"\",\"title\":\"Festa inaugural Romea i Goya en fam\u00edlia\",\"description\":\"festa inaugural romea i goya en fam\u00edlia\",\"copyright\":\"\",\"order\":3},{\"localizer\":\"V4CARTELL\",\"url\":\"media\/ver\/cartell\/v4\/316AB\/01_089_00058523\/Cartell_Web_720x1100.jpg\",\"thumb_url\":\"\",\"title\":\"Festa inaugural Romea i Goya en fam\u00edlia\",\"description\":\"festa inaugural romea i goya en fam\u00edlia\",\"copyright\":\"\",\"order\":4}]","material__texto_intro":"","data_material":null,"data_gallery":"","data_discounts":"[]","contract_is_open":false,"in_tour":false},"yoast_head":"<!-- This site is optimized with the Yoast SEO plugin v27.5 - https:\/\/yoast.com\/product\/yoast-seo-wordpress\/ -->\n<title>Festa inaugural Romea i Goya en fam\u00edlia - Teatre Goya<\/title>\n<meta name=\"robots\" content=\"index, follow, max-snippet:-1, max-image-preview:large, max-video-preview:-1\" \/>\n<link rel=\"canonical\" href=\"https:\/\/www.teatregoya.cat\/es\/ex\/festa-inaugural-romea-i-goya-en-familia\/\" \/>\n<script type=\"application\/ld+json\" class=\"yoast-schema-graph\">{\"@context\":\"https:\\\/\\\/schema.org\",\"@graph\":[{\"@type\":\"WebPage\",\"@id\":\"https:\\\/\\\/www.teatregoya.cat\\\/es\\\/ex\\\/festa-inaugural-romea-i-goya-en-familia\\\/\",\"url\":\"https:\\\/\\\/www.teatregoya.cat\\\/es\\\/ex\\\/festa-inaugural-romea-i-goya-en-familia\\\/\",\"name\":\"Festa inaugural Romea i Goya en fam\u00edlia - Teatre Goya\",\"isPartOf\":{\"@id\":\"https:\\\/\\\/www.teatregoya.cat\\\/es\\\/#website\"},\"datePublished\":\"2024-11-18T14:51:57+00:00\",\"dateModified\":\"2025-01-14T08:44:10+00:00\",\"breadcrumb\":{\"@id\":\"https:\\\/\\\/www.teatregoya.cat\\\/es\\\/ex\\\/festa-inaugural-romea-i-goya-en-familia\\\/#breadcrumb\"},\"inLanguage\":\"es\",\"potentialAction\":[{\"@type\":\"ReadAction\",\"target\":[\"https:\\\/\\\/www.teatregoya.cat\\\/es\\\/ex\\\/festa-inaugural-romea-i-goya-en-familia\\\/\"]}]},{\"@type\":\"BreadcrumbList\",\"@id\":\"https:\\\/\\\/www.teatregoya.cat\\\/es\\\/ex\\\/festa-inaugural-romea-i-goya-en-familia\\\/#breadcrumb\",\"itemListElement\":[{\"@type\":\"ListItem\",\"position\":1,\"name\":\"Home\",\"item\":\"https:\\\/\\\/www.teatregoya.cat\\\/es\\\/\"},{\"@type\":\"ListItem\",\"position\":2,\"name\":\"Espectacles\",\"item\":\"https:\\\/\\\/www.teatregoya.cat\\\/es\\\/ex\\\/\"},{\"@type\":\"ListItem\",\"position\":3,\"name\":\"Festa inaugural Romea i Goya en fam\u00edlia\"}]},{\"@type\":\"WebSite\",\"@id\":\"https:\\\/\\\/www.teatregoya.cat\\\/es\\\/#website\",\"url\":\"https:\\\/\\\/www.teatregoya.cat\\\/es\\\/\",\"name\":\"Teatre Goya\",\"description\":\"\",\"publisher\":{\"@id\":\"https:\\\/\\\/www.teatregoya.cat\\\/es\\\/#organization\"},\"potentialAction\":[{\"@type\":\"SearchAction\",\"target\":{\"@type\":\"EntryPoint\",\"urlTemplate\":\"https:\\\/\\\/www.teatregoya.cat\\\/es\\\/?s={search_term_string}\"},\"query-input\":{\"@type\":\"PropertyValueSpecification\",\"valueRequired\":true,\"valueName\":\"search_term_string\"}}],\"inLanguage\":\"es\"},{\"@type\":\"Organization\",\"@id\":\"https:\\\/\\\/www.teatregoya.cat\\\/es\\\/#organization\",\"name\":\"Teatre Goya\",\"url\":\"https:\\\/\\\/www.teatregoya.cat\\\/es\\\/\",\"logo\":{\"@type\":\"ImageObject\",\"inLanguage\":\"es\",\"@id\":\"https:\\\/\\\/www.teatregoya.cat\\\/es\\\/#\\\/schema\\\/logo\\\/image\\\/\",\"url\":\"https:\\\/\\\/www.teatregoya.cat\\\/wp-content\\\/uploads\\\/sites\\\/4\\\/2017\\\/09\\\/teatre-goya-logo.svg\",\"contentUrl\":\"https:\\\/\\\/www.teatregoya.cat\\\/wp-content\\\/uploads\\\/sites\\\/4\\\/2017\\\/09\\\/teatre-goya-logo.svg\",\"width\":1,\"height\":1,\"caption\":\"Teatre Goya\"},\"image\":{\"@id\":\"https:\\\/\\\/www.teatregoya.cat\\\/es\\\/#\\\/schema\\\/logo\\\/image\\\/\"},\"sameAs\":[\"http:\\\/\\\/www.facebook.com\\\/TeatreGoya\",\"https:\\\/\\\/x.com\\\/Teatre_Goya\",\"http:\\\/\\\/instagram.com\\\/teatre_goya\",\"http:\\\/\\\/www.youtube.com\\\/user\\\/TeatreGoya\"]}]}<\/script>\n<!-- \/ Yoast SEO plugin. -->","yoast_head_json":{"title":"Festa inaugural Romea i Goya en fam\u00edlia - Teatre Goya","robots":{"index":"index","follow":"follow","max-snippet":"max-snippet:-1","max-image-preview":"max-image-preview:large","max-video-preview":"max-video-preview:-1"},"canonical":"https:\/\/www.teatregoya.cat\/es\/ex\/festa-inaugural-romea-i-goya-en-familia\/","schema":{"@context":"https:\/\/schema.org","@graph":[{"@type":"WebPage","@id":"https:\/\/www.teatregoya.cat\/es\/ex\/festa-inaugural-romea-i-goya-en-familia\/","url":"https:\/\/www.teatregoya.cat\/es\/ex\/festa-inaugural-romea-i-goya-en-familia\/","name":"Festa inaugural Romea i Goya en fam\u00edlia - Teatre Goya","isPartOf":{"@id":"https:\/\/www.teatregoya.cat\/es\/#website"},"datePublished":"2024-11-18T14:51:57+00:00","dateModified":"2025-01-14T08:44:10+00:00","breadcrumb":{"@id":"https:\/\/www.teatregoya.cat\/es\/ex\/festa-inaugural-romea-i-goya-en-familia\/#breadcrumb"},"inLanguage":"es","potentialAction":[{"@type":"ReadAction","target":["https:\/\/www.teatregoya.cat\/es\/ex\/festa-inaugural-romea-i-goya-en-familia\/"]}]},{"@type":"BreadcrumbList","@id":"https:\/\/www.teatregoya.cat\/es\/ex\/festa-inaugural-romea-i-goya-en-familia\/#breadcrumb","itemListElement":[{"@type":"ListItem","position":1,"name":"Home","item":"https:\/\/www.teatregoya.cat\/es\/"},{"@type":"ListItem","position":2,"name":"Espectacles","item":"https:\/\/www.teatregoya.cat\/es\/ex\/"},{"@type":"ListItem","position":3,"name":"Festa inaugural Romea i Goya en fam\u00edlia"}]},{"@type":"WebSite","@id":"https:\/\/www.teatregoya.cat\/es\/#website","url":"https:\/\/www.teatregoya.cat\/es\/","name":"Teatre Goya","description":"","publisher":{"@id":"https:\/\/www.teatregoya.cat\/es\/#organization"},"potentialAction":[{"@type":"SearchAction","target":{"@type":"EntryPoint","urlTemplate":"https:\/\/www.teatregoya.cat\/es\/?s={search_term_string}"},"query-input":{"@type":"PropertyValueSpecification","valueRequired":true,"valueName":"search_term_string"}}],"inLanguage":"es"},{"@type":"Organization","@id":"https:\/\/www.teatregoya.cat\/es\/#organization","name":"Teatre Goya","url":"https:\/\/www.teatregoya.cat\/es\/","logo":{"@type":"ImageObject","inLanguage":"es","@id":"https:\/\/www.teatregoya.cat\/es\/#\/schema\/logo\/image\/","url":"https:\/\/www.teatregoya.cat\/wp-content\/uploads\/sites\/4\/2017\/09\/teatre-goya-logo.svg","contentUrl":"https:\/\/www.teatregoya.cat\/wp-content\/uploads\/sites\/4\/2017\/09\/teatre-goya-logo.svg","width":1,"height":1,"caption":"Teatre Goya"},"image":{"@id":"https:\/\/www.teatregoya.cat\/es\/#\/schema\/logo\/image\/"},"sameAs":["http:\/\/www.facebook.com\/TeatreGoya","https:\/\/x.com\/Teatre_Goya","http:\/\/instagram.com\/teatre_goya","http:\/\/www.youtube.com\/user\/TeatreGoya"]}]}},"translations":[{"id":3989,"locale":"ca"},{"id":3990,"locale":"es"}],"_links":{"self":[{"href":"https:\/\/www.teatregoya.cat\/es\/wp-json\/wp\/v2\/ex\/3990","targetHints":{"allow":["GET"]}}],"collection":[{"href":"https:\/\/www.teatregoya.cat\/es\/wp-json\/wp\/v2\/ex"}],"about":[{"href":"https:\/\/www.teatregoya.cat\/es\/wp-json\/wp\/v2\/types\/ex"}],"author":[{"embeddable":true,"href":"https:\/\/www.teatregoya.cat\/es\/wp-json\/wp\/v2\/users\/2"}],"replies":[{"embeddable":true,"href":"https:\/\/www.teatregoya.cat\/es\/wp-json\/wp\/v2\/comments?post=3990"}],"acf:term":[{"embeddable":true,"taxonomy":"season","href":"https:\/\/www.teatregoya.cat\/es\/wp-json\/wp\/v2\/season\/102"}],"wp:attachment":[{"href":"https:\/\/www.teatregoya.cat\/es\/wp-json\/wp\/v2\/media?parent=3990"}],"curies":[{"name":"wp","href":"https:\/\/api.w.org\/{rel}","templated":true}]}}

Festa inaugural Romea i Goya en família

<p><strong>¡Iniciad los primeros vuelos teatrales con nosotros!</strong></p>
<p>El próximo 15 de diciembre, la Plaça de la Gardunya de Barcelona se transformará en un gran escenario de diversión y cultura con la fiesta de inauguración de la programación teatral "Romea i Goya en Família". Esta iniciativa os propone una mañana llena de actividades y espectáculos gratuitos para los más pequeños de casa y sus familias. <br /><br />A partir de las 11h de la mañana, la plaza se llenará de música, talleres, juegos interactivos, espectáculos y otras sorpresas que os harán vivir a grandes y pequeños la magia del teatro. Y una oportunidad perfecta para descubrir de la mano de la fantasma Xirgu todas las propuestas teatrales que os proponemos esta temporada para disfrutar en familia en el Teatre Goya y en el Teatre Romea de Barcelona. <br /><br />En caso de que queráis complementar la mañana yendo al teatro, en el Teatre Goya encontraréis El fil invisible, el musical, y en el Teatre Romea os espera Tortell Poltrona con su espectáculo Post-clàssic, una recopilación de sus mejores números. <br /><br />¡Venid a celebrar con nosotros la inauguración de "Romea i Goya en família"! Os esperamos el 15 de diciembre en la Plaça de la Gardunya en una mañana llena de aventuras, risas y creatividad, donde os iniciaremos en los primeros vuelos teatrales para introducir a los más pequeños en el fascinante mundo de las artes escénicas a través de espectáculos y actividades gratuitas. ¡No faltéis!</p>
<p><strong>PROGRAMA para todos los públicos</strong></p>
<ul>
<li>Espectáculo itinerante PIGS de la Cía. Campi qui pugui 
</li><li>Espectáculo itinerante LA GRAN FAMÍLIA de la Cía. Fadunito 
</li><li>Taller de circo de la Cía. El Negro y el Flaco 
</li><li>Lola Van DJ 
</li><li>Juegos gigantes: Fes-te gran 
</li><li>¡... y muchas sorpresas más!</li></ul>

Espectáculo en catalan y castellano

[{"localizer":"V4PORTADAWIDE","url":"media/ver/port/wide/v4/316AB/01_091_00058520/Portada_0_2880x1260.jpg","thumb_url":"","title":"Festa inaugural Romea i Goya en família","description":"festa inaugural romea i goya en família","copyright":"","order":1},{"localizer":"V4PORTADAWIDEMOBILE","url":"media/ver/port/wide/mobile/v4/316AB/01_092_00058521/Portada_Mobile_828x1800.jpg","thumb_url":"","title":"Fiesta inaugural Romea y Goya en familia","description":"fiesta inaugural romea y goya en familia","copyright":"","order":2},{"localizer":"V4PORTADA","url":"media/ver/port/v4/316AB/01_090_00058522/Portada_1_760x760.jpg","thumb_url":"","title":"Festa inaugural Romea i Goya en família","description":"festa inaugural romea i goya en família","copyright":"","order":3},{"localizer":"V4CARTELL","url":"media/ver/cartell/v4/316AB/01_089_00058523/Cartell_Web_720x1100.jpg","thumb_url":"","title":"Festa inaugural Romea i Goya en família","description":"festa inaugural romea i goya en família","copyright":"","order":4}]

<!-- This site is optimized with the Yoast SEO plugin v27.5 - https://yoast.com/product/yoast-seo-wordpress/ -->
<title>Festa inaugural Romea i Goya en família - Teatre Goya</title>
<meta name="robots" content="index, follow, max-snippet:-1, max-image-preview:large, max-video-preview:-1" />
<link rel="canonical" href="https://www.teatregoya.cat/es/ex/festa-inaugural-romea-i-goya-en-familia/" />
<script type="application/ld+json" class="yoast-schema-graph">{"@context":"https:\/\/schema.org","@graph":[{"@type":"WebPage","@id":"https:\/\/www.teatregoya.cat\/es\/ex\/festa-inaugural-romea-i-goya-en-familia\/","url":"https:\/\/www.teatregoya.cat\/es\/ex\/festa-inaugural-romea-i-goya-en-familia\/","name":"Festa inaugural Romea i Goya en família - Teatre Goya","isPartOf":{"@id":"https:\/\/www.teatregoya.cat\/es\/#website"},"datePublished":"2024-11-18T14:51:57+00:00","dateModified":"2025-01-14T08:44:10+00:00","breadcrumb":{"@id":"https:\/\/www.teatregoya.cat\/es\/ex\/festa-inaugural-romea-i-goya-en-familia\/#breadcrumb"},"inLanguage":"es","potentialAction":[{"@type":"ReadAction","target":["https:\/\/www.teatregoya.cat\/es\/ex\/festa-inaugural-romea-i-goya-en-familia\/"]}]},{"@type":"BreadcrumbList","@id":"https:\/\/www.teatregoya.cat\/es\/ex\/festa-inaugural-romea-i-goya-en-familia\/#breadcrumb","itemListElement":[{"@type":"ListItem","position":1,"name":"Home","item":"https:\/\/www.teatregoya.cat\/es\/"},{"@type":"ListItem","position":2,"name":"Espectacles","item":"https:\/\/www.teatregoya.cat\/es\/ex\/"},{"@type":"ListItem","position":3,"name":"Festa inaugural Romea i Goya en família"}]},{"@type":"WebSite","@id":"https:\/\/www.teatregoya.cat\/es\/#website","url":"https:\/\/www.teatregoya.cat\/es\/","name":"Teatre Goya","description":"","publisher":{"@id":"https:\/\/www.teatregoya.cat\/es\/#organization"},"potentialAction":[{"@type":"SearchAction","target":{"@type":"EntryPoint","urlTemplate":"https:\/\/www.teatregoya.cat\/es\/?s={search_term_string}"},"query-input":{"@type":"PropertyValueSpecification","valueRequired":true,"valueName":"search_term_string"}}],"inLanguage":"es"},{"@type":"Organization","@id":"https:\/\/www.teatregoya.cat\/es\/#organization","name":"Teatre Goya","url":"https:\/\/www.teatregoya.cat\/es\/","logo":{"@type":"ImageObject","inLanguage":"es","@id":"https:\/\/www.teatregoya.cat\/es\/#\/schema\/logo\/image\/","url":"https:\/\/www.teatregoya.cat\/wp-content\/uploads\/sites\/4\/2017\/09\/teatre-goya-logo.svg","contentUrl":"https:\/\/www.teatregoya.cat\/wp-content\/uploads\/sites\/4\/2017\/09\/teatre-goya-logo.svg","width":1,"height":1,"caption":"Teatre Goya"},"image":{"@id":"https:\/\/www.teatregoya.cat\/es\/#\/schema\/logo\/image\/"},"sameAs":["http:\/\/www.facebook.com\/TeatreGoya","https:\/\/x.com\/Teatre_Goya","http:\/\/instagram.com\/teatre_goya","http:\/\/www.youtube.com\/user\/TeatreGoya"]}]}</script>
<!-- / Yoast SEO plugin. -->

Festa inaugural Romea i Goya en família - Teatre Goya
