{"id":3800,"date":"2024-02-07T09:29:29","date_gmt":"2024-02-07T08:29:29","guid":{"rendered":"https:\/\/www.teatregoya.cat\/ex\/yo-tambien-fui-hetero\/"},"modified":"2024-02-07T09:29:29","modified_gmt":"2024-02-07T08:29:29","slug":"yo-tambien-fui-hetero","status":"publish","type":"ex","link":"https:\/\/www.teatregoya.cat\/es\/ex\/yo-tambien-fui-hetero\/","title":{"rendered":"Yo tambi\u00e9n fui hetero"},"content":{"rendered":"","protected":false},"excerpt":{"rendered":"","protected":false},"author":2,"featured_media":0,"comment_status":"closed","ping_status":"closed","template":"","class_list":["post-3800","ex","type-ex","status-publish","hentry","season-2023-24"],"acf":{"txt_synopsis":"Iron\u00eda, picard\u00eda y humor se unen para contar una historia desde la perspectiva de una lesbiana. <br \/>S\u00ed, yo tambi\u00e9n fui hetero. <br \/>Yo tambi\u00e9n he probado a un hombre. Y \u00e9l me ha probado a m\u00ed. <br \/>Yo tambi\u00e9n puedo hablar de ello, aunque muchas veces intente parecer mujer de mujer. Solo mujeres. <br \/>Yo que t\u00fa si eres hombres, vendr\u00eda. <br \/>Yo que t\u00fa s\u00ed est\u00e1s con un hombre, lo animar\u00eda a venir. <br \/>Todo es posible dentro del mundo de Omayra Cazorla. <br \/>Eso s\u00ed, no vengan con <a href=\"mailto:ni\u00f1@s\">ni\u00f1@s<\/a> a no ser que tu educaci\u00f3n sea libre. <br \/>Advertidos quedan. <br \/>#loquehay ","main_buy_link":"https:\/\/proticketing.com\/teatregoya\/es_ES\/entradas\/evento\/35061","main_buy_links":"[\"https:\/\/proticketing.com\/teatregoya\/es_ES\/entradas\/evento\/35061\"]","group_buy_link":"","show_language":"Espect\u00e1culo en castellano ","show_duration":"75","show_start_date":"20240413000000","show_end_date":"20240413000000","show_sort_date":"20240413000000","txt_custom_show_dates":"el 13 de abril de 2024 ","show_disciplines":"12","show_ultimes_funcions":false,"hide_tarifes_especials":true,"show_properament":false,"txt_additional_info":"No recomendado para menores de 16 a\u00f1os ","txt_present":"","show_season":[97],"txt_season":"[\"2023\/24\"]","txt_cycle":"Mon\u00f2legs","txt_claim":"Iron\u00eda, picard\u00eda y humor se unen para contar una historia desde la perspectiva de una lesbiana. ","txt_cast_excerpt":"","txt_cast":"<p>Guion, direcci\u00f3n e interpretaci\u00f3n: <strong>Omayra Cazorla <br \/><\/strong>&nbsp;<br \/>Jefe t\u00e9cnico del teatro: <strong>Roger Mu\u00f1oz <\/strong><\/p>\r\n<p>M\u00e1rquetin y comunicaci\u00f3n: <strong>Focus<\/strong> <\/p>\r\n<p>Es una producci\u00f3n de <strong>MPC Management <\/strong><\/p>","txt_reviews":"","hashtag":"YoTambi\u00e9nFuiHetero","have_promo":"","slogan":"","id_exhibicio":2114,"id_versio":1674,"id_local":35,"txt_seo_desc":"","data_images":"[{\"localizer\":\"V4PORTADAWIDE\",\"url\":\"media\/ver\/port\/wide\/v4\/316A2\/01_091_00057362\/Portada-0-yo-tambien-fui-hetero-goya.jpg\",\"thumb_url\":\"\",\"title\":\"Yo tambi\u00e9n fui hetero - Teatre goya\",\"description\":\"yo tambien fui hetero al teatre goya\",\"copyright\":\"\",\"order\":1},{\"localizer\":\"V4PORTADAWIDEMOBILE\",\"url\":\"media\/ver\/port\/wide\/mobile\/v4\/316A2\/01_092_00057363\/Portada-mobile-yo-tambien-fui-hetero-goya.jpg\",\"thumb_url\":\"\",\"title\":\"Yo tambi\u00e9n fui hetero - Teatre Goya\",\"description\":\"yo tambien fui hetero al teatre goya\",\"copyright\":\"\",\"order\":2},{\"localizer\":\"V4PORTADA\",\"url\":\"media\/ver\/port\/v4\/316A2\/01_090_00057364\/Portada-1-yo-tambien-fui-hetero-goya.jpg\",\"thumb_url\":\"\",\"title\":\"Yo tambi\u00e9n fui hetero - Teatre Goya\",\"description\":\"yo tambien fui hetero en el teatre goya\",\"copyright\":\"\",\"order\":3},{\"localizer\":\"V4CARTELL\",\"url\":\"media\/ver\/cartell\/v4\/316A2\/01_089_00057365\/Cartell-web-yo-tambien-fui-hetero-goya.jpg\",\"thumb_url\":\"\",\"title\":\"Yo tambi\u00e9n fui hetero - Teatre Goya\",\"description\":\"yo tambien fui hetero en el teatre goya\",\"copyright\":\"\",\"order\":4}]","material__texto_intro":"","data_material":null,"data_gallery":"","data_discounts":"[]","contract_is_open":false,"in_tour":false},"yoast_head":"<!-- This site is optimized with the Yoast SEO plugin v27.5 - https:\/\/yoast.com\/product\/yoast-seo-wordpress\/ -->\n<title>Yo tambi\u00e9n fui hetero - Teatre Goya<\/title>\n<meta name=\"robots\" content=\"index, follow, max-snippet:-1, max-image-preview:large, max-video-preview:-1\" \/>\n<link rel=\"canonical\" href=\"https:\/\/www.teatregoya.cat\/es\/ex\/yo-tambien-fui-hetero\/\" \/>\n<script type=\"application\/ld+json\" class=\"yoast-schema-graph\">{\"@context\":\"https:\\\/\\\/schema.org\",\"@graph\":[{\"@type\":\"WebPage\",\"@id\":\"https:\\\/\\\/www.teatregoya.cat\\\/es\\\/ex\\\/yo-tambien-fui-hetero\\\/\",\"url\":\"https:\\\/\\\/www.teatregoya.cat\\\/es\\\/ex\\\/yo-tambien-fui-hetero\\\/\",\"name\":\"Yo tambi\u00e9n fui hetero - Teatre Goya\",\"isPartOf\":{\"@id\":\"https:\\\/\\\/www.teatregoya.cat\\\/es\\\/#website\"},\"datePublished\":\"2024-02-07T08:29:29+00:00\",\"breadcrumb\":{\"@id\":\"https:\\\/\\\/www.teatregoya.cat\\\/es\\\/ex\\\/yo-tambien-fui-hetero\\\/#breadcrumb\"},\"inLanguage\":\"es\",\"potentialAction\":[{\"@type\":\"ReadAction\",\"target\":[\"https:\\\/\\\/www.teatregoya.cat\\\/es\\\/ex\\\/yo-tambien-fui-hetero\\\/\"]}]},{\"@type\":\"BreadcrumbList\",\"@id\":\"https:\\\/\\\/www.teatregoya.cat\\\/es\\\/ex\\\/yo-tambien-fui-hetero\\\/#breadcrumb\",\"itemListElement\":[{\"@type\":\"ListItem\",\"position\":1,\"name\":\"Home\",\"item\":\"https:\\\/\\\/www.teatregoya.cat\\\/es\\\/\"},{\"@type\":\"ListItem\",\"position\":2,\"name\":\"Espectacles\",\"item\":\"https:\\\/\\\/www.teatregoya.cat\\\/es\\\/ex\\\/\"},{\"@type\":\"ListItem\",\"position\":3,\"name\":\"Yo tambi\u00e9n fui hetero\"}]},{\"@type\":\"WebSite\",\"@id\":\"https:\\\/\\\/www.teatregoya.cat\\\/es\\\/#website\",\"url\":\"https:\\\/\\\/www.teatregoya.cat\\\/es\\\/\",\"name\":\"Teatre Goya\",\"description\":\"\",\"publisher\":{\"@id\":\"https:\\\/\\\/www.teatregoya.cat\\\/es\\\/#organization\"},\"potentialAction\":[{\"@type\":\"SearchAction\",\"target\":{\"@type\":\"EntryPoint\",\"urlTemplate\":\"https:\\\/\\\/www.teatregoya.cat\\\/es\\\/?s={search_term_string}\"},\"query-input\":{\"@type\":\"PropertyValueSpecification\",\"valueRequired\":true,\"valueName\":\"search_term_string\"}}],\"inLanguage\":\"es\"},{\"@type\":\"Organization\",\"@id\":\"https:\\\/\\\/www.teatregoya.cat\\\/es\\\/#organization\",\"name\":\"Teatre Goya\",\"url\":\"https:\\\/\\\/www.teatregoya.cat\\\/es\\\/\",\"logo\":{\"@type\":\"ImageObject\",\"inLanguage\":\"es\",\"@id\":\"https:\\\/\\\/www.teatregoya.cat\\\/es\\\/#\\\/schema\\\/logo\\\/image\\\/\",\"url\":\"https:\\\/\\\/www.teatregoya.cat\\\/wp-content\\\/uploads\\\/sites\\\/4\\\/2017\\\/09\\\/teatre-goya-logo.svg\",\"contentUrl\":\"https:\\\/\\\/www.teatregoya.cat\\\/wp-content\\\/uploads\\\/sites\\\/4\\\/2017\\\/09\\\/teatre-goya-logo.svg\",\"width\":1,\"height\":1,\"caption\":\"Teatre Goya\"},\"image\":{\"@id\":\"https:\\\/\\\/www.teatregoya.cat\\\/es\\\/#\\\/schema\\\/logo\\\/image\\\/\"},\"sameAs\":[\"http:\\\/\\\/www.facebook.com\\\/TeatreGoya\",\"https:\\\/\\\/x.com\\\/Teatre_Goya\",\"http:\\\/\\\/instagram.com\\\/teatre_goya\",\"http:\\\/\\\/www.youtube.com\\\/user\\\/TeatreGoya\"]}]}<\/script>\n<!-- \/ Yoast SEO plugin. -->","yoast_head_json":{"title":"Yo tambi\u00e9n fui hetero - Teatre Goya","robots":{"index":"index","follow":"follow","max-snippet":"max-snippet:-1","max-image-preview":"max-image-preview:large","max-video-preview":"max-video-preview:-1"},"canonical":"https:\/\/www.teatregoya.cat\/es\/ex\/yo-tambien-fui-hetero\/","schema":{"@context":"https:\/\/schema.org","@graph":[{"@type":"WebPage","@id":"https:\/\/www.teatregoya.cat\/es\/ex\/yo-tambien-fui-hetero\/","url":"https:\/\/www.teatregoya.cat\/es\/ex\/yo-tambien-fui-hetero\/","name":"Yo tambi\u00e9n fui hetero - Teatre Goya","isPartOf":{"@id":"https:\/\/www.teatregoya.cat\/es\/#website"},"datePublished":"2024-02-07T08:29:29+00:00","breadcrumb":{"@id":"https:\/\/www.teatregoya.cat\/es\/ex\/yo-tambien-fui-hetero\/#breadcrumb"},"inLanguage":"es","potentialAction":[{"@type":"ReadAction","target":["https:\/\/www.teatregoya.cat\/es\/ex\/yo-tambien-fui-hetero\/"]}]},{"@type":"BreadcrumbList","@id":"https:\/\/www.teatregoya.cat\/es\/ex\/yo-tambien-fui-hetero\/#breadcrumb","itemListElement":[{"@type":"ListItem","position":1,"name":"Home","item":"https:\/\/www.teatregoya.cat\/es\/"},{"@type":"ListItem","position":2,"name":"Espectacles","item":"https:\/\/www.teatregoya.cat\/es\/ex\/"},{"@type":"ListItem","position":3,"name":"Yo tambi\u00e9n fui hetero"}]},{"@type":"WebSite","@id":"https:\/\/www.teatregoya.cat\/es\/#website","url":"https:\/\/www.teatregoya.cat\/es\/","name":"Teatre Goya","description":"","publisher":{"@id":"https:\/\/www.teatregoya.cat\/es\/#organization"},"potentialAction":[{"@type":"SearchAction","target":{"@type":"EntryPoint","urlTemplate":"https:\/\/www.teatregoya.cat\/es\/?s={search_term_string}"},"query-input":{"@type":"PropertyValueSpecification","valueRequired":true,"valueName":"search_term_string"}}],"inLanguage":"es"},{"@type":"Organization","@id":"https:\/\/www.teatregoya.cat\/es\/#organization","name":"Teatre Goya","url":"https:\/\/www.teatregoya.cat\/es\/","logo":{"@type":"ImageObject","inLanguage":"es","@id":"https:\/\/www.teatregoya.cat\/es\/#\/schema\/logo\/image\/","url":"https:\/\/www.teatregoya.cat\/wp-content\/uploads\/sites\/4\/2017\/09\/teatre-goya-logo.svg","contentUrl":"https:\/\/www.teatregoya.cat\/wp-content\/uploads\/sites\/4\/2017\/09\/teatre-goya-logo.svg","width":1,"height":1,"caption":"Teatre Goya"},"image":{"@id":"https:\/\/www.teatregoya.cat\/es\/#\/schema\/logo\/image\/"},"sameAs":["http:\/\/www.facebook.com\/TeatreGoya","https:\/\/x.com\/Teatre_Goya","http:\/\/instagram.com\/teatre_goya","http:\/\/www.youtube.com\/user\/TeatreGoya"]}]}},"translations":[{"id":3799,"locale":"ca"},{"id":3800,"locale":"es"}],"_links":{"self":[{"href":"https:\/\/www.teatregoya.cat\/es\/wp-json\/wp\/v2\/ex\/3800","targetHints":{"allow":["GET"]}}],"collection":[{"href":"https:\/\/www.teatregoya.cat\/es\/wp-json\/wp\/v2\/ex"}],"about":[{"href":"https:\/\/www.teatregoya.cat\/es\/wp-json\/wp\/v2\/types\/ex"}],"author":[{"embeddable":true,"href":"https:\/\/www.teatregoya.cat\/es\/wp-json\/wp\/v2\/users\/2"}],"replies":[{"embeddable":true,"href":"https:\/\/www.teatregoya.cat\/es\/wp-json\/wp\/v2\/comments?post=3800"}],"acf:term":[{"embeddable":true,"taxonomy":"season","href":"https:\/\/www.teatregoya.cat\/es\/wp-json\/wp\/v2\/season\/97"}],"wp:attachment":[{"href":"https:\/\/www.teatregoya.cat\/es\/wp-json\/wp\/v2\/media?parent=3800"}],"curies":[{"name":"wp","href":"https:\/\/api.w.org\/{rel}","templated":true}]}}

Yo también fui hetero

Ironía, picardía y humor se unen para contar una historia desde la perspectiva de una lesbiana. <br />Sí, yo también fui hetero. <br />Yo también he probado a un hombre. Y él me ha probado a mí. <br />Yo también puedo hablar de ello, aunque muchas veces intente parecer mujer de mujer. Solo mujeres. <br />Yo que tú si eres hombres, vendría. <br />Yo que tú sí estás con un hombre, lo animaría a venir. <br />Todo es posible dentro del mundo de Omayra Cazorla. <br />Eso sí, no vengan con <a href="mailto:niñ@s">niñ@s</a> a no ser que tu educación sea libre. <br />Advertidos quedan. <br />#loquehay

Espectáculo en castellano

No recomendado para menores de 16 años

Monòlegs

Ironía, picardía y humor se unen para contar una historia desde la perspectiva de una lesbiana.

<p>Guion, dirección e interpretación: <strong>Omayra Cazorla <br /></strong>&nbsp;<br />Jefe técnico del teatro: <strong>Roger Muñoz </strong></p>
<p>Márquetin y comunicación: <strong>Focus</strong> </p>
<p>Es una producción de <strong>MPC Management </strong></p>

YoTambiénFuiHetero

[{"localizer":"V4PORTADAWIDE","url":"media/ver/port/wide/v4/316A2/01_091_00057362/Portada-0-yo-tambien-fui-hetero-goya.jpg","thumb_url":"","title":"Yo también fui hetero - Teatre goya","description":"yo tambien fui hetero al teatre goya","copyright":"","order":1},{"localizer":"V4PORTADAWIDEMOBILE","url":"media/ver/port/wide/mobile/v4/316A2/01_092_00057363/Portada-mobile-yo-tambien-fui-hetero-goya.jpg","thumb_url":"","title":"Yo también fui hetero - Teatre Goya","description":"yo tambien fui hetero al teatre goya","copyright":"","order":2},{"localizer":"V4PORTADA","url":"media/ver/port/v4/316A2/01_090_00057364/Portada-1-yo-tambien-fui-hetero-goya.jpg","thumb_url":"","title":"Yo también fui hetero - Teatre Goya","description":"yo tambien fui hetero en el teatre goya","copyright":"","order":3},{"localizer":"V4CARTELL","url":"media/ver/cartell/v4/316A2/01_089_00057365/Cartell-web-yo-tambien-fui-hetero-goya.jpg","thumb_url":"","title":"Yo también fui hetero - Teatre Goya","description":"yo tambien fui hetero en el teatre goya","copyright":"","order":4}]

<!-- This site is optimized with the Yoast SEO plugin v27.5 - https://yoast.com/product/yoast-seo-wordpress/ -->
<title>Yo también fui hetero - Teatre Goya</title>
<meta name="robots" content="index, follow, max-snippet:-1, max-image-preview:large, max-video-preview:-1" />
<link rel="canonical" href="https://www.teatregoya.cat/es/ex/yo-tambien-fui-hetero/" />
<script type="application/ld+json" class="yoast-schema-graph">{"@context":"https:\/\/schema.org","@graph":[{"@type":"WebPage","@id":"https:\/\/www.teatregoya.cat\/es\/ex\/yo-tambien-fui-hetero\/","url":"https:\/\/www.teatregoya.cat\/es\/ex\/yo-tambien-fui-hetero\/","name":"Yo también fui hetero - Teatre Goya","isPartOf":{"@id":"https:\/\/www.teatregoya.cat\/es\/#website"},"datePublished":"2024-02-07T08:29:29+00:00","breadcrumb":{"@id":"https:\/\/www.teatregoya.cat\/es\/ex\/yo-tambien-fui-hetero\/#breadcrumb"},"inLanguage":"es","potentialAction":[{"@type":"ReadAction","target":["https:\/\/www.teatregoya.cat\/es\/ex\/yo-tambien-fui-hetero\/"]}]},{"@type":"BreadcrumbList","@id":"https:\/\/www.teatregoya.cat\/es\/ex\/yo-tambien-fui-hetero\/#breadcrumb","itemListElement":[{"@type":"ListItem","position":1,"name":"Home","item":"https:\/\/www.teatregoya.cat\/es\/"},{"@type":"ListItem","position":2,"name":"Espectacles","item":"https:\/\/www.teatregoya.cat\/es\/ex\/"},{"@type":"ListItem","position":3,"name":"Yo también fui hetero"}]},{"@type":"WebSite","@id":"https:\/\/www.teatregoya.cat\/es\/#website","url":"https:\/\/www.teatregoya.cat\/es\/","name":"Teatre Goya","description":"","publisher":{"@id":"https:\/\/www.teatregoya.cat\/es\/#organization"},"potentialAction":[{"@type":"SearchAction","target":{"@type":"EntryPoint","urlTemplate":"https:\/\/www.teatregoya.cat\/es\/?s={search_term_string}"},"query-input":{"@type":"PropertyValueSpecification","valueRequired":true,"valueName":"search_term_string"}}],"inLanguage":"es"},{"@type":"Organization","@id":"https:\/\/www.teatregoya.cat\/es\/#organization","name":"Teatre Goya","url":"https:\/\/www.teatregoya.cat\/es\/","logo":{"@type":"ImageObject","inLanguage":"es","@id":"https:\/\/www.teatregoya.cat\/es\/#\/schema\/logo\/image\/","url":"https:\/\/www.teatregoya.cat\/wp-content\/uploads\/sites\/4\/2017\/09\/teatre-goya-logo.svg","contentUrl":"https:\/\/www.teatregoya.cat\/wp-content\/uploads\/sites\/4\/2017\/09\/teatre-goya-logo.svg","width":1,"height":1,"caption":"Teatre Goya"},"image":{"@id":"https:\/\/www.teatregoya.cat\/es\/#\/schema\/logo\/image\/"},"sameAs":["http:\/\/www.facebook.com\/TeatreGoya","https:\/\/x.com\/Teatre_Goya","http:\/\/instagram.com\/teatre_goya","http:\/\/www.youtube.com\/user\/TeatreGoya"]}]}</script>
<!-- / Yoast SEO plugin. -->

Yo también fui hetero - Teatre Goya
