{"id":3034,"date":"2022-07-06T10:14:42","date_gmt":"2022-07-06T08:14:42","guid":{"rendered":"https:\/\/pre.teatregoya.cat\/ex\/\/cadires-2\/"},"modified":"2022-07-06T10:14:42","modified_gmt":"2022-07-06T08:14:42","slug":"cadires-2","status":"publish","type":"ex","link":"https:\/\/www.teatregoya.cat\/es\/ex\/cadires-2\/","title":{"rendered":"Cadires"},"content":{"rendered":"","protected":false},"excerpt":{"rendered":"","protected":false},"author":2,"featured_media":0,"comment_status":"closed","ping_status":"closed","template":"","class_list":["post-3034","ex","type-ex","status-publish","hentry","season-2022-23"],"acf":{"txt_synopsis":"Mont, despu\u00e9s de muchos a\u00f1os harta de cargar con el estigma de ser considerada solo una actriz c\u00f3mica, ten\u00eda ganas de hacer una obra \u201cprofunda\u201d para reflexionar sobre la vejez y el paso del tiempo. Una obra como<em> Las sillas<\/em> de Ionesco, aquel mito del \u201cTeatro del absurdo\u201d en que dos viejos preparan una sala vac\u00eda llena de sillas para transmitir a unos invitados \u2013 que a lo mejor ya no vendr\u00e1n nunca \u2013 el mensaje conclusivo de toda una vida. <br \/>Oriol \u2013 probablemente el actor que m\u00e1s personajes ha representado nunca en el Teatre Nacional de Catalunya \u2013 estaba un poco cansado de las excentricidades del teatro contempor\u00e1neo y ten\u00eda unas ganas enormes de hacer un teatro m\u00e1s \u201crelajado\u201d. A pesar de su trayectoria en el mundo de la escena m\u00e1s \u201calternativa\u201d y estramb\u00f3tica, Oriol empez\u00f3 haciendo zarzuelas y teatro infantil, y de vez en cuando a\u00fan se pregunta si no habr\u00eda sido m\u00e1s feliz si se hubiera podido dedicar hacer teatro popular sin aspiraciones art\u00edsticas ni intelectuales. <br \/>Mont fue a buscar Oriol convencida de que se le abrir\u00edan las puertas de algunos teatros p\u00fablicos o subvencionados, y a Oriol le pareci\u00f3 que con una estrella c\u00f3mica como Mont conseguir\u00eda, por fin, volver al teatro m\u00e1s entretenido para pasar el rato. Pero la realidad fue que durante unos cuantos a\u00f1os ambos actores recorrieron los diferentes despachos de programadores con sus propuestas, sin demasiado \u00e9xito. Ahora bien: de golpe, las cosas parecen haber cambiado, y estas dos viejas glorias del teatro catal\u00e1n por fin podr\u00e1n plantar sus sillas en un escenario que los acoja con los brazos abiertos\u2026 <br \/>","main_buy_link":"https:\/\/proticketing.com\/teatregoya\/es_ES\/entradas\/evento\/25522","main_buy_links":"[\"https:\/\/proticketing.com\/teatregoya\/es_ES\/entradas\/evento\/25522\"]","group_buy_link":"","show_language":"Espect\u00e1culo en catal\u00e1n","show_duration":"90","show_start_date":"20220927000000","show_end_date":"20221213000000","show_sort_date":"20220927000000","txt_custom_show_dates":"hasta el 13 de diciembre de 2022","show_disciplines":"","show_ultimes_funcions":false,"hide_tarifes_especials":false,"show_properament":false,"txt_additional_info":"","txt_present":"","show_season":[95],"txt_season":"[\"2022\/23\"]","txt_cycle":"","txt_claim":"Mont, despu\u00e9s de muchos a\u00f1os harta de cargar con el estigma de ser considerada solo una actriz c\u00f3mica, ten\u00eda ganas de hacer una obra \u201cprofunda\u201d para reflexionar sobre la vejez y el paso del tiempo. Una obra como Les cadires de Ionesco, aquel mito del \u201cTeatro del absurdo\u201d en que dos viejos preparan una sala vac\u00eda llena de sillas para transmitir a unos invitados \u2013 que a lo mejor ya no vendr\u00e1n nunca \u2013 el mensaje conclusivo de toda una vida.","txt_cast_excerpt":"","txt_cast":"<p>Una obra de <strong>Oriol Gen\u00eds y Mont Plans<\/strong><br \/>Dramaturgia y direcci\u00f3n:<strong> Albert Arribas<\/strong> <br \/>Int\u00e9rpretes: <strong>Mont Plans y Oriol Gen\u00eds<\/strong> <\/p>\n<p>V\u00eddeo: <strong>Arnau Artigas<br \/><\/strong>Producci\u00f3n ejecutiva: <strong>Teorema Teatre<\/strong><br \/>Ayudant\u00eda de direcci\u00f3n: <strong>Eva Vilar<\/strong><br \/>Jefe t\u00e9cnico del teatro: <strong>Roger Mu\u00f1oz<\/strong><\/p>\n<p>M\u00e1rquetin y comunicaci\u00f3n <strong>Focus<\/strong><br \/>Fotografies: <strong>Carme Ferrer<\/strong><br \/>Dise\u00f1o gr\u00e1fico <strong>Santi&Kco<\/strong><\/p>\n<p>Es una producci\u00f3n de <strong>Centaure Produccions y Teorema Teatre<\/strong><br \/>Con el apoyo del <strong>OSIC <\/strong><\/p>\n<p>Agradecimientos: <strong>Fam\u00edlia Llurba y C\u00e0ndida P\u00e9rez. Sala Beckett \/Obrador Internacional de Dramat\u00fargia y Espai BES.Ionesco, Fellini, Mar\u00edlia Samper, Marc Rosich, Llu\u00efsa Cunill\u00e9 y Manolo Da Costa. Jordi Dom\u00e8nech.<\/strong><\/p>\n<p>Distribuci\u00f3n: <strong>Bit\u00f2 Produccions <\/strong><\/p>\n<p><br \/><\/p>","txt_reviews":"","hashtag":"Cadires","have_promo":"","slogan":"","id_exhibicio":1920,"id_versio":1535,"id_local":35,"txt_seo_desc":"Cadires, una obra de Oriol Gen\u00eds y Mont Plans en el Teatre Goya de Barcelona","data_images":"[{\"localizer\":\"V3PORTADAWIDE\",\"url\":\"media\/ver\/port\/v3wide\/315DE\/01_088_00054221\/0-cadires-teatre-goya.jpg\",\"thumb_url\":\"media\/ver\/port\/v3wide\/315DE\/01_088_00054221\/0-cadires-teatre-goya_thumb.jpg\",\"title\":\"Cadires - Teatre Goya\",\"description\":\"cadires al teatre goya de barcelona\",\"copyright\":\"\",\"order\":1},{\"localizer\":\"V3PORTADA\",\"url\":\"media\/ver\/port\/v3\/315DE\/01_084_00054222\/1-cadires-teatre-goya.jpg\",\"thumb_url\":\"media\/ver\/port\/v3\/315DE\/01_084_00054222\/1-cadires-teatre-goya_thumb.jpg\",\"title\":\"Cadires - Teatre Goya\",\"description\":\"cadires al teatre goya de barcelona\",\"copyright\":\"\",\"order\":2},{\"localizer\":\"V3SLIDE\",\"url\":\"media\/ftgalslide\/v3\/315DE\/01_086_00054223\/CADIRES_7459_[Carme_Ferrer].jpg\",\"thumb_url\":\"media\/ftgalslide\/v3\/315DE\/01_086_00054223\/CADIRES_7459_[Carme_Ferrer]_thumb.jpg\",\"title\":\"Cadires - Teatre Goya\",\"description\":\"cadires al teatre goya de barcelona\",\"copyright\":\"https:\/\/www.youtube.com\/watch?v=qTl6Swle9Zs\",\"order\":3},{\"localizer\":\"V3CARTELL\",\"url\":\"media\/ver\/cartell\/v3\/315DF\/01_085_00054294\/cartell-web-cadires-teatre-goya.jpg\",\"thumb_url\":\"media\/ver\/cartell\/v3\/315DF\/01_085_00054294\/cartell-web-cadires-teatre-goya_thumb.jpg\",\"title\":\"Cadires - Teatre Goya\",\"description\":\"cadires al teatre goya de barcelona\",\"copyright\":\"\",\"order\":4},{\"localizer\":\"V3SLIDE\",\"url\":\"media\/ftgalslide\/v3\/315E0\/01_086_00054521\/CADIRES_7532_[Carme_Ferrer].jpg\",\"thumb_url\":\"media\/ftgalslide\/v3\/315E0\/01_086_00054521\/CADIRES_7532_[Carme_Ferrer]_thumb.jpg\",\"title\":\"Cadires -Teatre Goya\",\"description\":\"cadires al teatre goya de barcelona\",\"copyright\":\"\",\"order\":5},{\"localizer\":\"V3SLIDE\",\"url\":\"media\/ftgalslide\/v3\/315E0\/01_086_00054523\/CADIRES_7846_[Carme_Ferrer].jpg\",\"thumb_url\":\"media\/ftgalslide\/v3\/315E0\/01_086_00054523\/CADIRES_7846_[Carme_Ferrer]_thumb.jpg\",\"title\":\"Cadires - Teatre Goya\",\"description\":\"cadires al teatre goya de barcelona\",\"copyright\":\"\",\"order\":6}]","material__texto_intro":"","data_material":null,"data_gallery":"","data_discounts":"[]","contract_is_open":false,"in_tour":false},"yoast_head":"<!-- This site is optimized with the Yoast SEO plugin v27.5 - https:\/\/yoast.com\/product\/yoast-seo-wordpress\/ -->\n<title>Cadires - Teatre Goya<\/title>\n<meta name=\"robots\" content=\"index, follow, max-snippet:-1, max-image-preview:large, max-video-preview:-1\" \/>\n<link rel=\"canonical\" href=\"https:\/\/www.teatregoya.cat\/es\/ex\/cadires-2\/\" \/>\n<script type=\"application\/ld+json\" class=\"yoast-schema-graph\">{\"@context\":\"https:\\\/\\\/schema.org\",\"@graph\":[{\"@type\":\"WebPage\",\"@id\":\"https:\\\/\\\/www.teatregoya.cat\\\/es\\\/ex\\\/cadires-2\\\/\",\"url\":\"https:\\\/\\\/www.teatregoya.cat\\\/es\\\/ex\\\/cadires-2\\\/\",\"name\":\"Cadires - Teatre Goya\",\"isPartOf\":{\"@id\":\"https:\\\/\\\/www.teatregoya.cat\\\/es\\\/#website\"},\"datePublished\":\"2022-07-06T08:14:42+00:00\",\"breadcrumb\":{\"@id\":\"https:\\\/\\\/www.teatregoya.cat\\\/es\\\/ex\\\/cadires-2\\\/#breadcrumb\"},\"inLanguage\":\"es\",\"potentialAction\":[{\"@type\":\"ReadAction\",\"target\":[\"https:\\\/\\\/www.teatregoya.cat\\\/es\\\/ex\\\/cadires-2\\\/\"]}]},{\"@type\":\"BreadcrumbList\",\"@id\":\"https:\\\/\\\/www.teatregoya.cat\\\/es\\\/ex\\\/cadires-2\\\/#breadcrumb\",\"itemListElement\":[{\"@type\":\"ListItem\",\"position\":1,\"name\":\"Home\",\"item\":\"https:\\\/\\\/www.teatregoya.cat\\\/es\\\/\"},{\"@type\":\"ListItem\",\"position\":2,\"name\":\"Espectacles\",\"item\":\"https:\\\/\\\/www.teatregoya.cat\\\/es\\\/ex\\\/\"},{\"@type\":\"ListItem\",\"position\":3,\"name\":\"Cadires\"}]},{\"@type\":\"WebSite\",\"@id\":\"https:\\\/\\\/www.teatregoya.cat\\\/es\\\/#website\",\"url\":\"https:\\\/\\\/www.teatregoya.cat\\\/es\\\/\",\"name\":\"Teatre Goya\",\"description\":\"\",\"publisher\":{\"@id\":\"https:\\\/\\\/www.teatregoya.cat\\\/es\\\/#organization\"},\"potentialAction\":[{\"@type\":\"SearchAction\",\"target\":{\"@type\":\"EntryPoint\",\"urlTemplate\":\"https:\\\/\\\/www.teatregoya.cat\\\/es\\\/?s={search_term_string}\"},\"query-input\":{\"@type\":\"PropertyValueSpecification\",\"valueRequired\":true,\"valueName\":\"search_term_string\"}}],\"inLanguage\":\"es\"},{\"@type\":\"Organization\",\"@id\":\"https:\\\/\\\/www.teatregoya.cat\\\/es\\\/#organization\",\"name\":\"Teatre Goya\",\"url\":\"https:\\\/\\\/www.teatregoya.cat\\\/es\\\/\",\"logo\":{\"@type\":\"ImageObject\",\"inLanguage\":\"es\",\"@id\":\"https:\\\/\\\/www.teatregoya.cat\\\/es\\\/#\\\/schema\\\/logo\\\/image\\\/\",\"url\":\"https:\\\/\\\/www.teatregoya.cat\\\/wp-content\\\/uploads\\\/sites\\\/4\\\/2017\\\/09\\\/teatre-goya-logo.svg\",\"contentUrl\":\"https:\\\/\\\/www.teatregoya.cat\\\/wp-content\\\/uploads\\\/sites\\\/4\\\/2017\\\/09\\\/teatre-goya-logo.svg\",\"width\":1,\"height\":1,\"caption\":\"Teatre Goya\"},\"image\":{\"@id\":\"https:\\\/\\\/www.teatregoya.cat\\\/es\\\/#\\\/schema\\\/logo\\\/image\\\/\"},\"sameAs\":[\"http:\\\/\\\/www.facebook.com\\\/TeatreGoya\",\"https:\\\/\\\/x.com\\\/Teatre_Goya\",\"http:\\\/\\\/instagram.com\\\/teatre_goya\",\"http:\\\/\\\/www.youtube.com\\\/user\\\/TeatreGoya\"]}]}<\/script>\n<!-- \/ Yoast SEO plugin. -->","yoast_head_json":{"title":"Cadires - Teatre Goya","robots":{"index":"index","follow":"follow","max-snippet":"max-snippet:-1","max-image-preview":"max-image-preview:large","max-video-preview":"max-video-preview:-1"},"canonical":"https:\/\/www.teatregoya.cat\/es\/ex\/cadires-2\/","schema":{"@context":"https:\/\/schema.org","@graph":[{"@type":"WebPage","@id":"https:\/\/www.teatregoya.cat\/es\/ex\/cadires-2\/","url":"https:\/\/www.teatregoya.cat\/es\/ex\/cadires-2\/","name":"Cadires - Teatre Goya","isPartOf":{"@id":"https:\/\/www.teatregoya.cat\/es\/#website"},"datePublished":"2022-07-06T08:14:42+00:00","breadcrumb":{"@id":"https:\/\/www.teatregoya.cat\/es\/ex\/cadires-2\/#breadcrumb"},"inLanguage":"es","potentialAction":[{"@type":"ReadAction","target":["https:\/\/www.teatregoya.cat\/es\/ex\/cadires-2\/"]}]},{"@type":"BreadcrumbList","@id":"https:\/\/www.teatregoya.cat\/es\/ex\/cadires-2\/#breadcrumb","itemListElement":[{"@type":"ListItem","position":1,"name":"Home","item":"https:\/\/www.teatregoya.cat\/es\/"},{"@type":"ListItem","position":2,"name":"Espectacles","item":"https:\/\/www.teatregoya.cat\/es\/ex\/"},{"@type":"ListItem","position":3,"name":"Cadires"}]},{"@type":"WebSite","@id":"https:\/\/www.teatregoya.cat\/es\/#website","url":"https:\/\/www.teatregoya.cat\/es\/","name":"Teatre Goya","description":"","publisher":{"@id":"https:\/\/www.teatregoya.cat\/es\/#organization"},"potentialAction":[{"@type":"SearchAction","target":{"@type":"EntryPoint","urlTemplate":"https:\/\/www.teatregoya.cat\/es\/?s={search_term_string}"},"query-input":{"@type":"PropertyValueSpecification","valueRequired":true,"valueName":"search_term_string"}}],"inLanguage":"es"},{"@type":"Organization","@id":"https:\/\/www.teatregoya.cat\/es\/#organization","name":"Teatre Goya","url":"https:\/\/www.teatregoya.cat\/es\/","logo":{"@type":"ImageObject","inLanguage":"es","@id":"https:\/\/www.teatregoya.cat\/es\/#\/schema\/logo\/image\/","url":"https:\/\/www.teatregoya.cat\/wp-content\/uploads\/sites\/4\/2017\/09\/teatre-goya-logo.svg","contentUrl":"https:\/\/www.teatregoya.cat\/wp-content\/uploads\/sites\/4\/2017\/09\/teatre-goya-logo.svg","width":1,"height":1,"caption":"Teatre Goya"},"image":{"@id":"https:\/\/www.teatregoya.cat\/es\/#\/schema\/logo\/image\/"},"sameAs":["http:\/\/www.facebook.com\/TeatreGoya","https:\/\/x.com\/Teatre_Goya","http:\/\/instagram.com\/teatre_goya","http:\/\/www.youtube.com\/user\/TeatreGoya"]}]}},"translations":[{"id":2892,"locale":"ca"},{"id":3034,"locale":"es"}],"_links":{"self":[{"href":"https:\/\/www.teatregoya.cat\/es\/wp-json\/wp\/v2\/ex\/3034","targetHints":{"allow":["GET"]}}],"collection":[{"href":"https:\/\/www.teatregoya.cat\/es\/wp-json\/wp\/v2\/ex"}],"about":[{"href":"https:\/\/www.teatregoya.cat\/es\/wp-json\/wp\/v2\/types\/ex"}],"author":[{"embeddable":true,"href":"https:\/\/www.teatregoya.cat\/es\/wp-json\/wp\/v2\/users\/2"}],"replies":[{"embeddable":true,"href":"https:\/\/www.teatregoya.cat\/es\/wp-json\/wp\/v2\/comments?post=3034"}],"acf:term":[{"embeddable":true,"taxonomy":"season","href":"https:\/\/www.teatregoya.cat\/es\/wp-json\/wp\/v2\/season\/95"}],"wp:attachment":[{"href":"https:\/\/www.teatregoya.cat\/es\/wp-json\/wp\/v2\/media?parent=3034"}],"curies":[{"name":"wp","href":"https:\/\/api.w.org\/{rel}","templated":true}]}}

Mont, después de muchos años harta de cargar con el estigma de ser considerada solo una actriz cómica, tenía ganas de hacer una obra “profunda” para reflexionar sobre la vejez y el paso del tiempo. Una obra como<em> Las sillas</em> de Ionesco, aquel mito del “Teatro del absurdo” en que dos viejos preparan una sala vacía llena de sillas para transmitir a unos invitados – que a lo mejor ya no vendrán nunca – el mensaje conclusivo de toda una vida. <br />Oriol – probablemente el actor que más personajes ha representado nunca en el Teatre Nacional de Catalunya – estaba un poco cansado de las excentricidades del teatro contemporáneo y tenía unas ganas enormes de hacer un teatro más “relajado”. A pesar de su trayectoria en el mundo de la escena más “alternativa” y estrambótica, Oriol empezó haciendo zarzuelas y teatro infantil, y de vez en cuando aún se pregunta si no habría sido más feliz si se hubiera podido dedicar hacer teatro popular sin aspiraciones artísticas ni intelectuales. <br />Mont fue a buscar Oriol convencida de que se le abrirían las puertas de algunos teatros públicos o subvencionados, y a Oriol le pareció que con una estrella cómica como Mont conseguiría, por fin, volver al teatro más entretenido para pasar el rato. Pero la realidad fue que durante unos cuantos años ambos actores recorrieron los diferentes despachos de programadores con sus propuestas, sin demasiado éxito. Ahora bien: de golpe, las cosas parecen haber cambiado, y estas dos viejas glorias del teatro catalán por fin podrán plantar sus sillas en un escenario que los acoja con los brazos abiertos… <br />

Espectáculo en catalán

Mont, después de muchos años harta de cargar con el estigma de ser considerada solo una actriz cómica, tenía ganas de hacer una obra “profunda” para reflexionar sobre la vejez y el paso del tiempo. Una obra como Les cadires de Ionesco, aquel mito del “Teatro del absurdo” en que dos viejos preparan una sala vacía llena de sillas para transmitir a unos invitados – que a lo mejor ya no vendrán nunca – el mensaje conclusivo de toda una vida.

<p>Una obra de <strong>Oriol Genís y Mont Plans</strong><br />Dramaturgia y dirección:<strong> Albert Arribas</strong> <br />Intérpretes: <strong>Mont Plans y Oriol Genís</strong> </p>
<p>Vídeo: <strong>Arnau Artigas<br /></strong>Producción ejecutiva: <strong>Teorema Teatre</strong><br />Ayudantía de dirección: <strong>Eva Vilar</strong><br />Jefe técnico del teatro: <strong>Roger Muñoz</strong></p>
<p>Márquetin y comunicación <strong>Focus</strong><br />Fotografies: <strong>Carme Ferrer</strong><br />Diseño gráfico <strong>Santi&Kco</strong></p>
<p>Es una producción de <strong>Centaure Produccions y Teorema Teatre</strong><br />Con el apoyo del <strong>OSIC </strong></p>
<p>Agradecimientos: <strong>Família Llurba y Càndida Pérez. Sala Beckett /Obrador Internacional de Dramatúrgia y Espai BES.Ionesco, Fellini, Marília Samper, Marc Rosich, Lluïsa Cunillé y Manolo Da Costa. Jordi Domènech.</strong></p>
<p>Distribución: <strong>Bitò Produccions </strong></p>
<p><br /></p>

Cadires, una obra de Oriol Genís y Mont Plans en el Teatre Goya de Barcelona
