{"id":3511,"date":"2023-08-16T12:56:54","date_gmt":"2023-08-16T10:56:54","guid":{"rendered":"https:\/\/www.teatregoya.cat\/?page_id=3511"},"modified":"2025-08-11T13:35:41","modified_gmt":"2025-08-11T11:35:41","slug":"espai-educatiu","status":"publish","type":"page","link":"https:\/\/www.teatregoya.cat\/ca\/espai-educatiu\/","title":{"rendered":"Espai Educatiu"},"content":{"rendered":"\n<div class=\"wp-block-group alignfull page-header header-basic has-transparent-background-color has-background is-vertical is-layout-flex wp-container-core-group-is-layout-eb72b9a5 wp-block-group-is-layout-flex\" style=\"padding-top:80px;padding-right:20px;padding-bottom:80px;padding-left:20px\"><h1 style=\"text-transform:uppercase;\" class=\"has-text-align-left wp-block-post-title has-xx-large-fluid-font-size\">Espai Educatiu<\/h1><\/div>\n\n\n\n<div class=\"wp-block-columns block-section is-layout-flex wp-container-core-columns-is-layout-28f84493 wp-block-columns-is-layout-flex\">\n<div class=\"wp-block-column is-layout-flow wp-block-column-is-layout-flow\">\n<div class=\"wp-block-group is-vertical is-layout-flex wp-container-core-group-is-layout-463ea76c wp-block-group-is-layout-flex\">\n<h2 class=\"wp-block-heading has-large-font-size\"><strong>ESCOLES, VENIU EL TEATRE, US HI ACOMPANYEM!<\/strong><\/h2>\n<\/div>\n<\/div>\n\n\n\n<div class=\"wp-block-column is-layout-flow wp-block-column-is-layout-flow\">\n<p>La programaci\u00f3 per a centres educatius per a infants i joves de 0 a 12 anys durant el curs 2025-2026 del Teatre Goya, Teatre Romea i Teatre Condal, s\u2019emmarca en la 22a edici\u00f3 del programa \u201cViu el Teatre amb l\u2019escola\u201d. Una programaci\u00f3 d\u2019espectacles i activitats art\u00edstiques, que cerquen aportar valors pedag\u00f2gics de cada proposta amb l\u2019objectiu de generar curiositat i motivar el debat i la reflexi\u00f3.<\/p>\n<\/div>\n\n\n\n<div class=\"wp-block-column is-layout-flow wp-block-column-is-layout-flow\">\n<p>Els 10 espectacles i les 3 activitats programades disposen d\u2019un dossier pedag\u00f2gic com a guia per preparar i gaudir de l\u2019experi\u00e8ncia, alhora que introdueixen el m\u00f3n esc\u00e8nic i les seves peculiaritats.<\/p>\n\n\n\n<p>Parlem, pensem, mirem-nos, cuidem-nos i continuem treballant per la igualtat d\u2019oportunitats en un m\u00f3n divers i en constant canvi..&nbsp;<\/p>\n<\/div>\n<\/div>\n\n\n\n<div class=\"wp-block-group block-section is-layout-flow wp-block-group-is-layout-flow\">\n<h2 class=\"wp-block-heading has-large-font-size\"><strong>ESPECTACLES AMB FUNCIONS ESCOLARS AL TEATRE GOYA. CURS 2025-2026:<\/strong>&nbsp;<\/h2>\n\n\n\n<div class=\"wp-block-columns block-section__content is-layout-flex wp-container-core-columns-is-layout-763660d3 wp-block-columns-is-layout-flex\" style=\"margin-top:0px;margin-bottom:0px;padding-top:0px;padding-right:0px;padding-bottom:0px;padding-left:0px\">\n<div class=\"wp-block-column is-vertically-aligned-top is-layout-flow wp-block-column-is-layout-flow\">\n<div class=\"wp-block-group is-layout-constrained wp-block-group-is-layout-constrained\">\n<div class=\"wp-block-group is-vertical is-content-justification-left is-layout-flex wp-container-core-group-is-layout-29813446 wp-block-group-is-layout-flex\">\n<h4 class=\"wp-block-heading\"><strong>KL&#8217;AA&nbsp;<\/strong><\/h4>\n\n\n\n<p>30 i 31 d&#8217;octubre de 2025<\/p>\n\n\n\n<h4 class=\"wp-block-heading\"><strong><strong><strong><strong><strong><strong><strong><strong>MOTEL D&#8217;INSECTES <\/strong><\/strong><\/strong><\/strong><\/strong><\/strong><\/strong><\/strong><\/h4>\n\n\n\n<p>16 i 17 d&#8217;octubre de 2025&nbsp;<\/p>\n\n\n\n<h4 class=\"wp-block-heading\"><strong>HOP! <\/strong>&nbsp;<\/h4>\n\n\n\n<p>22 i 23 gener de 2026&nbsp;<\/p>\n\n\n\n<h4 class=\"wp-block-heading\">EL FIL INVISIBLE&nbsp;<\/h4>\n\n\n\n<p>28, 29 i 30 gener de 2026 (19 i 20 gener extra)&nbsp;&nbsp;&nbsp;&nbsp;<\/p>\n<\/div>\n\n\n\n<h4 class=\"wp-block-heading\"><strong>PINTAM\u00daSICA<\/strong>&nbsp;&nbsp;<\/h4>\n\n\n\n<p>24, 25 i 26 febrer de 2026<\/p>\n<\/div>\n<\/div>\n\n\n\n<div class=\"wp-block-column is-layout-flow wp-block-column-is-layout-flow\">\n<div class=\"wp-block-group is-vertical is-content-justification-left is-layout-flex wp-container-core-group-is-layout-29813446 wp-block-group-is-layout-flex\">\n<p>Consulta la programaci\u00f3 escolar per a infantil i prim\u00e0ria VIU EL TEATRE AMB L\u2019ESCOLA (Teatre Romea, Teatre Goya i Teatre Condal): <a href=\"https:\/\/viuelteatre.com\/ca\/programacio-escolar\/\" target=\"_blank\" rel=\"noreferrer noopener\">https:\/\/viuelteatre.com\/ca\/programacio-escolar\/<\/a><\/p>\n\n\n\n<p>Consulta la programaci\u00f3 escolar per a secund\u00e0ria COOLTIVAT (Teatre Condal, Teatre Goya, Teatre Romea i La Villarroel): &nbsp;<br><a href=\"https:\/\/ad.focus.cat\/cooltivat\/\" target=\"_blank\" rel=\"noreferrer noopener\">https:\/\/ad.focus.cat\/cooltivat\/<\/a>&nbsp;&nbsp;&nbsp;<\/p>\n\n\n\n<p>Consultes i reserves: TLF 93 432 43 69 \/ Correu <a href=\"mailto:serveieducatiu@viuelteatre.com\" target=\"_blank\" rel=\"noreferrer noopener\">serveieducatiu@viuelteatre.com<\/a> \/&nbsp; <a href=\"mailto:cooltivat@promentrada.com\" target=\"_blank\" rel=\"noreferrer noopener\">cooltivat@promentrada.com<\/a>&nbsp;&nbsp;<\/p>\n<\/div>\n<\/div>\n<\/div>\n<\/div>\n\n\n\n<p><\/p>\n","protected":false},"excerpt":{"rendered":"<p>ESCOLES, VENIU EL TEATRE, US HI ACOMPANYEM! La programaci\u00f3 per a centres educatius per a infants i joves de 0 a 12 anys durant el curs 2025-2026 del Teatre Goya, Teatre Romea i Teatre Condal, s\u2019emmarca en la 22a edici\u00f3 del programa \u201cViu el Teatre amb l\u2019escola\u201d. Una programaci\u00f3 d\u2019espectacles i activitats art\u00edstiques, que cerquen<a class=\"excerpt-read-more\" href=\"https:\/\/www.teatregoya.cat\/ca\/espai-educatiu\/\" title=\"LlegeixEspai Educatiu\"> &#8230; Llegeix m\u00e9s<\/a><\/p>\n","protected":false},"author":3,"featured_media":0,"parent":0,"menu_order":0,"comment_status":"closed","ping_status":"closed","template":"","meta":{"_acf_changed":false,"footnotes":""},"class_list":["post-3511","page","type-page","status-publish","hentry"],"acf":{"page_description":""},"yoast_head":"<!-- This site is optimized with the Yoast SEO plugin v27.5 - https:\/\/yoast.com\/product\/yoast-seo-wordpress\/ -->\n<title>Espai Educatiu - Teatre Goya<\/title>\n<meta name=\"robots\" content=\"index, follow, max-snippet:-1, max-image-preview:large, max-video-preview:-1\" \/>\n<link rel=\"canonical\" href=\"https:\/\/www.teatregoya.cat\/ca\/espai-educatiu\/\" \/>\n<meta name=\"twitter:label1\" content=\"Temps estimat de lectura\" \/>\n\t<meta name=\"twitter:data1\" content=\"2 minuts\" \/>\n<script type=\"application\/ld+json\" class=\"yoast-schema-graph\">{\"@context\":\"https:\\\/\\\/schema.org\",\"@graph\":[{\"@type\":\"WebPage\",\"@id\":\"https:\\\/\\\/www.teatregoya.cat\\\/ca\\\/espai-educatiu\\\/\",\"url\":\"https:\\\/\\\/www.teatregoya.cat\\\/ca\\\/espai-educatiu\\\/\",\"name\":\"Espai Educatiu - Teatre Goya\",\"isPartOf\":{\"@id\":\"https:\\\/\\\/www.teatregoya.cat\\\/ca\\\/#website\"},\"datePublished\":\"2023-08-16T10:56:54+00:00\",\"dateModified\":\"2025-08-11T11:35:41+00:00\",\"breadcrumb\":{\"@id\":\"https:\\\/\\\/www.teatregoya.cat\\\/ca\\\/espai-educatiu\\\/#breadcrumb\"},\"inLanguage\":\"ca\",\"potentialAction\":[{\"@type\":\"ReadAction\",\"target\":[\"https:\\\/\\\/www.teatregoya.cat\\\/ca\\\/espai-educatiu\\\/\"]}]},{\"@type\":\"BreadcrumbList\",\"@id\":\"https:\\\/\\\/www.teatregoya.cat\\\/ca\\\/espai-educatiu\\\/#breadcrumb\",\"itemListElement\":[{\"@type\":\"ListItem\",\"position\":1,\"name\":\"Home\",\"item\":\"https:\\\/\\\/www.teatregoya.cat\\\/ca\\\/\"},{\"@type\":\"ListItem\",\"position\":2,\"name\":\"Espai Educatiu\"}]},{\"@type\":\"WebSite\",\"@id\":\"https:\\\/\\\/www.teatregoya.cat\\\/ca\\\/#website\",\"url\":\"https:\\\/\\\/www.teatregoya.cat\\\/ca\\\/\",\"name\":\"Teatre Goya\",\"description\":\"\",\"publisher\":{\"@id\":\"https:\\\/\\\/www.teatregoya.cat\\\/ca\\\/#organization\"},\"potentialAction\":[{\"@type\":\"SearchAction\",\"target\":{\"@type\":\"EntryPoint\",\"urlTemplate\":\"https:\\\/\\\/www.teatregoya.cat\\\/ca\\\/?s={search_term_string}\"},\"query-input\":{\"@type\":\"PropertyValueSpecification\",\"valueRequired\":true,\"valueName\":\"search_term_string\"}}],\"inLanguage\":\"ca\"},{\"@type\":\"Organization\",\"@id\":\"https:\\\/\\\/www.teatregoya.cat\\\/ca\\\/#organization\",\"name\":\"Teatre Goya\",\"url\":\"https:\\\/\\\/www.teatregoya.cat\\\/ca\\\/\",\"logo\":{\"@type\":\"ImageObject\",\"inLanguage\":\"ca\",\"@id\":\"https:\\\/\\\/www.teatregoya.cat\\\/ca\\\/#\\\/schema\\\/logo\\\/image\\\/\",\"url\":\"https:\\\/\\\/www.teatregoya.cat\\\/wp-content\\\/uploads\\\/sites\\\/4\\\/2017\\\/09\\\/teatre-goya-logo.svg\",\"contentUrl\":\"https:\\\/\\\/www.teatregoya.cat\\\/wp-content\\\/uploads\\\/sites\\\/4\\\/2017\\\/09\\\/teatre-goya-logo.svg\",\"width\":1,\"height\":1,\"caption\":\"Teatre Goya\"},\"image\":{\"@id\":\"https:\\\/\\\/www.teatregoya.cat\\\/ca\\\/#\\\/schema\\\/logo\\\/image\\\/\"},\"sameAs\":[\"http:\\\/\\\/www.facebook.com\\\/TeatreGoya\",\"https:\\\/\\\/x.com\\\/Teatre_Goya\",\"http:\\\/\\\/instagram.com\\\/teatre_goya\",\"http:\\\/\\\/www.youtube.com\\\/user\\\/TeatreGoya\"]}]}<\/script>\n<!-- \/ Yoast SEO plugin. -->","yoast_head_json":{"title":"Espai Educatiu - Teatre Goya","robots":{"index":"index","follow":"follow","max-snippet":"max-snippet:-1","max-image-preview":"max-image-preview:large","max-video-preview":"max-video-preview:-1"},"canonical":"https:\/\/www.teatregoya.cat\/ca\/espai-educatiu\/","twitter_misc":{"Temps estimat de lectura":"2 minuts"},"schema":{"@context":"https:\/\/schema.org","@graph":[{"@type":"WebPage","@id":"https:\/\/www.teatregoya.cat\/ca\/espai-educatiu\/","url":"https:\/\/www.teatregoya.cat\/ca\/espai-educatiu\/","name":"Espai Educatiu - Teatre Goya","isPartOf":{"@id":"https:\/\/www.teatregoya.cat\/ca\/#website"},"datePublished":"2023-08-16T10:56:54+00:00","dateModified":"2025-08-11T11:35:41+00:00","breadcrumb":{"@id":"https:\/\/www.teatregoya.cat\/ca\/espai-educatiu\/#breadcrumb"},"inLanguage":"ca","potentialAction":[{"@type":"ReadAction","target":["https:\/\/www.teatregoya.cat\/ca\/espai-educatiu\/"]}]},{"@type":"BreadcrumbList","@id":"https:\/\/www.teatregoya.cat\/ca\/espai-educatiu\/#breadcrumb","itemListElement":[{"@type":"ListItem","position":1,"name":"Home","item":"https:\/\/www.teatregoya.cat\/ca\/"},{"@type":"ListItem","position":2,"name":"Espai Educatiu"}]},{"@type":"WebSite","@id":"https:\/\/www.teatregoya.cat\/ca\/#website","url":"https:\/\/www.teatregoya.cat\/ca\/","name":"Teatre Goya","description":"","publisher":{"@id":"https:\/\/www.teatregoya.cat\/ca\/#organization"},"potentialAction":[{"@type":"SearchAction","target":{"@type":"EntryPoint","urlTemplate":"https:\/\/www.teatregoya.cat\/ca\/?s={search_term_string}"},"query-input":{"@type":"PropertyValueSpecification","valueRequired":true,"valueName":"search_term_string"}}],"inLanguage":"ca"},{"@type":"Organization","@id":"https:\/\/www.teatregoya.cat\/ca\/#organization","name":"Teatre Goya","url":"https:\/\/www.teatregoya.cat\/ca\/","logo":{"@type":"ImageObject","inLanguage":"ca","@id":"https:\/\/www.teatregoya.cat\/ca\/#\/schema\/logo\/image\/","url":"https:\/\/www.teatregoya.cat\/wp-content\/uploads\/sites\/4\/2017\/09\/teatre-goya-logo.svg","contentUrl":"https:\/\/www.teatregoya.cat\/wp-content\/uploads\/sites\/4\/2017\/09\/teatre-goya-logo.svg","width":1,"height":1,"caption":"Teatre Goya"},"image":{"@id":"https:\/\/www.teatregoya.cat\/ca\/#\/schema\/logo\/image\/"},"sameAs":["http:\/\/www.facebook.com\/TeatreGoya","https:\/\/x.com\/Teatre_Goya","http:\/\/instagram.com\/teatre_goya","http:\/\/www.youtube.com\/user\/TeatreGoya"]}]}},"_links":{"self":[{"href":"https:\/\/www.teatregoya.cat\/ca\/wp-json\/wp\/v2\/pages\/3511","targetHints":{"allow":["GET"]}}],"collection":[{"href":"https:\/\/www.teatregoya.cat\/ca\/wp-json\/wp\/v2\/pages"}],"about":[{"href":"https:\/\/www.teatregoya.cat\/ca\/wp-json\/wp\/v2\/types\/page"}],"author":[{"embeddable":true,"href":"https:\/\/www.teatregoya.cat\/ca\/wp-json\/wp\/v2\/users\/3"}],"replies":[{"embeddable":true,"href":"https:\/\/www.teatregoya.cat\/ca\/wp-json\/wp\/v2\/comments?post=3511"}],"version-history":[{"count":0,"href":"https:\/\/www.teatregoya.cat\/ca\/wp-json\/wp\/v2\/pages\/3511\/revisions"}],"wp:attachment":[{"href":"https:\/\/www.teatregoya.cat\/ca\/wp-json\/wp\/v2\/media?parent=3511"}],"curies":[{"name":"wp","href":"https:\/\/api.w.org\/{rel}","templated":true}]}}

<div class="wp-block-group alignfull page-header header-basic has-transparent-background-color has-background is-vertical is-layout-flex wp-container-core-group-is-layout-eb72b9a5 wp-block-group-is-layout-flex" style="padding-top:80px;padding-right:20px;padding-bottom:80px;padding-left:20px"><h1 style="text-transform:uppercase;" class="has-text-align-left wp-block-post-title has-xx-large-fluid-font-size">Espai Educatiu</h1></div>



<div class="wp-block-columns block-section is-layout-flex wp-container-core-columns-is-layout-28f84493 wp-block-columns-is-layout-flex">
<div class="wp-block-column is-layout-flow wp-block-column-is-layout-flow">
<div class="wp-block-group is-vertical is-layout-flex wp-container-core-group-is-layout-463ea76c wp-block-group-is-layout-flex">
<h2 class="wp-block-heading has-large-font-size"><strong>ESCOLES, VENIU EL TEATRE, US HI ACOMPANYEM!</strong></h2>
</div>
</div>



<div class="wp-block-column is-layout-flow wp-block-column-is-layout-flow">
<p>La programació per a centres educatius per a infants i joves de 0 a 12 anys durant el curs 2025-2026 del Teatre Goya, Teatre Romea i Teatre Condal, s’emmarca en la 22a edició del programa “Viu el Teatre amb l’escola”. Una programació d’espectacles i activitats artístiques, que cerquen aportar valors pedagògics de cada proposta amb l’objectiu de generar curiositat i motivar el debat i la reflexió.</p>
</div>



<div class="wp-block-column is-layout-flow wp-block-column-is-layout-flow">
<p>Els 10 espectacles i les 3 activitats programades disposen d’un dossier pedagògic com a guia per preparar i gaudir de l’experiència, alhora que introdueixen el món escènic i les seves peculiaritats.</p>



<p>Parlem, pensem, mirem-nos, cuidem-nos i continuem treballant per la igualtat d’oportunitats en un món divers i en constant canvi..&nbsp;</p>
</div>
</div>



<div class="wp-block-group block-section is-layout-flow wp-block-group-is-layout-flow">
<h2 class="wp-block-heading has-large-font-size"><strong>ESPECTACLES AMB FUNCIONS ESCOLARS AL TEATRE GOYA. CURS 2025-2026:</strong>&nbsp;</h2>



<div class="wp-block-columns block-section__content is-layout-flex wp-container-core-columns-is-layout-763660d3 wp-block-columns-is-layout-flex" style="margin-top:0px;margin-bottom:0px;padding-top:0px;padding-right:0px;padding-bottom:0px;padding-left:0px">
<div class="wp-block-column is-vertically-aligned-top is-layout-flow wp-block-column-is-layout-flow">
<div class="wp-block-group is-layout-constrained wp-block-group-is-layout-constrained">
<div class="wp-block-group is-vertical is-content-justification-left is-layout-flex wp-container-core-group-is-layout-29813446 wp-block-group-is-layout-flex">
<h4 class="wp-block-heading"><strong>KL&#8217;AA&nbsp;</strong></h4>



<p>30 i 31 d&#8217;octubre de 2025</p>



<h4 class="wp-block-heading"><strong><strong><strong><strong><strong><strong><strong><strong>MOTEL D&#8217;INSECTES </strong></strong></strong></strong></strong></strong></strong></strong></h4>



<p>16 i 17 d&#8217;octubre de 2025&nbsp;</p>



<h4 class="wp-block-heading"><strong>HOP! </strong>&nbsp;</h4>



<p>22 i 23 gener de 2026&nbsp;</p>



<h4 class="wp-block-heading">EL FIL INVISIBLE&nbsp;</h4>



<p>28, 29 i 30 gener de 2026 (19 i 20 gener extra)&nbsp;&nbsp;&nbsp;&nbsp;</p>
</div>



<h4 class="wp-block-heading"><strong>PINTAMÚSICA</strong>&nbsp;&nbsp;</h4>



<p>24, 25 i 26 febrer de 2026</p>
</div>
</div>



<div class="wp-block-column is-layout-flow wp-block-column-is-layout-flow">
<div class="wp-block-group is-vertical is-content-justification-left is-layout-flex wp-container-core-group-is-layout-29813446 wp-block-group-is-layout-flex">
<p>Consulta la programació escolar per a infantil i primària VIU EL TEATRE AMB L’ESCOLA (Teatre Romea, Teatre Goya i Teatre Condal): <a href="https://viuelteatre.com/ca/programacio-escolar/" target="_blank" rel="noreferrer noopener">https://viuelteatre.com/ca/programacio-escolar/</a></p>



<p>Consulta la programació escolar per a secundària COOLTIVAT (Teatre Condal, Teatre Goya, Teatre Romea i La Villarroel): &nbsp;<br><a href="https://ad.focus.cat/cooltivat/" target="_blank" rel="noreferrer noopener">https://ad.focus.cat/cooltivat/</a>&nbsp;&nbsp;&nbsp;</p>



<p>Consultes i reserves: TLF 93 432 43 69 / Correu <a href="mailto:serveieducatiu@viuelteatre.com" target="_blank" rel="noreferrer noopener">serveieducatiu@viuelteatre.com</a> /&nbsp; <a href="mailto:cooltivat@promentrada.com" target="_blank" rel="noreferrer noopener">cooltivat@promentrada.com</a>&nbsp;&nbsp;</p>
</div>
</div>
</div>
</div>



<p></p>

<p>ESCOLES, VENIU EL TEATRE, US HI ACOMPANYEM! La programació per a centres educatius per a infants i joves de 0 a 12 anys durant el curs 2025-2026 del Teatre Goya, Teatre Romea i Teatre Condal, s’emmarca en la 22a edició del programa “Viu el Teatre amb l’escola”. Una programació d’espectacles i activitats artístiques, que cerquen<a class="excerpt-read-more" href="https://www.teatregoya.cat/ca/espai-educatiu/" title="LlegeixEspai Educatiu"> &#8230; Llegeix més</a></p>
