{"id":4504,"date":"2026-09-03T15:49:25","date_gmt":"2026-09-03T13:49:25","guid":{"rendered":"https:\/\/www.teatregoya.cat\/ex\/les-filles\/"},"modified":"2026-09-03T15:49:25","modified_gmt":"2026-09-03T13:49:25","slug":"les-filles","status":"publish","type":"ex","link":"https:\/\/www.teatregoya.cat\/ca\/ex\/les-filles\/","title":{"rendered":"LES FILLES"},"content":{"rendered":"","protected":false},"excerpt":{"rendered":"","protected":false},"author":2,"featured_media":0,"comment_status":"closed","ping_status":"closed","template":"","class_list":["post-4504","ex","type-ex","status-publish","hentry","season-2026-27"],"acf":{"txt_synopsis":"<p class=\"ql-align-justify\" align=\"justify\"><strong>Cadasc\u00fa t\u00e9 la mare que recorda.<\/strong> <\/p><p class=\"ql-align-justify\" align=\"justify\">Tres germanes es retroben per organitzar la festa d&#39;aniversari de la seva mare. Globus, espelmes, cartes de tarot i una garlanda. Per\u00f2 la festa \u00e9s l&#39;excusa: el que de deb\u00f2 han vingut a decidir \u00e9s qu\u00e8 han de fer ara que la mare, aquella jutgessa que sempre ha pogut amb tot, comen\u00e7a a no ser qui era. <\/p><p class=\"ql-align-justify\" align=\"justify\">Entre velles ranc\u00fanies, secrets retrobats i atacs de riure que esclaten enmig del plor, la nit es converteix en un ajustament de comptes. Qui se n&#39;ha de fer c\u00e0rrec? Qui l&#39;estima i qui no s&#39;atreveix a dir-ho? I si decidir per la mare fos, en fons, decidir qui s\u00f3n elles? <\/p><p class=\"ql-align-justify\" align=\"justify\">Una tragicom\u00e8dia esmolada sobre les germanes, l&#39;her\u00e8ncia emocional i el moment exacte en qu\u00e8 fills i pares s&#39;intercanvien els papers. Perqu\u00e8 arriba un dia a la vida que deixes de ser filla. I ning\u00fa no t&#39;ha ensenyat com fer-ho. <\/p>","main_buy_link":"https:\/\/tickets.oneboxtds.com\/teatregoya\/events\/59648?hl=ca-ES ","main_buy_links":"[\"https:\/\/tickets.oneboxtds.com\/teatregoya\/events\/59648?hl=ca-ES \"]","group_buy_link":"https:\/\/www.promentrada.com\/ca\/programacio\/c\/2156-les-filles-grups.html","show_language":"Espectacle en catal\u00e0 ","show_duration":"0","show_start_date":"20270423000000","show_end_date":"20270523000000","show_sort_date":"20270423000000","txt_custom_show_dates":"","show_disciplines":"11","show_ultimes_funcions":false,"hide_tarifes_especials":false,"show_properament":false,"txt_additional_info":"<p>Recomanat a partir de <strong>12 anys <\/strong> <\/p>","txt_present":"","show_season":[105],"txt_season":"[\"2026\/27\"]","txt_cycle":"","txt_claim":"","txt_cast_excerpt":"","txt_cast":"<p>Autoria:<strong> Ariadna Asturzzi<\/strong> <br>Traducci\u00f3 i adaptaci\u00f3:<strong> Jordi Casanovas<\/strong> <br>Direcci\u00f3: <strong>Jordi Casanovas<\/strong> <\/p><p>  <\/p><p>Int\u00e8rprets: <strong>Maria Molins, Rosa Boladeras i Anna Sahun<\/strong> <\/p><p>  <\/p><p>Escenografia: <strong>Paula Bosch<\/strong> <br>Vestuari: <strong>Bernat Grau<\/strong> <br>Il\u00b7luminaci\u00f3: <strong>Sylvia Kuchinow<\/strong> <br>Espai sonor: <strong>Oscar Villar<\/strong> <br>aracteritzaci\u00f3:<strong> Maru Errando<\/strong> <\/p><p>  <\/p><p>Direcci\u00f3 de producci\u00f3: <strong>Carles Manrique<\/strong> <br>Direcci\u00f3 t\u00e8cnica: <strong>\u00c0ngel Puertas <\/strong> <\/p><p><strong> <\/strong> <\/p><p>Ajudantia de producci\u00f3: <strong>Fran Torrella<\/strong> <br>Regidoria: <strong>Montse Alaquart<\/strong> <\/p><p>  <\/p><p>Cap t\u00e8cnic del teatre: <strong>Roger Mu\u00f1oz<\/strong> <br>T\u00e8cnica del teatre: <strong>Eva Rotll\u00e1n<\/strong> <\/p><p>  <\/p><p>Espot i v\u00eddeo promocional: <strong>Llu\u00eds Arb\u00f3s (Dolma)<\/strong> <br>M\u00e0rqueting i comunicaci\u00f3:<strong> Focus<\/strong> <br>Premsa: <strong>La Tremenda<\/strong> <br>Distribuci\u00f3: <strong>Magnetica Management<\/strong> <br>Reportatge fotogr\u00e0fic: <strong>David Ruano<\/strong> <br>Disseny imatge: <strong>Maria Picass\u00f3<\/strong> <\/p><p> <\/p><p><strong> <\/strong> <\/p><p> <\/p><p>Col\u00b7laboradors:<strong> Ajuntament de Llinars del Vall\u00e8s<\/strong> <\/p><p>  <\/p><p>  <\/p><p>\u00c9s una coproducci\u00f3 de <strong>Hause and Richman i Preludio Producciones<\/strong><\/p>","txt_reviews":"","hashtag":"LesFilles","have_promo":"","slogan":"","id_exhibicio":2438,"id_versio":1897,"id_local":35,"txt_seo_desc":"les filles al teatre goya","data_images":"[{\"localizer\":\"V4CARTELL\",\"url\":\"media\/ver\/cartell\/v4\/2026\/09\/12659db4-b24b-4518-b6a3-e89062c68666.jpg\",\"thumb_url\":\"media\/ver\/cartell\/v4\/2026\/09\/093b2fe9-2e98-43d9-9649-edd456ac26d5.jpg\",\"title\":\"Les filles - Teatre Goya\",\"description\":\"<p>les&nbsp;filles&nbsp;al&nbsp;teatre&nbsp;goya<\/p>\",\"copyright\":\"\",\"order\":0},{\"localizer\":\"V4PORTADA\",\"url\":\"media\/ver\/port\/v4\/2026\/09\/7d9551a0-ec36-4754-bf72-c00dec4274ef.jpg\",\"thumb_url\":\"media\/ver\/port\/v4\/2026\/09\/4b3b8208-1108-4e22-b4b9-16bb467942ff.jpg\",\"title\":\"Les filles - Teatre Goya\",\"description\":\"<p>les&nbsp;filles&nbsp;al&nbsp;teatre&nbsp;goya<\/p>\",\"copyright\":\"\",\"order\":0},{\"localizer\":\"V4PORTADAWIDE\",\"url\":\"media\/ver\/port\/wide\/v4\/2026\/09\/77001136-7360-4e8f-b836-bb35b273f43a.jpg\",\"thumb_url\":\"media\/ver\/port\/wide\/v4\/2026\/09\/8b628d1a-a30a-433e-ad04-cfba5062f14c.jpg\",\"title\":\"Les filles - Teatre Goya\",\"description\":\"<p>les&nbsp;filles&nbsp;al&nbsp;teatre&nbsp;goya<\/p>\",\"copyright\":\"\",\"order\":0},{\"localizer\":\"V4PORTADAWIDEMOBILE\",\"url\":\"media\/ver\/port\/wide\/mobile\/v4\/2026\/09\/20384fa6-eaaf-4914-964f-3271a52f3987.jpg\",\"thumb_url\":\"media\/ver\/port\/wide\/mobile\/v4\/2026\/09\/90c3134b-f5d0-4122-909f-e36fa7941f80.jpg\",\"title\":\"Les filles - Teatre Goya\",\"description\":\"<p>les&nbsp;filles&nbsp;al&nbsp;teatre&nbsp;goyat<\/p>\",\"copyright\":\"\",\"order\":0}]","material__texto_intro":"","data_material":null,"data_gallery":"","data_discounts":"[]","contract_is_open":false,"in_tour":false},"yoast_head":"<!-- This site is optimized with the Yoast SEO plugin v28.4 - https:\/\/yoast.com\/product\/yoast-seo-wordpress\/ -->\n<title>LES FILLES - Teatre Goya<\/title>\n<meta name=\"robots\" content=\"index, follow, max-snippet:-1, max-image-preview:large, max-video-preview:-1\" \/>\n<link rel=\"canonical\" href=\"https:\/\/www.teatregoya.cat\/ca\/ex\/les-filles\/\" \/>\n<script type=\"application\/ld+json\" class=\"yoast-schema-graph\">{\"@context\":\"https:\\\/\\\/schema.org\",\"@graph\":[{\"@type\":\"WebPage\",\"@id\":\"https:\\\/\\\/www.teatregoya.cat\\\/ca\\\/ex\\\/les-filles\\\/\",\"url\":\"https:\\\/\\\/www.teatregoya.cat\\\/ca\\\/ex\\\/les-filles\\\/\",\"name\":\"LES FILLES - Teatre Goya\",\"isPartOf\":{\"@id\":\"https:\\\/\\\/www.teatregoya.cat\\\/ca\\\/#website\"},\"datePublished\":\"2026-09-03T13:49:25+00:00\",\"breadcrumb\":{\"@id\":\"https:\\\/\\\/www.teatregoya.cat\\\/ca\\\/ex\\\/les-filles\\\/#breadcrumb\"},\"inLanguage\":\"ca\",\"potentialAction\":[{\"@type\":\"ReadAction\",\"target\":[\"https:\\\/\\\/www.teatregoya.cat\\\/ca\\\/ex\\\/les-filles\\\/\"]}]},{\"@type\":\"BreadcrumbList\",\"@id\":\"https:\\\/\\\/www.teatregoya.cat\\\/ca\\\/ex\\\/les-filles\\\/#breadcrumb\",\"itemListElement\":[{\"@type\":\"ListItem\",\"position\":1,\"name\":\"Home\",\"item\":\"https:\\\/\\\/www.teatregoya.cat\\\/ca\\\/\"},{\"@type\":\"ListItem\",\"position\":2,\"name\":\"Espectacles\",\"item\":\"https:\\\/\\\/www.teatregoya.cat\\\/ca\\\/ex\\\/\"},{\"@type\":\"ListItem\",\"position\":3,\"name\":\"LES FILLES\"}]},{\"@type\":\"WebSite\",\"@id\":\"https:\\\/\\\/www.teatregoya.cat\\\/ca\\\/#website\",\"url\":\"https:\\\/\\\/www.teatregoya.cat\\\/ca\\\/\",\"name\":\"Teatre Goya\",\"description\":\"\",\"publisher\":{\"@id\":\"https:\\\/\\\/www.teatregoya.cat\\\/ca\\\/#organization\"},\"potentialAction\":[{\"@type\":\"SearchAction\",\"target\":{\"@type\":\"EntryPoint\",\"urlTemplate\":\"https:\\\/\\\/www.teatregoya.cat\\\/ca\\\/?s={search_term_string}\"},\"query-input\":{\"@type\":\"PropertyValueSpecification\",\"valueRequired\":true,\"valueName\":\"search_term_string\"}}],\"inLanguage\":\"ca\"},{\"@type\":\"Organization\",\"@id\":\"https:\\\/\\\/www.teatregoya.cat\\\/ca\\\/#organization\",\"name\":\"Teatre Goya\",\"url\":\"https:\\\/\\\/www.teatregoya.cat\\\/ca\\\/\",\"logo\":{\"@type\":\"ImageObject\",\"inLanguage\":\"ca\",\"@id\":\"https:\\\/\\\/www.teatregoya.cat\\\/ca\\\/#\\\/schema\\\/logo\\\/image\\\/\",\"url\":\"https:\\\/\\\/www.teatregoya.cat\\\/wp-content\\\/uploads\\\/sites\\\/4\\\/2017\\\/09\\\/teatre-goya-logo.svg\",\"contentUrl\":\"https:\\\/\\\/www.teatregoya.cat\\\/wp-content\\\/uploads\\\/sites\\\/4\\\/2017\\\/09\\\/teatre-goya-logo.svg\",\"width\":1,\"height\":1,\"caption\":\"Teatre Goya\"},\"image\":{\"@id\":\"https:\\\/\\\/www.teatregoya.cat\\\/ca\\\/#\\\/schema\\\/logo\\\/image\\\/\"},\"sameAs\":[\"http:\\\/\\\/www.facebook.com\\\/TeatreGoya\",\"https:\\\/\\\/x.com\\\/Teatre_Goya\",\"http:\\\/\\\/instagram.com\\\/teatre_goya\",\"http:\\\/\\\/www.youtube.com\\\/user\\\/TeatreGoya\"]}]}<\/script>\n<!-- \/ Yoast SEO plugin. -->","yoast_head_json":{"title":"LES FILLES - Teatre Goya","robots":{"index":"index","follow":"follow","max-snippet":"max-snippet:-1","max-image-preview":"max-image-preview:large","max-video-preview":"max-video-preview:-1"},"canonical":"https:\/\/www.teatregoya.cat\/ca\/ex\/les-filles\/","schema":{"@context":"https:\/\/schema.org","@graph":[{"@type":"WebPage","@id":"https:\/\/www.teatregoya.cat\/ca\/ex\/les-filles\/","url":"https:\/\/www.teatregoya.cat\/ca\/ex\/les-filles\/","name":"LES FILLES - Teatre Goya","isPartOf":{"@id":"https:\/\/www.teatregoya.cat\/ca\/#website"},"datePublished":"2026-09-03T13:49:25+00:00","breadcrumb":{"@id":"https:\/\/www.teatregoya.cat\/ca\/ex\/les-filles\/#breadcrumb"},"inLanguage":"ca","potentialAction":[{"@type":"ReadAction","target":["https:\/\/www.teatregoya.cat\/ca\/ex\/les-filles\/"]}]},{"@type":"BreadcrumbList","@id":"https:\/\/www.teatregoya.cat\/ca\/ex\/les-filles\/#breadcrumb","itemListElement":[{"@type":"ListItem","position":1,"name":"Home","item":"https:\/\/www.teatregoya.cat\/ca\/"},{"@type":"ListItem","position":2,"name":"Espectacles","item":"https:\/\/www.teatregoya.cat\/ca\/ex\/"},{"@type":"ListItem","position":3,"name":"LES FILLES"}]},{"@type":"WebSite","@id":"https:\/\/www.teatregoya.cat\/ca\/#website","url":"https:\/\/www.teatregoya.cat\/ca\/","name":"Teatre Goya","description":"","publisher":{"@id":"https:\/\/www.teatregoya.cat\/ca\/#organization"},"potentialAction":[{"@type":"SearchAction","target":{"@type":"EntryPoint","urlTemplate":"https:\/\/www.teatregoya.cat\/ca\/?s={search_term_string}"},"query-input":{"@type":"PropertyValueSpecification","valueRequired":true,"valueName":"search_term_string"}}],"inLanguage":"ca"},{"@type":"Organization","@id":"https:\/\/www.teatregoya.cat\/ca\/#organization","name":"Teatre Goya","url":"https:\/\/www.teatregoya.cat\/ca\/","logo":{"@type":"ImageObject","inLanguage":"ca","@id":"https:\/\/www.teatregoya.cat\/ca\/#\/schema\/logo\/image\/","url":"https:\/\/www.teatregoya.cat\/wp-content\/uploads\/sites\/4\/2017\/09\/teatre-goya-logo.svg","contentUrl":"https:\/\/www.teatregoya.cat\/wp-content\/uploads\/sites\/4\/2017\/09\/teatre-goya-logo.svg","width":1,"height":1,"caption":"Teatre Goya"},"image":{"@id":"https:\/\/www.teatregoya.cat\/ca\/#\/schema\/logo\/image\/"},"sameAs":["http:\/\/www.facebook.com\/TeatreGoya","https:\/\/x.com\/Teatre_Goya","http:\/\/instagram.com\/teatre_goya","http:\/\/www.youtube.com\/user\/TeatreGoya"]}]}},"translations":[{"id":4504,"locale":"ca"},{"id":4505,"locale":"es"}],"_links":{"self":[{"href":"https:\/\/www.teatregoya.cat\/ca\/wp-json\/wp\/v2\/ex\/4504","targetHints":{"allow":["GET"]}}],"collection":[{"href":"https:\/\/www.teatregoya.cat\/ca\/wp-json\/wp\/v2\/ex"}],"about":[{"href":"https:\/\/www.teatregoya.cat\/ca\/wp-json\/wp\/v2\/types\/ex"}],"author":[{"embeddable":true,"href":"https:\/\/www.teatregoya.cat\/ca\/wp-json\/wp\/v2\/users\/2"}],"replies":[{"embeddable":true,"href":"https:\/\/www.teatregoya.cat\/ca\/wp-json\/wp\/v2\/comments?post=4504"}],"acf:term":[{"embeddable":true,"taxonomy":"season","href":"https:\/\/www.teatregoya.cat\/ca\/wp-json\/wp\/v2\/season\/105"}],"wp:attachment":[{"href":"https:\/\/www.teatregoya.cat\/ca\/wp-json\/wp\/v2\/media?parent=4504"}],"curies":[{"name":"wp","href":"https:\/\/api.w.org\/{rel}","templated":true}]}}

<p class="ql-align-justify" align="justify"><strong>Cadascú té la mare que recorda.</strong> </p><p class="ql-align-justify" align="justify">Tres germanes es retroben per organitzar la festa d&#39;aniversari de la seva mare. Globus, espelmes, cartes de tarot i una garlanda. Però la festa és l&#39;excusa: el que de debò han vingut a decidir és què han de fer ara que la mare, aquella jutgessa que sempre ha pogut amb tot, comença a no ser qui era. </p><p class="ql-align-justify" align="justify">Entre velles rancúnies, secrets retrobats i atacs de riure que esclaten enmig del plor, la nit es converteix en un ajustament de comptes. Qui se n&#39;ha de fer càrrec? Qui l&#39;estima i qui no s&#39;atreveix a dir-ho? I si decidir per la mare fos, en fons, decidir qui són elles? </p><p class="ql-align-justify" align="justify">Una tragicomèdia esmolada sobre les germanes, l&#39;herència emocional i el moment exacte en què fills i pares s&#39;intercanvien els papers. Perquè arriba un dia a la vida que deixes de ser filla. I ningú no t&#39;ha ensenyat com fer-ho. </p>

Espectacle en català

<p>Autoria:<strong> Ariadna Asturzzi</strong> <br>Traducció i adaptació:<strong> Jordi Casanovas</strong> <br>Direcció: <strong>Jordi Casanovas</strong> </p><p>  </p><p>Intèrprets: <strong>Maria Molins, Rosa Boladeras i Anna Sahun</strong> </p><p>  </p><p>Escenografia: <strong>Paula Bosch</strong> <br>Vestuari: <strong>Bernat Grau</strong> <br>Il·luminació: <strong>Sylvia Kuchinow</strong> <br>Espai sonor: <strong>Oscar Villar</strong> <br>aracterització:<strong> Maru Errando</strong> </p><p>  </p><p>Direcció de producció: <strong>Carles Manrique</strong> <br>Direcció tècnica: <strong>Àngel Puertas </strong> </p><p><strong> </strong> </p><p>Ajudantia de producció: <strong>Fran Torrella</strong> <br>Regidoria: <strong>Montse Alaquart</strong> </p><p>  </p><p>Cap tècnic del teatre: <strong>Roger Muñoz</strong> <br>Tècnica del teatre: <strong>Eva Rotllán</strong> </p><p>  </p><p>Espot i vídeo promocional: <strong>Lluís Arbós (Dolma)</strong> <br>Màrqueting i comunicació:<strong> Focus</strong> <br>Premsa: <strong>La Tremenda</strong> <br>Distribució: <strong>Magnetica Management</strong> <br>Reportatge fotogràfic: <strong>David Ruano</strong> <br>Disseny imatge: <strong>Maria Picassó</strong> </p><p> </p><p><strong> </strong> </p><p> </p><p>Col·laboradors:<strong> Ajuntament de Llinars del Vallès</strong> </p><p>  </p><p>  </p><p>És una coproducció de <strong>Hause and Richman i Preludio Producciones</strong></p>
