{"id":4324,"date":"2025-09-29T10:31:23","date_gmt":"2025-09-29T08:31:23","guid":{"rendered":"https:\/\/www.teatregoya.cat\/ex\/trenant-veus\/"},"modified":"2025-10-24T11:43:08","modified_gmt":"2025-10-24T09:43:08","slug":"trenant-veus","status":"publish","type":"ex","link":"https:\/\/www.teatregoya.cat\/ca\/ex\/trenant-veus\/","title":{"rendered":"TRENANT VEUS"},"content":{"rendered":"","protected":false},"excerpt":{"rendered":"","protected":false},"author":2,"featured_media":0,"comment_status":"closed","ping_status":"closed","template":"","class_list":["post-4324","ex","type-ex","status-publish","hentry","season-2025-26"],"acf":{"txt_synopsis":"<p><strong>Una proposta art\u00edstica \u00fanica inspirada en l\u2019obra La Trena, dirigida per Clara Segura i Vero Cendoya, amb una lectura dramatitzada de fragments realitzada per les actrius de l\u2019obra.<\/strong> <\/p>\r\n<p>Una aproximaci\u00f3 a l\u2019espectacle de La Trena en forma de lectura dramatitzada, amb dansa i m\u00fasica cl\u00e0ssica \u00edndia interpretada en directe per la Dra. Rajnandini i dansa contempor\u00e0nia dirigida per Vero Cendoya.<\/p>","main_buy_link":"https:\/\/tickets.oneboxtds.com\/teatregoya\/events\/48698?hl=ca-ES","main_buy_links":"[\"https:\/\/tickets.oneboxtds.com\/teatregoya\/events\/48698?hl=ca-ES\"]","group_buy_link":"","show_language":"Espectacle en catal\u00e0","show_duration":"80","show_start_date":"20251117000000","show_end_date":"20251117000000","show_sort_date":"20251117000000","txt_custom_show_dates":"el 17 de novembre de 2025 ","show_disciplines":"11","show_ultimes_funcions":false,"hide_tarifes_especials":true,"show_properament":false,"txt_additional_info":"<p>Recomanat a partir de 12 anys <\/p>","txt_present":"","show_season":[103],"txt_season":"[\"2025\/26\"]","txt_cycle":"","txt_claim":"<p><strong>Una proposta art\u00edstica \u00fanica inspirada en l\u2019obra La Trena, dirigida per Clara Segura, amb una lectura dramatitzada de fragments realitzada per les actrius de l\u2019obra.<\/strong> <\/p>\r\n<p>Una aproximaci\u00f3 a l\u2019espectacle de La Trena en forma de lectura dramatitzada, amb dansa i m\u00fasica cl\u00e0ssica \u00edndia interpretada en directe per la Dra. Rajnandini i dansa contempor\u00e0nia dirigida per Vero Cendoya. <\/p>","txt_cast_excerpt":"","txt_cast":"<p>T\u00edtol original: <strong>La Trena (La Tresse)<\/strong><br \/>Autoria: <strong>Laetitia Colombani<\/strong><br \/>Traducci\u00f3 i dramat\u00fargia: <strong>Cristina Genebat y Marta Marco<br \/><\/strong>Direcci\u00f3: <strong>Vero Cendoya<\/strong><br \/>&nbsp;<br \/>Int\u00e8rprets: <strong>Marta Marco, Cristina Genebat, Aida Oset i Clara Segura <\/strong><\/p>\r\n<p>Ballarina: <strong>Maria Aran Vazquez i Casanovas<\/strong><br \/>Cantant: <strong>Dra. Rajnandini<\/strong><br \/>M\u00fasics: <strong>Mistry Rohitbhai Gulabbhai i Guillermo Rizzotto Volkart<\/strong><br \/>&nbsp;<br \/>Direcci\u00f3 de producci\u00f3:&nbsp; <strong>Andreu Gusi<\/strong><br \/>&nbsp;<br \/>Cap t\u00e8cnic del teatre: <strong>Roger Mu\u00f1oz<\/strong> <br \/>&nbsp; <br \/>M\u00e0rqueting i comunicaci\u00f3: <strong>Focus<\/strong> <br \/>Disseny imatge:<strong> Lena<\/strong> <br \/>Disseny gr\u00e0fic: <strong>Lena<br \/><\/strong>&nbsp;&nbsp;&nbsp;<br \/>Col\u00b7laboradors: <strong>\u00c9s un esdeveniment solidari liderat per ADA Mon Adivassi amb la col\u00b7laboraci\u00f3 de la Perla i Focus<br \/><\/strong>&nbsp;<br \/>Agra\u00efments: <strong>Teatre Goya, Focus, La Perla, Vero Cendoya i Doctora Rajnandini<br \/><br \/><\/strong>\u00c9s una coproducci\u00f3 del <strong>Teatre Goya amb la Perla i la Fundaci\u00f3 ADA Mon Adivassi <br \/><\/strong><\/p>","txt_reviews":"","hashtag":"TrenantVeus","have_promo":"","slogan":"","id_exhibicio":2343,"id_versio":1832,"id_local":35,"txt_seo_desc":"","data_images":"[{\"localizer\":\"V4PORTADA\",\"url\":\"media\/ver\/port\/v4\/3170D\/01_090_00059309\/2-Portada_1_760x760hermafrodite.jpg\",\"thumb_url\":\"\",\"title\":\"Trenant veus - Teatre Goya\",\"description\":\"trenant veus al teatre goya\",\"copyright\":\"\",\"order\":4},{\"localizer\":\"V4PORTADAWIDE\",\"url\":\"media\/ver\/port\/wide\/v4\/3170D\/01_091_00059318\/1-Portada_0_2880x1260hermafrodite.jpg\",\"thumb_url\":\"\",\"title\":\"Trenant veus - Teatre Goya\",\"description\":\"trenant veus al teatre goya\",\"copyright\":\"\",\"order\":6},{\"localizer\":\"V4PORTADAWIDEMOBILE\",\"url\":\"media\/ver\/port\/wide\/mobile\/v4\/3170D\/01_092_00059319\/3-Portada_Mobile_828x1800hermafrodite.jpg\",\"thumb_url\":\"\",\"title\":\"Trenant veus - Teatre Goya\",\"description\":\"trenant veus al teatre goya\",\"copyright\":\"\",\"order\":7},{\"localizer\":\"V4CARTELL\",\"url\":\"media\/ver\/cartell\/v4\/3170E\/01_089_00059337\/4-Cartell_web_720x1100hermafrodite.jpg\",\"thumb_url\":\"\",\"title\":\"Trenant veus - Teatre Goya\",\"description\":\"trenant veus al teatre goya\",\"copyright\":\"\",\"order\":8},{\"localizer\":\"V3CARTELL\",\"url\":\"media\/ver\/cartell\/v3\/3170E\/01_085_00059338\/5-Cartell_web_Focus_722x1030hermafrodite.jpg\",\"thumb_url\":\"media\/ver\/cartell\/v3\/3170E\/01_085_00059338\/5-Cartell_web_Focus_722x1030hermafrodite_thumb.jpg\",\"title\":\"Trenant veus - Teatre Goya\",\"description\":\"trenant veus al teatre goya\",\"copyright\":\"\",\"order\":9}]","material__texto_intro":"","data_material":null,"data_gallery":"","data_discounts":"[]","contract_is_open":false,"in_tour":false},"yoast_head":"<!-- This site is optimized with the Yoast SEO plugin v27.4 - https:\/\/yoast.com\/product\/yoast-seo-wordpress\/ -->\n<title>TRENANT VEUS - Teatre Goya<\/title>\n<meta name=\"robots\" content=\"index, follow, max-snippet:-1, max-image-preview:large, max-video-preview:-1\" \/>\n<link rel=\"canonical\" href=\"https:\/\/www.teatregoya.cat\/ca\/ex\/trenant-veus\/\" \/>\n<script type=\"application\/ld+json\" class=\"yoast-schema-graph\">{\"@context\":\"https:\\\/\\\/schema.org\",\"@graph\":[{\"@type\":\"WebPage\",\"@id\":\"https:\\\/\\\/www.teatregoya.cat\\\/ca\\\/ex\\\/trenant-veus\\\/\",\"url\":\"https:\\\/\\\/www.teatregoya.cat\\\/ca\\\/ex\\\/trenant-veus\\\/\",\"name\":\"TRENANT VEUS - Teatre Goya\",\"isPartOf\":{\"@id\":\"https:\\\/\\\/www.teatregoya.cat\\\/ca\\\/#website\"},\"datePublished\":\"2025-09-29T08:31:23+00:00\",\"dateModified\":\"2025-10-24T09:43:08+00:00\",\"breadcrumb\":{\"@id\":\"https:\\\/\\\/www.teatregoya.cat\\\/ca\\\/ex\\\/trenant-veus\\\/#breadcrumb\"},\"inLanguage\":\"ca\",\"potentialAction\":[{\"@type\":\"ReadAction\",\"target\":[\"https:\\\/\\\/www.teatregoya.cat\\\/ca\\\/ex\\\/trenant-veus\\\/\"]}]},{\"@type\":\"BreadcrumbList\",\"@id\":\"https:\\\/\\\/www.teatregoya.cat\\\/ca\\\/ex\\\/trenant-veus\\\/#breadcrumb\",\"itemListElement\":[{\"@type\":\"ListItem\",\"position\":1,\"name\":\"Home\",\"item\":\"https:\\\/\\\/www.teatregoya.cat\\\/ca\\\/\"},{\"@type\":\"ListItem\",\"position\":2,\"name\":\"Espectacles\",\"item\":\"https:\\\/\\\/www.teatregoya.cat\\\/ca\\\/ex\\\/\"},{\"@type\":\"ListItem\",\"position\":3,\"name\":\"TRENANT VEUS\"}]},{\"@type\":\"WebSite\",\"@id\":\"https:\\\/\\\/www.teatregoya.cat\\\/ca\\\/#website\",\"url\":\"https:\\\/\\\/www.teatregoya.cat\\\/ca\\\/\",\"name\":\"Teatre Goya\",\"description\":\"\",\"publisher\":{\"@id\":\"https:\\\/\\\/www.teatregoya.cat\\\/ca\\\/#organization\"},\"potentialAction\":[{\"@type\":\"SearchAction\",\"target\":{\"@type\":\"EntryPoint\",\"urlTemplate\":\"https:\\\/\\\/www.teatregoya.cat\\\/ca\\\/?s={search_term_string}\"},\"query-input\":{\"@type\":\"PropertyValueSpecification\",\"valueRequired\":true,\"valueName\":\"search_term_string\"}}],\"inLanguage\":\"ca\"},{\"@type\":\"Organization\",\"@id\":\"https:\\\/\\\/www.teatregoya.cat\\\/ca\\\/#organization\",\"name\":\"Teatre Goya\",\"url\":\"https:\\\/\\\/www.teatregoya.cat\\\/ca\\\/\",\"logo\":{\"@type\":\"ImageObject\",\"inLanguage\":\"ca\",\"@id\":\"https:\\\/\\\/www.teatregoya.cat\\\/ca\\\/#\\\/schema\\\/logo\\\/image\\\/\",\"url\":\"https:\\\/\\\/www.teatregoya.cat\\\/wp-content\\\/uploads\\\/sites\\\/4\\\/2017\\\/09\\\/teatre-goya-logo.svg\",\"contentUrl\":\"https:\\\/\\\/www.teatregoya.cat\\\/wp-content\\\/uploads\\\/sites\\\/4\\\/2017\\\/09\\\/teatre-goya-logo.svg\",\"width\":1,\"height\":1,\"caption\":\"Teatre Goya\"},\"image\":{\"@id\":\"https:\\\/\\\/www.teatregoya.cat\\\/ca\\\/#\\\/schema\\\/logo\\\/image\\\/\"},\"sameAs\":[\"http:\\\/\\\/www.facebook.com\\\/TeatreGoya\",\"https:\\\/\\\/x.com\\\/Teatre_Goya\",\"http:\\\/\\\/instagram.com\\\/teatre_goya\",\"http:\\\/\\\/www.youtube.com\\\/user\\\/TeatreGoya\"]}]}<\/script>\n<!-- \/ Yoast SEO plugin. -->","yoast_head_json":{"title":"TRENANT VEUS - Teatre Goya","robots":{"index":"index","follow":"follow","max-snippet":"max-snippet:-1","max-image-preview":"max-image-preview:large","max-video-preview":"max-video-preview:-1"},"canonical":"https:\/\/www.teatregoya.cat\/ca\/ex\/trenant-veus\/","schema":{"@context":"https:\/\/schema.org","@graph":[{"@type":"WebPage","@id":"https:\/\/www.teatregoya.cat\/ca\/ex\/trenant-veus\/","url":"https:\/\/www.teatregoya.cat\/ca\/ex\/trenant-veus\/","name":"TRENANT VEUS - Teatre Goya","isPartOf":{"@id":"https:\/\/www.teatregoya.cat\/ca\/#website"},"datePublished":"2025-09-29T08:31:23+00:00","dateModified":"2025-10-24T09:43:08+00:00","breadcrumb":{"@id":"https:\/\/www.teatregoya.cat\/ca\/ex\/trenant-veus\/#breadcrumb"},"inLanguage":"ca","potentialAction":[{"@type":"ReadAction","target":["https:\/\/www.teatregoya.cat\/ca\/ex\/trenant-veus\/"]}]},{"@type":"BreadcrumbList","@id":"https:\/\/www.teatregoya.cat\/ca\/ex\/trenant-veus\/#breadcrumb","itemListElement":[{"@type":"ListItem","position":1,"name":"Home","item":"https:\/\/www.teatregoya.cat\/ca\/"},{"@type":"ListItem","position":2,"name":"Espectacles","item":"https:\/\/www.teatregoya.cat\/ca\/ex\/"},{"@type":"ListItem","position":3,"name":"TRENANT VEUS"}]},{"@type":"WebSite","@id":"https:\/\/www.teatregoya.cat\/ca\/#website","url":"https:\/\/www.teatregoya.cat\/ca\/","name":"Teatre Goya","description":"","publisher":{"@id":"https:\/\/www.teatregoya.cat\/ca\/#organization"},"potentialAction":[{"@type":"SearchAction","target":{"@type":"EntryPoint","urlTemplate":"https:\/\/www.teatregoya.cat\/ca\/?s={search_term_string}"},"query-input":{"@type":"PropertyValueSpecification","valueRequired":true,"valueName":"search_term_string"}}],"inLanguage":"ca"},{"@type":"Organization","@id":"https:\/\/www.teatregoya.cat\/ca\/#organization","name":"Teatre Goya","url":"https:\/\/www.teatregoya.cat\/ca\/","logo":{"@type":"ImageObject","inLanguage":"ca","@id":"https:\/\/www.teatregoya.cat\/ca\/#\/schema\/logo\/image\/","url":"https:\/\/www.teatregoya.cat\/wp-content\/uploads\/sites\/4\/2017\/09\/teatre-goya-logo.svg","contentUrl":"https:\/\/www.teatregoya.cat\/wp-content\/uploads\/sites\/4\/2017\/09\/teatre-goya-logo.svg","width":1,"height":1,"caption":"Teatre Goya"},"image":{"@id":"https:\/\/www.teatregoya.cat\/ca\/#\/schema\/logo\/image\/"},"sameAs":["http:\/\/www.facebook.com\/TeatreGoya","https:\/\/x.com\/Teatre_Goya","http:\/\/instagram.com\/teatre_goya","http:\/\/www.youtube.com\/user\/TeatreGoya"]}]}},"translations":[{"id":4324,"locale":"ca"},{"id":4325,"locale":"es"}],"_links":{"self":[{"href":"https:\/\/www.teatregoya.cat\/ca\/wp-json\/wp\/v2\/ex\/4324","targetHints":{"allow":["GET"]}}],"collection":[{"href":"https:\/\/www.teatregoya.cat\/ca\/wp-json\/wp\/v2\/ex"}],"about":[{"href":"https:\/\/www.teatregoya.cat\/ca\/wp-json\/wp\/v2\/types\/ex"}],"author":[{"embeddable":true,"href":"https:\/\/www.teatregoya.cat\/ca\/wp-json\/wp\/v2\/users\/2"}],"replies":[{"embeddable":true,"href":"https:\/\/www.teatregoya.cat\/ca\/wp-json\/wp\/v2\/comments?post=4324"}],"acf:term":[{"embeddable":true,"taxonomy":"season","href":"https:\/\/www.teatregoya.cat\/ca\/wp-json\/wp\/v2\/season\/103"}],"wp:attachment":[{"href":"https:\/\/www.teatregoya.cat\/ca\/wp-json\/wp\/v2\/media?parent=4324"}],"curies":[{"name":"wp","href":"https:\/\/api.w.org\/{rel}","templated":true}]}}

<p><strong>Una proposta artística única inspirada en l’obra La Trena, dirigida per Clara Segura i Vero Cendoya, amb una lectura dramatitzada de fragments realitzada per les actrius de l’obra.</strong> </p>
<p>Una aproximació a l’espectacle de La Trena en forma de lectura dramatitzada, amb dansa i música clàssica índia interpretada en directe per la Dra. Rajnandini i dansa contemporània dirigida per Vero Cendoya.</p>

Espectacle en català

<p><strong>Una proposta artística única inspirada en l’obra La Trena, dirigida per Clara Segura, amb una lectura dramatitzada de fragments realitzada per les actrius de l’obra.</strong> </p>
<p>Una aproximació a l’espectacle de La Trena en forma de lectura dramatitzada, amb dansa i música clàssica índia interpretada en directe per la Dra. Rajnandini i dansa contemporània dirigida per Vero Cendoya. </p>

<p>Títol original: <strong>La Trena (La Tresse)</strong><br />Autoria: <strong>Laetitia Colombani</strong><br />Traducció i dramatúrgia: <strong>Cristina Genebat y Marta Marco<br /></strong>Direcció: <strong>Vero Cendoya</strong><br />&nbsp;<br />Intèrprets: <strong>Marta Marco, Cristina Genebat, Aida Oset i Clara Segura </strong></p>
<p>Ballarina: <strong>Maria Aran Vazquez i Casanovas</strong><br />Cantant: <strong>Dra. Rajnandini</strong><br />Músics: <strong>Mistry Rohitbhai Gulabbhai i Guillermo Rizzotto Volkart</strong><br />&nbsp;<br />Direcció de producció:&nbsp; <strong>Andreu Gusi</strong><br />&nbsp;<br />Cap tècnic del teatre: <strong>Roger Muñoz</strong> <br />&nbsp; <br />Màrqueting i comunicació: <strong>Focus</strong> <br />Disseny imatge:<strong> Lena</strong> <br />Disseny gràfic: <strong>Lena<br /></strong>&nbsp;&nbsp;&nbsp;<br />Col·laboradors: <strong>És un esdeveniment solidari liderat per ADA Mon Adivassi amb la col·laboració de la Perla i Focus<br /></strong>&nbsp;<br />Agraïments: <strong>Teatre Goya, Focus, La Perla, Vero Cendoya i Doctora Rajnandini<br /><br /></strong>És una coproducció del <strong>Teatre Goya amb la Perla i la Fundació ADA Mon Adivassi <br /></strong></p>
