{"id":4153,"date":"2025-06-13T12:12:13","date_gmt":"2025-06-13T10:12:13","guid":{"rendered":"https:\/\/www.teatregoya.cat\/ex\/le-voci-di-dante\/"},"modified":"2025-09-25T17:04:41","modified_gmt":"2025-09-25T15:04:41","slug":"le-voci-di-dante","status":"publish","type":"ex","link":"https:\/\/www.teatregoya.cat\/ca\/ex\/le-voci-di-dante\/","title":{"rendered":"Le voci di Dante"},"content":{"rendered":"","protected":false},"excerpt":{"rendered":"","protected":false},"author":2,"featured_media":0,"comment_status":"closed","ping_status":"closed","template":"","class_list":["post-4153","ex","type-ex","status-publish","hentry","season-2025-26"],"acf":{"txt_synopsis":"<strong>Toni Servillo torna a recitar els cl\u00e0ssics universals de la literatura italiana<br \/><\/strong><br \/><em>Le voci di Dante<\/em> \u00e9s una immersi\u00f3 esc\u00e8nica en el llegat viu de la <em>Com\u00e8dia<\/em> de Dante Alighieri, filtrada a trav\u00e9s de la sensibilitat contempor\u00e0nia de Toni Servillo i la visi\u00f3 de Giuseppe Montesano. L\u2019espectacle proposa un viatge interior que actualitza la veu del poeta florent\u00ed, deslliurant-la de la rigidesa del c\u00e0non per projectar-la sobre les inquietuds del present. En aquest gran mosaic d\u2019\u00e0nimes \u2014Francesca, Ugolino, Ulisses, el mateix Dante\u2014 es despleguen emocions atemporals: l\u2019amor, la p\u00e8rdua, el desig, la por, l\u2019\u00e0nsia de llum. Cada figura emergeix com un mirall que reflecteix la condici\u00f3 humana, ara i aqu\u00ed. La <em>Com\u00e8dia<\/em> esdev\u00e9 aix\u00ed una novel\u00b7la infinita, viva, un instrument per mirar-nos endins i comprendre el m\u00f3n. M\u00e9s que una lectura, <em>Le voci di Dante<\/em> \u00e9s una travessia vital: una trobada amb les paraules que, segles despr\u00e9s, encara bateguen amb plenitud.<br \/>","main_buy_link":"https:\/\/temporada-alta.koobin.com\/?action=PU_evento&Ev_id=6379&idioma=CA","main_buy_links":"[\"https:\/\/temporada-alta.koobin.com\/?action=PU_evento&Ev_id=6379&idioma=CA\"]","group_buy_link":"","show_language":"Espectacle en itali\u00e0 ","show_duration":"75","show_start_date":"20251021000000","show_end_date":"20251021000000","show_sort_date":"20251021000000","txt_custom_show_dates":"el 21 d'octubre de 2025 ","show_disciplines":"11","show_ultimes_funcions":false,"hide_tarifes_especials":false,"show_properament":false,"txt_additional_info":"<ul>\r\n<li>Recomanat a partir de 13 anys.<\/li><\/ul>*El Regala Teatre no \u00e9s v\u00e0lid per a aquest espectacle \r\n<p>&nbsp;<\/p>","txt_present":"","show_season":[103],"txt_season":"[\"2025\/26\"]","txt_cycle":"","txt_claim":"El Shakespeare m\u00e9s divertit en versi\u00f3 del millor clown argent\u00ed","txt_cast_excerpt":"","txt_cast":"<p>Autoria: <strong>Giuseppe Montesano<\/strong><\/p>\r\n<p>Int\u00e8rpret:<strong> Toni Servillo<\/strong><\/p>\r\n<p>Cap t\u00e8cnic del teatre: <strong>Roger Mu\u00f1oz<\/strong>&nbsp;&nbsp; <br \/>M\u00e0rqueting i comunicaci\u00f3: <strong>Focus<\/strong><\/p>\r\n<p>Agra\u00efments: <strong>Agenzia Teatri<\/strong><br \/>&nbsp; <br \/>\u00c9s una producci\u00f3 de <strong>Piccolo Teatro di Milano \u2013 Teatro d\u2019Europa<\/strong><br \/><\/p>","txt_reviews":"","hashtag":"LeVocidiDante","have_promo":"","slogan":"","id_exhibicio":2273,"id_versio":1791,"id_local":35,"txt_seo_desc":"Le voci di Dante al Teatre Goya","data_images":"[{\"localizer\":\"V4CARTELL\",\"url\":\"media\/ver\/cartell\/v4\/3170A\/01_089_00058956\/CARTELL_WEB_levocididan.jpg\",\"thumb_url\":\"\",\"title\":\"Le voci di dante - Teatre Goya\",\"description\":\"le voci di dante al teate goya\",\"copyright\":\"\",\"order\":3},{\"localizer\":\"V4PORTADAWIDE\",\"url\":\"media\/ver\/port\/wide\/v4\/3170D\/01_091_00059293\/VILLARROEL-Portada_0_2880x1260_2.jpg\",\"thumb_url\":\"\",\"title\":\"Le voci di dante - Teatre Goya\",\"description\":\"le voci di dante al teatre goya\",\"copyright\":\"\",\"order\":8},{\"localizer\":\"V4PORTADA\",\"url\":\"media\/ver\/port\/v4\/3170D\/01_090_00059294\/VILLARROEL-Portada_1_1.jpg\",\"thumb_url\":\"\",\"title\":\"Le voci di dante - Teatre Goya\",\"description\":\"le voci di dante al teatre goya\",\"copyright\":\"\",\"order\":9},{\"localizer\":\"V4PORTADAWIDEMOBILE\",\"url\":\"media\/ver\/port\/wide\/mobile\/v4\/3170D\/01_092_00059295\/VILLARROEL-Portada_Mobile_828x1800_2.jpg\",\"thumb_url\":\"\",\"title\":\"Le voci di dante - Teatre Goya\",\"description\":\"le voci di dante al teatre goya\",\"copyright\":\"\",\"order\":10}]","material__texto_intro":"","data_material":null,"data_gallery":"","data_discounts":"[]","contract_is_open":false,"in_tour":false},"yoast_head":"<!-- This site is optimized with the Yoast SEO plugin v27.4 - https:\/\/yoast.com\/product\/yoast-seo-wordpress\/ -->\n<title>Le voci di Dante - Teatre Goya<\/title>\n<meta name=\"robots\" content=\"index, follow, max-snippet:-1, max-image-preview:large, max-video-preview:-1\" \/>\n<link rel=\"canonical\" href=\"https:\/\/www.teatregoya.cat\/ca\/ex\/le-voci-di-dante\/\" \/>\n<script type=\"application\/ld+json\" class=\"yoast-schema-graph\">{\"@context\":\"https:\\\/\\\/schema.org\",\"@graph\":[{\"@type\":\"WebPage\",\"@id\":\"https:\\\/\\\/www.teatregoya.cat\\\/ca\\\/ex\\\/le-voci-di-dante\\\/\",\"url\":\"https:\\\/\\\/www.teatregoya.cat\\\/ca\\\/ex\\\/le-voci-di-dante\\\/\",\"name\":\"Le voci di Dante - Teatre Goya\",\"isPartOf\":{\"@id\":\"https:\\\/\\\/www.teatregoya.cat\\\/ca\\\/#website\"},\"datePublished\":\"2025-06-13T10:12:13+00:00\",\"dateModified\":\"2025-09-25T15:04:41+00:00\",\"breadcrumb\":{\"@id\":\"https:\\\/\\\/www.teatregoya.cat\\\/ca\\\/ex\\\/le-voci-di-dante\\\/#breadcrumb\"},\"inLanguage\":\"ca\",\"potentialAction\":[{\"@type\":\"ReadAction\",\"target\":[\"https:\\\/\\\/www.teatregoya.cat\\\/ca\\\/ex\\\/le-voci-di-dante\\\/\"]}]},{\"@type\":\"BreadcrumbList\",\"@id\":\"https:\\\/\\\/www.teatregoya.cat\\\/ca\\\/ex\\\/le-voci-di-dante\\\/#breadcrumb\",\"itemListElement\":[{\"@type\":\"ListItem\",\"position\":1,\"name\":\"Home\",\"item\":\"https:\\\/\\\/www.teatregoya.cat\\\/ca\\\/\"},{\"@type\":\"ListItem\",\"position\":2,\"name\":\"Espectacles\",\"item\":\"https:\\\/\\\/www.teatregoya.cat\\\/ca\\\/ex\\\/\"},{\"@type\":\"ListItem\",\"position\":3,\"name\":\"Le voci di Dante\"}]},{\"@type\":\"WebSite\",\"@id\":\"https:\\\/\\\/www.teatregoya.cat\\\/ca\\\/#website\",\"url\":\"https:\\\/\\\/www.teatregoya.cat\\\/ca\\\/\",\"name\":\"Teatre Goya\",\"description\":\"\",\"publisher\":{\"@id\":\"https:\\\/\\\/www.teatregoya.cat\\\/ca\\\/#organization\"},\"potentialAction\":[{\"@type\":\"SearchAction\",\"target\":{\"@type\":\"EntryPoint\",\"urlTemplate\":\"https:\\\/\\\/www.teatregoya.cat\\\/ca\\\/?s={search_term_string}\"},\"query-input\":{\"@type\":\"PropertyValueSpecification\",\"valueRequired\":true,\"valueName\":\"search_term_string\"}}],\"inLanguage\":\"ca\"},{\"@type\":\"Organization\",\"@id\":\"https:\\\/\\\/www.teatregoya.cat\\\/ca\\\/#organization\",\"name\":\"Teatre Goya\",\"url\":\"https:\\\/\\\/www.teatregoya.cat\\\/ca\\\/\",\"logo\":{\"@type\":\"ImageObject\",\"inLanguage\":\"ca\",\"@id\":\"https:\\\/\\\/www.teatregoya.cat\\\/ca\\\/#\\\/schema\\\/logo\\\/image\\\/\",\"url\":\"https:\\\/\\\/www.teatregoya.cat\\\/wp-content\\\/uploads\\\/sites\\\/4\\\/2017\\\/09\\\/teatre-goya-logo.svg\",\"contentUrl\":\"https:\\\/\\\/www.teatregoya.cat\\\/wp-content\\\/uploads\\\/sites\\\/4\\\/2017\\\/09\\\/teatre-goya-logo.svg\",\"width\":1,\"height\":1,\"caption\":\"Teatre Goya\"},\"image\":{\"@id\":\"https:\\\/\\\/www.teatregoya.cat\\\/ca\\\/#\\\/schema\\\/logo\\\/image\\\/\"},\"sameAs\":[\"http:\\\/\\\/www.facebook.com\\\/TeatreGoya\",\"https:\\\/\\\/x.com\\\/Teatre_Goya\",\"http:\\\/\\\/instagram.com\\\/teatre_goya\",\"http:\\\/\\\/www.youtube.com\\\/user\\\/TeatreGoya\"]}]}<\/script>\n<!-- \/ Yoast SEO plugin. -->","yoast_head_json":{"title":"Le voci di Dante - Teatre Goya","robots":{"index":"index","follow":"follow","max-snippet":"max-snippet:-1","max-image-preview":"max-image-preview:large","max-video-preview":"max-video-preview:-1"},"canonical":"https:\/\/www.teatregoya.cat\/ca\/ex\/le-voci-di-dante\/","schema":{"@context":"https:\/\/schema.org","@graph":[{"@type":"WebPage","@id":"https:\/\/www.teatregoya.cat\/ca\/ex\/le-voci-di-dante\/","url":"https:\/\/www.teatregoya.cat\/ca\/ex\/le-voci-di-dante\/","name":"Le voci di Dante - Teatre Goya","isPartOf":{"@id":"https:\/\/www.teatregoya.cat\/ca\/#website"},"datePublished":"2025-06-13T10:12:13+00:00","dateModified":"2025-09-25T15:04:41+00:00","breadcrumb":{"@id":"https:\/\/www.teatregoya.cat\/ca\/ex\/le-voci-di-dante\/#breadcrumb"},"inLanguage":"ca","potentialAction":[{"@type":"ReadAction","target":["https:\/\/www.teatregoya.cat\/ca\/ex\/le-voci-di-dante\/"]}]},{"@type":"BreadcrumbList","@id":"https:\/\/www.teatregoya.cat\/ca\/ex\/le-voci-di-dante\/#breadcrumb","itemListElement":[{"@type":"ListItem","position":1,"name":"Home","item":"https:\/\/www.teatregoya.cat\/ca\/"},{"@type":"ListItem","position":2,"name":"Espectacles","item":"https:\/\/www.teatregoya.cat\/ca\/ex\/"},{"@type":"ListItem","position":3,"name":"Le voci di Dante"}]},{"@type":"WebSite","@id":"https:\/\/www.teatregoya.cat\/ca\/#website","url":"https:\/\/www.teatregoya.cat\/ca\/","name":"Teatre Goya","description":"","publisher":{"@id":"https:\/\/www.teatregoya.cat\/ca\/#organization"},"potentialAction":[{"@type":"SearchAction","target":{"@type":"EntryPoint","urlTemplate":"https:\/\/www.teatregoya.cat\/ca\/?s={search_term_string}"},"query-input":{"@type":"PropertyValueSpecification","valueRequired":true,"valueName":"search_term_string"}}],"inLanguage":"ca"},{"@type":"Organization","@id":"https:\/\/www.teatregoya.cat\/ca\/#organization","name":"Teatre Goya","url":"https:\/\/www.teatregoya.cat\/ca\/","logo":{"@type":"ImageObject","inLanguage":"ca","@id":"https:\/\/www.teatregoya.cat\/ca\/#\/schema\/logo\/image\/","url":"https:\/\/www.teatregoya.cat\/wp-content\/uploads\/sites\/4\/2017\/09\/teatre-goya-logo.svg","contentUrl":"https:\/\/www.teatregoya.cat\/wp-content\/uploads\/sites\/4\/2017\/09\/teatre-goya-logo.svg","width":1,"height":1,"caption":"Teatre Goya"},"image":{"@id":"https:\/\/www.teatregoya.cat\/ca\/#\/schema\/logo\/image\/"},"sameAs":["http:\/\/www.facebook.com\/TeatreGoya","https:\/\/x.com\/Teatre_Goya","http:\/\/instagram.com\/teatre_goya","http:\/\/www.youtube.com\/user\/TeatreGoya"]}]}},"translations":[{"id":4153,"locale":"ca"},{"id":4154,"locale":"es"}],"_links":{"self":[{"href":"https:\/\/www.teatregoya.cat\/ca\/wp-json\/wp\/v2\/ex\/4153","targetHints":{"allow":["GET"]}}],"collection":[{"href":"https:\/\/www.teatregoya.cat\/ca\/wp-json\/wp\/v2\/ex"}],"about":[{"href":"https:\/\/www.teatregoya.cat\/ca\/wp-json\/wp\/v2\/types\/ex"}],"author":[{"embeddable":true,"href":"https:\/\/www.teatregoya.cat\/ca\/wp-json\/wp\/v2\/users\/2"}],"replies":[{"embeddable":true,"href":"https:\/\/www.teatregoya.cat\/ca\/wp-json\/wp\/v2\/comments?post=4153"}],"acf:term":[{"embeddable":true,"taxonomy":"season","href":"https:\/\/www.teatregoya.cat\/ca\/wp-json\/wp\/v2\/season\/103"}],"wp:attachment":[{"href":"https:\/\/www.teatregoya.cat\/ca\/wp-json\/wp\/v2\/media?parent=4153"}],"curies":[{"name":"wp","href":"https:\/\/api.w.org\/{rel}","templated":true}]}}

<strong>Toni Servillo torna a recitar els clàssics universals de la literatura italiana<br /></strong><br /><em>Le voci di Dante</em> és una immersió escènica en el llegat viu de la <em>Comèdia</em> de Dante Alighieri, filtrada a través de la sensibilitat contemporània de Toni Servillo i la visió de Giuseppe Montesano. L’espectacle proposa un viatge interior que actualitza la veu del poeta florentí, deslliurant-la de la rigidesa del cànon per projectar-la sobre les inquietuds del present. En aquest gran mosaic d’ànimes —Francesca, Ugolino, Ulisses, el mateix Dante— es despleguen emocions atemporals: l’amor, la pèrdua, el desig, la por, l’ànsia de llum. Cada figura emergeix com un mirall que reflecteix la condició humana, ara i aquí. La <em>Comèdia</em> esdevé així una novel·la infinita, viva, un instrument per mirar-nos endins i comprendre el món. Més que una lectura, <em>Le voci di Dante</em> és una travessia vital: una trobada amb les paraules que, segles després, encara bateguen amb plenitud.<br />

Espectacle en italià

<ul>
<li>Recomanat a partir de 13 anys.</li></ul>*El Regala Teatre no és vàlid per a aquest espectacle 
<p>&nbsp;</p>

El Shakespeare més divertit en versió del millor clown argentí

<p>Autoria: <strong>Giuseppe Montesano</strong></p>
<p>Intèrpret:<strong> Toni Servillo</strong></p>
<p>Cap tècnic del teatre: <strong>Roger Muñoz</strong>&nbsp;&nbsp; <br />Màrqueting i comunicació: <strong>Focus</strong></p>
<p>Agraïments: <strong>Agenzia Teatri</strong><br />&nbsp; <br />És una producció de <strong>Piccolo Teatro di Milano – Teatro d’Europa</strong><br /></p>
