{"id":2878,"date":"2021-05-27T12:51:17","date_gmt":"2021-05-27T10:51:17","guid":{"rendered":"https:\/\/pre.teatregoya.cat\/ex\/\/aquest-pais-no-descobert-que-no-deixa-tornar-de-les-seves-fronteres-cap-dels-seus-viatgers-2\/"},"modified":"2021-05-27T12:51:17","modified_gmt":"2021-05-27T10:51:17","slug":"aquest-pais-no-descobert-que-no-deixa-tornar-de-les-seves-fronteres-cap-dels-seus-viatgers-2","status":"publish","type":"ex","link":"https:\/\/www.teatregoya.cat\/ca\/ex\/aquest-pais-no-descobert-que-no-deixa-tornar-de-les-seves-fronteres-cap-dels-seus-viatgers-2\/","title":{"rendered":"Aquest pa\u00eds no descobert que no deixa tornar de les seves fronteres cap dels seus viatgers"},"content":{"rendered":"","protected":false},"excerpt":{"rendered":"","protected":false},"author":2,"featured_media":0,"comment_status":"closed","ping_status":"open","template":"","class_list":["post-2878","ex","type-ex","status-publish","hentry","season-2020-21"],"acf":{"txt_synopsis":"<p>\u201cEm van proposar fer un espectacle sobre la mort i ens ha sortit un espectacle sobre l\u2019individualisme, el neoliberalisme, la fam\u00edlia, all\u00f2 immaterial, la humanitat, all\u00f2 grupal, l\u2019existencialisme, la superviv\u00e8ncia, l\u2019amistat, l\u2019amor\u2026 ens ha sortit un espectacle sobre la vida.<br \/>La dramaturga i actriu Alba Pujol conversa amb el seu pare, catedr\u00e0tic d\u2019hist\u00f2ria econ\u00f2mica, durant el seu \u00faltim cicle de quimioter\u00e0pia. La pulsi\u00f3 de la mort ens porta a la vida. <br \/>Una adaptaci\u00f3 de les transcripcions d\u2019aquestes converses en les que Cioran, Shakespeare, Lacan, Gil de Biedma, els germans Cohe, el Dr. Benito, Eugenio i Peter Handke ens acompanyen en el viatge.\u201d<\/p>\n<p>\u00c0lex Rigola<br \/><\/p>","main_buy_link":"https:\/\/grupfocus.4tickets.es\/TeatreGoya\/public\/janto\/?Nivel=Evento&idEvento=GOY94&Idioma=CA","main_buy_links":"","group_buy_link":"","show_language":"","show_duration":"70","show_start_date":"20210608000000","show_end_date":"20210608000000","show_sort_date":"20210608000000","txt_custom_show_dates":"el 8 de juny de 2021","show_disciplines":"","show_ultimes_funcions":false,"hide_tarifes_especials":false,"show_properament":false,"txt_additional_info":"","txt_present":"","show_season":[43],"txt_season":"[\"2020\/21\"]","txt_cycle":"","txt_claim":"","txt_cast_excerpt":"","txt_cast":"<p>INT\u00c8RPRETS:<br \/><strong>Alba Pujol<br \/>Pep Cruz<\/strong><\/p>\n<p>FITXA ART\u00cdSTICA:<br \/>Assessoria a la dramat\u00fargia:&nbsp; <strong>Dobrin Plamenov, Alba Pujol i Irene Vicente<br \/><\/strong>Espai esc\u00e8nic: <strong>Max Glaenzel<br \/><\/strong>Cap t\u00e8cnic: <strong>Igor Pinto<br \/><\/strong>Producci\u00f3 executiva:<strong> Irene Vicente<br \/><\/strong>Management: <strong>Art Republic Productions<br \/><\/strong>Agra\u00efments: <strong>Dr. Enric Benito, Josep Pujol, Laura Sister\u00f3, mobles114 i Mery Skeleta<br \/><\/strong>Coproducci\u00f3: <strong>Sala Beckett, Titus Andr\u00f2nic SL, Heartbreak Hotel i Temporada Alta 2019.<br \/><br \/><\/strong>Amb la col\u00b7laboraci\u00f3 de<strong> l\u2019Institut Catal\u00e0 de les Empreses Culturals i la Generalitat de Catalunya.<br \/><\/strong><\/p>","txt_reviews":"","hashtag":"","have_promo":"","slogan":"","id_exhibicio":1812,"id_versio":1463,"id_local":35,"txt_seo_desc":"Aquest pa\u00eds no descobert que no deixa tornar de les seves fronteres cap dels seus viatgers dirigit i creat per \u00c0lex Rigola i protagonitzat per Pep Cruz y Alba Pujol al Teatre Goya de Barcelona.","data_images":"[{\"localizer\":\"V3CARTELL\",\"url\":\"media\/ver\/cartell\/v3\/31579\/01_085_00051364\/cartellweb-biennal-teatre-goya-barcelona.jpg\",\"thumb_url\":\"media\/ver\/cartell\/v3\/31579\/01_085_00051364\/cartellweb-biennal-teatre-goya-barcelona_thumb.jpg\",\"title\":\"Aquest pa\u00eds no descobert que no deixa tornar de les seves fronteres cap dels seus viatgers - Teatre Goya\",\"description\":\"Aquest pa\u00eds no descobert que no deixa tornar de les seves fronteres cap dels seus viatgers al teatre goya de barcelona\",\"copyright\":\"\",\"order\":1},{\"localizer\":\"V3PORTADA\",\"url\":\"media\/ver\/port\/v3\/31579\/01_084_00051365\/1-biennal-teatre-goya-barcelona.jpg\",\"thumb_url\":\"media\/ver\/port\/v3\/31579\/01_084_00051365\/1-biennal-teatre-goya-barcelona_thumb.jpg\",\"title\":\"Aquest pa\u00eds no descobert que no deixa tornar de les seves fronteres cap dels seus viatgers - Teatre Goya\",\"description\":\"Aquest pa\u00eds no descobert que no deixa tornar de les seves fronteres cap dels seus viatgers al teatre goya de barcelona\",\"copyright\":\"\",\"order\":2},{\"localizer\":\"V3SLIDE\",\"url\":\"media\/ftgalslide\/v3\/31579\/01_086_00051366\/84-pais-no-descobert-biennal-ciutat-ciencia-gran.jpg\",\"thumb_url\":\"media\/ftgalslide\/v3\/31579\/01_086_00051366\/84-pais-no-descobert-biennal-ciutat-ciencia-gran_thumb.jpg\",\"title\":\"AQUEST PA\u00cdS NO DESCOBERT QUE NO DEIXA TORNAR DE LES SEVES FRONTERES CAP DELS SEUS VIATGERS - Teatre Goya\",\"description\":\"AQUEST PA\u00cdS NO DESCOBERT QUE NO DEIXA TORNAR DE LES SEVES FRONTERES CAP DELS SEUS VIATGERS al teatre goya de barcelona\",\"copyright\":\"\",\"order\":3}]","material__texto_intro":"","data_material":null,"data_gallery":"","data_discounts":"[]","contract_is_open":false,"in_tour":false},"yoast_head":"<!-- This site is optimized with the Yoast SEO plugin v27.5 - https:\/\/yoast.com\/product\/yoast-seo-wordpress\/ -->\n<title>Aquest pa\u00eds no descobert que no deixa tornar de les seves fronteres cap dels seus viatgers - Teatre Goya<\/title>\n<meta name=\"robots\" content=\"index, follow, max-snippet:-1, max-image-preview:large, max-video-preview:-1\" \/>\n<link rel=\"canonical\" href=\"https:\/\/www.teatregoya.cat\/ca\/ex\/aquest-pais-no-descobert-que-no-deixa-tornar-de-les-seves-fronteres-cap-dels-seus-viatgers-2\/\" \/>\n<script type=\"application\/ld+json\" class=\"yoast-schema-graph\">{\"@context\":\"https:\\\/\\\/schema.org\",\"@graph\":[{\"@type\":\"WebPage\",\"@id\":\"https:\\\/\\\/www.teatregoya.cat\\\/ca\\\/ex\\\/aquest-pais-no-descobert-que-no-deixa-tornar-de-les-seves-fronteres-cap-dels-seus-viatgers-2\\\/\",\"url\":\"https:\\\/\\\/www.teatregoya.cat\\\/ca\\\/ex\\\/aquest-pais-no-descobert-que-no-deixa-tornar-de-les-seves-fronteres-cap-dels-seus-viatgers-2\\\/\",\"name\":\"Aquest pa\u00eds no descobert que no deixa tornar de les seves fronteres cap dels seus viatgers - Teatre Goya\",\"isPartOf\":{\"@id\":\"https:\\\/\\\/www.teatregoya.cat\\\/ca\\\/#website\"},\"datePublished\":\"2021-05-27T10:51:17+00:00\",\"breadcrumb\":{\"@id\":\"https:\\\/\\\/www.teatregoya.cat\\\/ca\\\/ex\\\/aquest-pais-no-descobert-que-no-deixa-tornar-de-les-seves-fronteres-cap-dels-seus-viatgers-2\\\/#breadcrumb\"},\"inLanguage\":\"ca\",\"potentialAction\":[{\"@type\":\"ReadAction\",\"target\":[\"https:\\\/\\\/www.teatregoya.cat\\\/ca\\\/ex\\\/aquest-pais-no-descobert-que-no-deixa-tornar-de-les-seves-fronteres-cap-dels-seus-viatgers-2\\\/\"]}]},{\"@type\":\"BreadcrumbList\",\"@id\":\"https:\\\/\\\/www.teatregoya.cat\\\/ca\\\/ex\\\/aquest-pais-no-descobert-que-no-deixa-tornar-de-les-seves-fronteres-cap-dels-seus-viatgers-2\\\/#breadcrumb\",\"itemListElement\":[{\"@type\":\"ListItem\",\"position\":1,\"name\":\"Home\",\"item\":\"https:\\\/\\\/www.teatregoya.cat\\\/ca\\\/\"},{\"@type\":\"ListItem\",\"position\":2,\"name\":\"Espectacles\",\"item\":\"https:\\\/\\\/www.teatregoya.cat\\\/ca\\\/ex\\\/\"},{\"@type\":\"ListItem\",\"position\":3,\"name\":\"Aquest pa\u00eds no descobert que no deixa tornar de les seves fronteres cap dels seus viatgers\"}]},{\"@type\":\"WebSite\",\"@id\":\"https:\\\/\\\/www.teatregoya.cat\\\/ca\\\/#website\",\"url\":\"https:\\\/\\\/www.teatregoya.cat\\\/ca\\\/\",\"name\":\"Teatre Goya\",\"description\":\"\",\"publisher\":{\"@id\":\"https:\\\/\\\/www.teatregoya.cat\\\/ca\\\/#organization\"},\"potentialAction\":[{\"@type\":\"SearchAction\",\"target\":{\"@type\":\"EntryPoint\",\"urlTemplate\":\"https:\\\/\\\/www.teatregoya.cat\\\/ca\\\/?s={search_term_string}\"},\"query-input\":{\"@type\":\"PropertyValueSpecification\",\"valueRequired\":true,\"valueName\":\"search_term_string\"}}],\"inLanguage\":\"ca\"},{\"@type\":\"Organization\",\"@id\":\"https:\\\/\\\/www.teatregoya.cat\\\/ca\\\/#organization\",\"name\":\"Teatre Goya\",\"url\":\"https:\\\/\\\/www.teatregoya.cat\\\/ca\\\/\",\"logo\":{\"@type\":\"ImageObject\",\"inLanguage\":\"ca\",\"@id\":\"https:\\\/\\\/www.teatregoya.cat\\\/ca\\\/#\\\/schema\\\/logo\\\/image\\\/\",\"url\":\"https:\\\/\\\/www.teatregoya.cat\\\/wp-content\\\/uploads\\\/sites\\\/4\\\/2017\\\/09\\\/teatre-goya-logo.svg\",\"contentUrl\":\"https:\\\/\\\/www.teatregoya.cat\\\/wp-content\\\/uploads\\\/sites\\\/4\\\/2017\\\/09\\\/teatre-goya-logo.svg\",\"width\":1,\"height\":1,\"caption\":\"Teatre Goya\"},\"image\":{\"@id\":\"https:\\\/\\\/www.teatregoya.cat\\\/ca\\\/#\\\/schema\\\/logo\\\/image\\\/\"},\"sameAs\":[\"http:\\\/\\\/www.facebook.com\\\/TeatreGoya\",\"https:\\\/\\\/x.com\\\/Teatre_Goya\",\"http:\\\/\\\/instagram.com\\\/teatre_goya\",\"http:\\\/\\\/www.youtube.com\\\/user\\\/TeatreGoya\"]}]}<\/script>\n<!-- \/ Yoast SEO plugin. -->","yoast_head_json":{"title":"Aquest pa\u00eds no descobert que no deixa tornar de les seves fronteres cap dels seus viatgers - Teatre Goya","robots":{"index":"index","follow":"follow","max-snippet":"max-snippet:-1","max-image-preview":"max-image-preview:large","max-video-preview":"max-video-preview:-1"},"canonical":"https:\/\/www.teatregoya.cat\/ca\/ex\/aquest-pais-no-descobert-que-no-deixa-tornar-de-les-seves-fronteres-cap-dels-seus-viatgers-2\/","schema":{"@context":"https:\/\/schema.org","@graph":[{"@type":"WebPage","@id":"https:\/\/www.teatregoya.cat\/ca\/ex\/aquest-pais-no-descobert-que-no-deixa-tornar-de-les-seves-fronteres-cap-dels-seus-viatgers-2\/","url":"https:\/\/www.teatregoya.cat\/ca\/ex\/aquest-pais-no-descobert-que-no-deixa-tornar-de-les-seves-fronteres-cap-dels-seus-viatgers-2\/","name":"Aquest pa\u00eds no descobert que no deixa tornar de les seves fronteres cap dels seus viatgers - Teatre Goya","isPartOf":{"@id":"https:\/\/www.teatregoya.cat\/ca\/#website"},"datePublished":"2021-05-27T10:51:17+00:00","breadcrumb":{"@id":"https:\/\/www.teatregoya.cat\/ca\/ex\/aquest-pais-no-descobert-que-no-deixa-tornar-de-les-seves-fronteres-cap-dels-seus-viatgers-2\/#breadcrumb"},"inLanguage":"ca","potentialAction":[{"@type":"ReadAction","target":["https:\/\/www.teatregoya.cat\/ca\/ex\/aquest-pais-no-descobert-que-no-deixa-tornar-de-les-seves-fronteres-cap-dels-seus-viatgers-2\/"]}]},{"@type":"BreadcrumbList","@id":"https:\/\/www.teatregoya.cat\/ca\/ex\/aquest-pais-no-descobert-que-no-deixa-tornar-de-les-seves-fronteres-cap-dels-seus-viatgers-2\/#breadcrumb","itemListElement":[{"@type":"ListItem","position":1,"name":"Home","item":"https:\/\/www.teatregoya.cat\/ca\/"},{"@type":"ListItem","position":2,"name":"Espectacles","item":"https:\/\/www.teatregoya.cat\/ca\/ex\/"},{"@type":"ListItem","position":3,"name":"Aquest pa\u00eds no descobert que no deixa tornar de les seves fronteres cap dels seus viatgers"}]},{"@type":"WebSite","@id":"https:\/\/www.teatregoya.cat\/ca\/#website","url":"https:\/\/www.teatregoya.cat\/ca\/","name":"Teatre Goya","description":"","publisher":{"@id":"https:\/\/www.teatregoya.cat\/ca\/#organization"},"potentialAction":[{"@type":"SearchAction","target":{"@type":"EntryPoint","urlTemplate":"https:\/\/www.teatregoya.cat\/ca\/?s={search_term_string}"},"query-input":{"@type":"PropertyValueSpecification","valueRequired":true,"valueName":"search_term_string"}}],"inLanguage":"ca"},{"@type":"Organization","@id":"https:\/\/www.teatregoya.cat\/ca\/#organization","name":"Teatre Goya","url":"https:\/\/www.teatregoya.cat\/ca\/","logo":{"@type":"ImageObject","inLanguage":"ca","@id":"https:\/\/www.teatregoya.cat\/ca\/#\/schema\/logo\/image\/","url":"https:\/\/www.teatregoya.cat\/wp-content\/uploads\/sites\/4\/2017\/09\/teatre-goya-logo.svg","contentUrl":"https:\/\/www.teatregoya.cat\/wp-content\/uploads\/sites\/4\/2017\/09\/teatre-goya-logo.svg","width":1,"height":1,"caption":"Teatre Goya"},"image":{"@id":"https:\/\/www.teatregoya.cat\/ca\/#\/schema\/logo\/image\/"},"sameAs":["http:\/\/www.facebook.com\/TeatreGoya","https:\/\/x.com\/Teatre_Goya","http:\/\/instagram.com\/teatre_goya","http:\/\/www.youtube.com\/user\/TeatreGoya"]}]}},"translations":[{"id":2878,"locale":"ca"},{"id":3020,"locale":"es"}],"_links":{"self":[{"href":"https:\/\/www.teatregoya.cat\/ca\/wp-json\/wp\/v2\/ex\/2878","targetHints":{"allow":["GET"]}}],"collection":[{"href":"https:\/\/www.teatregoya.cat\/ca\/wp-json\/wp\/v2\/ex"}],"about":[{"href":"https:\/\/www.teatregoya.cat\/ca\/wp-json\/wp\/v2\/types\/ex"}],"author":[{"embeddable":true,"href":"https:\/\/www.teatregoya.cat\/ca\/wp-json\/wp\/v2\/users\/2"}],"replies":[{"embeddable":true,"href":"https:\/\/www.teatregoya.cat\/ca\/wp-json\/wp\/v2\/comments?post=2878"}],"acf:term":[{"embeddable":true,"taxonomy":"season","href":"https:\/\/www.teatregoya.cat\/ca\/wp-json\/wp\/v2\/season\/43"}],"wp:attachment":[{"href":"https:\/\/www.teatregoya.cat\/ca\/wp-json\/wp\/v2\/media?parent=2878"}],"curies":[{"name":"wp","href":"https:\/\/api.w.org\/{rel}","templated":true}]}}

Aquest país no descobert que no deixa tornar de les seves fronteres cap dels seus viatgers

<p>“Em van proposar fer un espectacle sobre la mort i ens ha sortit un espectacle sobre l’individualisme, el neoliberalisme, la família, allò immaterial, la humanitat, allò grupal, l’existencialisme, la supervivència, l’amistat, l’amor… ens ha sortit un espectacle sobre la vida.<br />La dramaturga i actriu Alba Pujol conversa amb el seu pare, catedràtic d’història econòmica, durant el seu últim cicle de quimioteràpia. La pulsió de la mort ens porta a la vida. <br />Una adaptació de les transcripcions d’aquestes converses en les que Cioran, Shakespeare, Lacan, Gil de Biedma, els germans Cohe, el Dr. Benito, Eugenio i Peter Handke ens acompanyen en el viatge.”</p>
<p>Àlex Rigola<br /></p>

<p>INTÈRPRETS:<br /><strong>Alba Pujol<br />Pep Cruz</strong></p>
<p>FITXA ARTÍSTICA:<br />Assessoria a la dramatúrgia:&nbsp; <strong>Dobrin Plamenov, Alba Pujol i Irene Vicente<br /></strong>Espai escènic: <strong>Max Glaenzel<br /></strong>Cap tècnic: <strong>Igor Pinto<br /></strong>Producció executiva:<strong> Irene Vicente<br /></strong>Management: <strong>Art Republic Productions<br /></strong>Agraïments: <strong>Dr. Enric Benito, Josep Pujol, Laura Sisteró, mobles114 i Mery Skeleta<br /></strong>Coproducció: <strong>Sala Beckett, Titus Andrònic SL, Heartbreak Hotel i Temporada Alta 2019.<br /><br /></strong>Amb la col·laboració de<strong> l’Institut Català de les Empreses Culturals i la Generalitat de Catalunya.<br /></strong></p>

Aquest país no descobert que no deixa tornar de les seves fronteres cap dels seus viatgers dirigit i creat per Àlex Rigola i protagonitzat per Pep Cruz y Alba Pujol al Teatre Goya de Barcelona.

[{"localizer":"V3CARTELL","url":"media/ver/cartell/v3/31579/01_085_00051364/cartellweb-biennal-teatre-goya-barcelona.jpg","thumb_url":"media/ver/cartell/v3/31579/01_085_00051364/cartellweb-biennal-teatre-goya-barcelona_thumb.jpg","title":"Aquest país no descobert que no deixa tornar de les seves fronteres cap dels seus viatgers - Teatre Goya","description":"Aquest país no descobert que no deixa tornar de les seves fronteres cap dels seus viatgers al teatre goya de barcelona","copyright":"","order":1},{"localizer":"V3PORTADA","url":"media/ver/port/v3/31579/01_084_00051365/1-biennal-teatre-goya-barcelona.jpg","thumb_url":"media/ver/port/v3/31579/01_084_00051365/1-biennal-teatre-goya-barcelona_thumb.jpg","title":"Aquest país no descobert que no deixa tornar de les seves fronteres cap dels seus viatgers - Teatre Goya","description":"Aquest país no descobert que no deixa tornar de les seves fronteres cap dels seus viatgers al teatre goya de barcelona","copyright":"","order":2},{"localizer":"V3SLIDE","url":"media/ftgalslide/v3/31579/01_086_00051366/84-pais-no-descobert-biennal-ciutat-ciencia-gran.jpg","thumb_url":"media/ftgalslide/v3/31579/01_086_00051366/84-pais-no-descobert-biennal-ciutat-ciencia-gran_thumb.jpg","title":"AQUEST PAÍS NO DESCOBERT QUE NO DEIXA TORNAR DE LES SEVES FRONTERES CAP DELS SEUS VIATGERS - Teatre Goya","description":"AQUEST PAÍS NO DESCOBERT QUE NO DEIXA TORNAR DE LES SEVES FRONTERES CAP DELS SEUS VIATGERS al teatre goya de barcelona","copyright":"","order":3}]

<!-- This site is optimized with the Yoast SEO plugin v27.5 - https://yoast.com/product/yoast-seo-wordpress/ -->
<title>Aquest país no descobert que no deixa tornar de les seves fronteres cap dels seus viatgers - Teatre Goya</title>
<meta name="robots" content="index, follow, max-snippet:-1, max-image-preview:large, max-video-preview:-1" />
<link rel="canonical" href="https://www.teatregoya.cat/ca/ex/aquest-pais-no-descobert-que-no-deixa-tornar-de-les-seves-fronteres-cap-dels-seus-viatgers-2/" />
<script type="application/ld+json" class="yoast-schema-graph">{"@context":"https:\/\/schema.org","@graph":[{"@type":"WebPage","@id":"https:\/\/www.teatregoya.cat\/ca\/ex\/aquest-pais-no-descobert-que-no-deixa-tornar-de-les-seves-fronteres-cap-dels-seus-viatgers-2\/","url":"https:\/\/www.teatregoya.cat\/ca\/ex\/aquest-pais-no-descobert-que-no-deixa-tornar-de-les-seves-fronteres-cap-dels-seus-viatgers-2\/","name":"Aquest país no descobert que no deixa tornar de les seves fronteres cap dels seus viatgers - Teatre Goya","isPartOf":{"@id":"https:\/\/www.teatregoya.cat\/ca\/#website"},"datePublished":"2021-05-27T10:51:17+00:00","breadcrumb":{"@id":"https:\/\/www.teatregoya.cat\/ca\/ex\/aquest-pais-no-descobert-que-no-deixa-tornar-de-les-seves-fronteres-cap-dels-seus-viatgers-2\/#breadcrumb"},"inLanguage":"ca","potentialAction":[{"@type":"ReadAction","target":["https:\/\/www.teatregoya.cat\/ca\/ex\/aquest-pais-no-descobert-que-no-deixa-tornar-de-les-seves-fronteres-cap-dels-seus-viatgers-2\/"]}]},{"@type":"BreadcrumbList","@id":"https:\/\/www.teatregoya.cat\/ca\/ex\/aquest-pais-no-descobert-que-no-deixa-tornar-de-les-seves-fronteres-cap-dels-seus-viatgers-2\/#breadcrumb","itemListElement":[{"@type":"ListItem","position":1,"name":"Home","item":"https:\/\/www.teatregoya.cat\/ca\/"},{"@type":"ListItem","position":2,"name":"Espectacles","item":"https:\/\/www.teatregoya.cat\/ca\/ex\/"},{"@type":"ListItem","position":3,"name":"Aquest país no descobert que no deixa tornar de les seves fronteres cap dels seus viatgers"}]},{"@type":"WebSite","@id":"https:\/\/www.teatregoya.cat\/ca\/#website","url":"https:\/\/www.teatregoya.cat\/ca\/","name":"Teatre Goya","description":"","publisher":{"@id":"https:\/\/www.teatregoya.cat\/ca\/#organization"},"potentialAction":[{"@type":"SearchAction","target":{"@type":"EntryPoint","urlTemplate":"https:\/\/www.teatregoya.cat\/ca\/?s={search_term_string}"},"query-input":{"@type":"PropertyValueSpecification","valueRequired":true,"valueName":"search_term_string"}}],"inLanguage":"ca"},{"@type":"Organization","@id":"https:\/\/www.teatregoya.cat\/ca\/#organization","name":"Teatre Goya","url":"https:\/\/www.teatregoya.cat\/ca\/","logo":{"@type":"ImageObject","inLanguage":"ca","@id":"https:\/\/www.teatregoya.cat\/ca\/#\/schema\/logo\/image\/","url":"https:\/\/www.teatregoya.cat\/wp-content\/uploads\/sites\/4\/2017\/09\/teatre-goya-logo.svg","contentUrl":"https:\/\/www.teatregoya.cat\/wp-content\/uploads\/sites\/4\/2017\/09\/teatre-goya-logo.svg","width":1,"height":1,"caption":"Teatre Goya"},"image":{"@id":"https:\/\/www.teatregoya.cat\/ca\/#\/schema\/logo\/image\/"},"sameAs":["http:\/\/www.facebook.com\/TeatreGoya","https:\/\/x.com\/Teatre_Goya","http:\/\/instagram.com\/teatre_goya","http:\/\/www.youtube.com\/user\/TeatreGoya"]}]}</script>
<!-- / Yoast SEO plugin. -->

Aquest país no descobert que no deixa tornar de les seves fronteres cap dels seus viatgers - Teatre Goya
